{"id":248856,"date":"2022-07-07T10:43:35","date_gmt":"2022-07-07T09:43:35","guid":{"rendered":"https:\/\/www.aforafocus.cat\/acte\/bat-alan-biografia-de-un-asesinato-social\/"},"modified":"2022-07-07T10:50:38","modified_gmt":"2022-07-07T09:50:38","slug":"bat-alan-biografia-de-un-asesinato-social","status":"publish","type":"acte","link":"https:\/\/www.aforafocus.cat\/es\/acto\/bat-alan-biografia-de-un-asesinato-social\/","title":{"rendered":"BAT-ALAN BIOGRAFIA DE UN ASESINATO SOCIAL"},"content":{"rendered":"\n<p>Ram\u00f3n Bold\u00fa cambia el foco, y de su habitual mirada autobiogr\u00e1fica pasa a centrarse en la historia de Alan, un chico transg\u00e9nero fan de Batman \u2013era conocido como Bat Alan\u2013 que, con 17 a\u00f1os de edad y despu\u00e9s de sufrir serios problemas de bullying en la escuela, acab\u00f3 suicid\u00e1ndose. El autor pone luz sobre una tragedia con una nada disimulada vocaci\u00f3n de concienciaci\u00f3n: servir de ayuda para evitar que se le haga la vida imposible a las personas diferentes hasta tal punto que los agredidos tomen el desesperado camino de quitarse la vida.<\/p>\n\n<p>La escritora, periodista y activista Lolita Bosch, en un texto muy revelador realizado expresamente para Bat Alan. Biograf\u00eda de un asesinato social, incide en que, a la hora de dar una explicaci\u00f3n a la tragedia, la respuesta mayoritaria de la prensa fue la de mantener que \u201cAlan muri\u00f3 porque era transexual. Nada m\u00e1s alejado y mezquino. Alan muri\u00f3 por ser quien era y su intimidad no era asunto nuestro. De otro modo, si seguimos buscando explicaciones a la violencia, acabar\u00e1 pareciendo que sea la violencia quien otorga la raz\u00f3n. Y que si conseguimos explicar por qu\u00e9 sucede, es comprensible. Es decir, que siempre tiene raz\u00f3n quien ejerce la violencia. Y esto nunca es as\u00ed\u201d. Se trata de \u201cdejar de preguntarles a las v\u00edctimas \u2013a\u00f1ade Bosch\u2013 por qu\u00e9 sufr\u00edan acoso (que es una pregunta repugnante e impune) y empezar a preguntar a los acosadores qu\u00e9 les ocurr\u00eda, a las autoridades por las que no actuaban, a las familias de las v\u00edctimas c\u00f3mo se proteg\u00edan\u201d.<\/p>\n","protected":false},"featured_media":249242,"template":"","branca":[80],"idioma":[41],"class_list":["post-248856","acte","type-acte","status-publish","has-post-thumbnail","hentry","branca-fundacio-romea-es","idioma-catalan"],"yoast_head":"<!-- This site is optimized with the Yoast SEO plugin v27.5 - https:\/\/yoast.com\/product\/yoast-seo-wordpress\/ -->\n<title>BAT-ALAN BIOGRAFIA DE UN ASESINATO SOCIAL - \u00c0fora Focus<\/title>\n<meta name=\"robots\" content=\"noindex, follow\" \/>\n<meta property=\"og:locale\" content=\"es_ES\" \/>\n<meta property=\"og:type\" content=\"article\" \/>\n<meta property=\"og:title\" content=\"BAT-ALAN BIOGRAFIA DE UN ASESINATO SOCIAL - \u00c0fora Focus\" \/>\n<meta property=\"og:description\" content=\"Ram\u00f3n Bold\u00fa cambia el foco, y de su habitual mirada autobiogr\u00e1fica pasa a centrarse en la historia de Alan, un chico transg\u00e9nero fan de Batman \u2013era conocido como Bat Alan\u2013 que, con 17 a\u00f1os de edad y despu\u00e9s de sufrir serios problemas de bullying en la escuela, acab\u00f3 suicid\u00e1ndose. El autor pone luz sobre una [&hellip;]\" \/>\n<meta property=\"og:url\" content=\"https:\/\/www.aforafocus.cat\/es\/acto\/bat-alan-biografia-de-un-asesinato-social\/\" \/>\n<meta property=\"og:site_name\" content=\"\u00c0fora Focus\" \/>\n<meta property=\"article:modified_time\" content=\"2022-07-07T09:50:38+00:00\" \/>\n<meta property=\"og:image\" content=\"https:\/\/www.aforafocus.cat\/wp-content\/uploads\/2022\/07\/Captura-de-pantalla-2022-07-30-a-les-17.16.54.png\" \/>\n\t<meta property=\"og:image:width\" content=\"984\" \/>\n\t<meta property=\"og:image:height\" content=\"770\" \/>\n\t<meta property=\"og:image:type\" content=\"image\/png\" \/>\n<meta name=\"twitter:card\" content=\"summary_large_image\" \/>\n<meta name=\"twitter:site\" content=\"@aforafocus\" \/>\n<script type=\"application\/ld+json\" class=\"yoast-schema-graph\">{\"@context\":\"https:\\\/\\\/schema.org\",\"@graph\":[{\"@type\":\"WebPage\",\"@id\":\"https:\\\/\\\/www.aforafocus.cat\\\/es\\\/acto\\\/bat-alan-biografia-de-un-asesinato-social\\\/\",\"url\":\"https:\\\/\\\/www.aforafocus.cat\\\/es\\\/acto\\\/bat-alan-biografia-de-un-asesinato-social\\\/\",\"name\":\"BAT-ALAN BIOGRAFIA DE UN ASESINATO SOCIAL - \u00c0fora Focus\",\"isPartOf\":{\"@id\":\"https:\\\/\\\/www.aforafocus.cat\\\/es\\\/#website\"},\"primaryImageOfPage\":{\"@id\":\"https:\\\/\\\/www.aforafocus.cat\\\/es\\\/acto\\\/bat-alan-biografia-de-un-asesinato-social\\\/#primaryimage\"},\"image\":{\"@id\":\"https:\\\/\\\/www.aforafocus.cat\\\/es\\\/acto\\\/bat-alan-biografia-de-un-asesinato-social\\\/#primaryimage\"},\"thumbnailUrl\":\"https:\\\/\\\/www.aforafocus.cat\\\/wp-content\\\/uploads\\\/2022\\\/07\\\/Captura-de-pantalla-2022-07-30-a-les-17.16.54.png\",\"datePublished\":\"2022-07-07T09:43:35+00:00\",\"dateModified\":\"2022-07-07T09:50:38+00:00\",\"breadcrumb\":{\"@id\":\"https:\\\/\\\/www.aforafocus.cat\\\/es\\\/acto\\\/bat-alan-biografia-de-un-asesinato-social\\\/#breadcrumb\"},\"inLanguage\":\"es\",\"potentialAction\":[{\"@type\":\"ReadAction\",\"target\":[\"https:\\\/\\\/www.aforafocus.cat\\\/es\\\/acto\\\/bat-alan-biografia-de-un-asesinato-social\\\/\"]}]},{\"@type\":\"ImageObject\",\"inLanguage\":\"es\",\"@id\":\"https:\\\/\\\/www.aforafocus.cat\\\/es\\\/acto\\\/bat-alan-biografia-de-un-asesinato-social\\\/#primaryimage\",\"url\":\"https:\\\/\\\/www.aforafocus.cat\\\/wp-content\\\/uploads\\\/2022\\\/07\\\/Captura-de-pantalla-2022-07-30-a-les-17.16.54.png\",\"contentUrl\":\"https:\\\/\\\/www.aforafocus.cat\\\/wp-content\\\/uploads\\\/2022\\\/07\\\/Captura-de-pantalla-2022-07-30-a-les-17.16.54.png\",\"width\":984,\"height\":770},{\"@type\":\"BreadcrumbList\",\"@id\":\"https:\\\/\\\/www.aforafocus.cat\\\/es\\\/acto\\\/bat-alan-biografia-de-un-asesinato-social\\\/#breadcrumb\",\"itemListElement\":[{\"@type\":\"ListItem\",\"position\":1,\"name\":\"Inici\",\"item\":\"https:\\\/\\\/www.aforafocus.cat\\\/es\\\/\"},{\"@type\":\"ListItem\",\"position\":2,\"name\":\"Actos\",\"item\":\"https:\\\/\\\/www.aforafocus.cat\\\/es\\\/acto\\\/\"},{\"@type\":\"ListItem\",\"position\":3,\"name\":\"BAT-ALAN BIOGRAFIA DE UN ASESINATO SOCIAL\"}]},{\"@type\":\"WebSite\",\"@id\":\"https:\\\/\\\/www.aforafocus.cat\\\/es\\\/#website\",\"url\":\"https:\\\/\\\/www.aforafocus.cat\\\/es\\\/\",\"name\":\"\u00c0fora Focus\",\"description\":\"\u00c0fora \u00e9s l\u2019\u00e0gora del Grup Focus, un \u00e0mbit de reflexi\u00f3 i d\u2019activitats que t\u00e9 l\u2019\u00e0nim d\u2019incidir en la vida art\u00edstica, cultural i social.\",\"publisher\":{\"@id\":\"https:\\\/\\\/www.aforafocus.cat\\\/es\\\/#organization\"},\"potentialAction\":[{\"@type\":\"SearchAction\",\"target\":{\"@type\":\"EntryPoint\",\"urlTemplate\":\"https:\\\/\\\/www.aforafocus.cat\\\/es\\\/?s={search_term_string}\"},\"query-input\":{\"@type\":\"PropertyValueSpecification\",\"valueRequired\":true,\"valueName\":\"search_term_string\"}}],\"inLanguage\":\"es\"},{\"@type\":\"Organization\",\"@id\":\"https:\\\/\\\/www.aforafocus.cat\\\/es\\\/#organization\",\"name\":\"\u00c0fora Focus\",\"url\":\"https:\\\/\\\/www.aforafocus.cat\\\/es\\\/\",\"logo\":{\"@type\":\"ImageObject\",\"inLanguage\":\"es\",\"@id\":\"https:\\\/\\\/www.aforafocus.cat\\\/es\\\/#\\\/schema\\\/logo\\\/image\\\/\",\"url\":\"https:\\\/\\\/www.aforafocus.cat\\\/wp-content\\\/uploads\\\/2021\\\/12\\\/logo-afora-focus.png\",\"contentUrl\":\"https:\\\/\\\/www.aforafocus.cat\\\/wp-content\\\/uploads\\\/2021\\\/12\\\/logo-afora-focus.png\",\"width\":662,\"height\":662,\"caption\":\"\u00c0fora Focus\"},\"image\":{\"@id\":\"https:\\\/\\\/www.aforafocus.cat\\\/es\\\/#\\\/schema\\\/logo\\\/image\\\/\"},\"sameAs\":[\"https:\\\/\\\/x.com\\\/aforafocus\",\"https:\\\/\\\/www.instagram.com\\\/aforafocus\\\/\"]}]}<\/script>\n<!-- \/ Yoast SEO plugin. -->","yoast_head_json":{"title":"BAT-ALAN BIOGRAFIA DE UN ASESINATO SOCIAL - \u00c0fora Focus","robots":{"index":"noindex","follow":"follow"},"og_locale":"es_ES","og_type":"article","og_title":"BAT-ALAN BIOGRAFIA DE UN ASESINATO SOCIAL - \u00c0fora Focus","og_description":"Ram\u00f3n Bold\u00fa cambia el foco, y de su habitual mirada autobiogr\u00e1fica pasa a centrarse en la historia de Alan, un chico transg\u00e9nero fan de Batman \u2013era conocido como Bat Alan\u2013 que, con 17 a\u00f1os de edad y despu\u00e9s de sufrir serios problemas de bullying en la escuela, acab\u00f3 suicid\u00e1ndose. El autor pone luz sobre una [&hellip;]","og_url":"https:\/\/www.aforafocus.cat\/es\/acto\/bat-alan-biografia-de-un-asesinato-social\/","og_site_name":"\u00c0fora Focus","article_modified_time":"2022-07-07T09:50:38+00:00","og_image":[{"width":984,"height":770,"url":"https:\/\/www.aforafocus.cat\/wp-content\/uploads\/2022\/07\/Captura-de-pantalla-2022-07-30-a-les-17.16.54.png","type":"image\/png"}],"twitter_card":"summary_large_image","twitter_site":"@aforafocus","schema":{"@context":"https:\/\/schema.org","@graph":[{"@type":"WebPage","@id":"https:\/\/www.aforafocus.cat\/es\/acto\/bat-alan-biografia-de-un-asesinato-social\/","url":"https:\/\/www.aforafocus.cat\/es\/acto\/bat-alan-biografia-de-un-asesinato-social\/","name":"BAT-ALAN BIOGRAFIA DE UN ASESINATO SOCIAL - \u00c0fora Focus","isPartOf":{"@id":"https:\/\/www.aforafocus.cat\/es\/#website"},"primaryImageOfPage":{"@id":"https:\/\/www.aforafocus.cat\/es\/acto\/bat-alan-biografia-de-un-asesinato-social\/#primaryimage"},"image":{"@id":"https:\/\/www.aforafocus.cat\/es\/acto\/bat-alan-biografia-de-un-asesinato-social\/#primaryimage"},"thumbnailUrl":"https:\/\/www.aforafocus.cat\/wp-content\/uploads\/2022\/07\/Captura-de-pantalla-2022-07-30-a-les-17.16.54.png","datePublished":"2022-07-07T09:43:35+00:00","dateModified":"2022-07-07T09:50:38+00:00","breadcrumb":{"@id":"https:\/\/www.aforafocus.cat\/es\/acto\/bat-alan-biografia-de-un-asesinato-social\/#breadcrumb"},"inLanguage":"es","potentialAction":[{"@type":"ReadAction","target":["https:\/\/www.aforafocus.cat\/es\/acto\/bat-alan-biografia-de-un-asesinato-social\/"]}]},{"@type":"ImageObject","inLanguage":"es","@id":"https:\/\/www.aforafocus.cat\/es\/acto\/bat-alan-biografia-de-un-asesinato-social\/#primaryimage","url":"https:\/\/www.aforafocus.cat\/wp-content\/uploads\/2022\/07\/Captura-de-pantalla-2022-07-30-a-les-17.16.54.png","contentUrl":"https:\/\/www.aforafocus.cat\/wp-content\/uploads\/2022\/07\/Captura-de-pantalla-2022-07-30-a-les-17.16.54.png","width":984,"height":770},{"@type":"BreadcrumbList","@id":"https:\/\/www.aforafocus.cat\/es\/acto\/bat-alan-biografia-de-un-asesinato-social\/#breadcrumb","itemListElement":[{"@type":"ListItem","position":1,"name":"Inici","item":"https:\/\/www.aforafocus.cat\/es\/"},{"@type":"ListItem","position":2,"name":"Actos","item":"https:\/\/www.aforafocus.cat\/es\/acto\/"},{"@type":"ListItem","position":3,"name":"BAT-ALAN BIOGRAFIA DE UN ASESINATO SOCIAL"}]},{"@type":"WebSite","@id":"https:\/\/www.aforafocus.cat\/es\/#website","url":"https:\/\/www.aforafocus.cat\/es\/","name":"\u00c0fora Focus","description":"\u00c0fora \u00e9s l\u2019\u00e0gora del Grup Focus, un \u00e0mbit de reflexi\u00f3 i d\u2019activitats que t\u00e9 l\u2019\u00e0nim d\u2019incidir en la vida art\u00edstica, cultural i social.","publisher":{"@id":"https:\/\/www.aforafocus.cat\/es\/#organization"},"potentialAction":[{"@type":"SearchAction","target":{"@type":"EntryPoint","urlTemplate":"https:\/\/www.aforafocus.cat\/es\/?s={search_term_string}"},"query-input":{"@type":"PropertyValueSpecification","valueRequired":true,"valueName":"search_term_string"}}],"inLanguage":"es"},{"@type":"Organization","@id":"https:\/\/www.aforafocus.cat\/es\/#organization","name":"\u00c0fora Focus","url":"https:\/\/www.aforafocus.cat\/es\/","logo":{"@type":"ImageObject","inLanguage":"es","@id":"https:\/\/www.aforafocus.cat\/es\/#\/schema\/logo\/image\/","url":"https:\/\/www.aforafocus.cat\/wp-content\/uploads\/2021\/12\/logo-afora-focus.png","contentUrl":"https:\/\/www.aforafocus.cat\/wp-content\/uploads\/2021\/12\/logo-afora-focus.png","width":662,"height":662,"caption":"\u00c0fora Focus"},"image":{"@id":"https:\/\/www.aforafocus.cat\/es\/#\/schema\/logo\/image\/"},"sameAs":["https:\/\/x.com\/aforafocus","https:\/\/www.instagram.com\/aforafocus\/"]}]}},"_links":{"self":[{"href":"https:\/\/www.aforafocus.cat\/es\/wp-json\/wp\/v2\/acte\/248856","targetHints":{"allow":["GET"]}}],"collection":[{"href":"https:\/\/www.aforafocus.cat\/es\/wp-json\/wp\/v2\/acte"}],"about":[{"href":"https:\/\/www.aforafocus.cat\/es\/wp-json\/wp\/v2\/types\/acte"}],"wp:featuredmedia":[{"embeddable":true,"href":"https:\/\/www.aforafocus.cat\/es\/wp-json\/wp\/v2\/media\/249242"}],"wp:attachment":[{"href":"https:\/\/www.aforafocus.cat\/es\/wp-json\/wp\/v2\/media?parent=248856"}],"wp:term":[{"taxonomy":"branca","embeddable":true,"href":"https:\/\/www.aforafocus.cat\/es\/wp-json\/wp\/v2\/branca?post=248856"},{"taxonomy":"idioma","embeddable":true,"href":"https:\/\/www.aforafocus.cat\/es\/wp-json\/wp\/v2\/idioma?post=248856"}],"curies":[{"name":"wp","href":"https:\/\/api.w.org\/{rel}","templated":true}]}}

<p>Ramón Boldú cambia el foco, y de su habitual mirada autobiográfica pasa a centrarse en la historia de Alan, un chico transgénero fan de Batman –era conocido como Bat Alan– que, con 17 años de edad y después de sufrir serios problemas de bullying en la escuela, acabó suicidándose. El autor pone luz sobre una tragedia con una nada disimulada vocación de concienciación: servir de ayuda para evitar que se le haga la vida imposible a las personas diferentes hasta tal punto que los agredidos tomen el desesperado camino de quitarse la vida.</p>

<p>La escritora, periodista y activista Lolita Bosch, en un texto muy revelador realizado expresamente para Bat Alan. Biografía de un asesinato social, incide en que, a la hora de dar una explicación a la tragedia, la respuesta mayoritaria de la prensa fue la de mantener que “Alan murió porque era transexual. Nada más alejado y mezquino. Alan murió por ser quien era y su intimidad no era asunto nuestro. De otro modo, si seguimos buscando explicaciones a la violencia, acabará pareciendo que sea la violencia quien otorga la razón. Y que si conseguimos explicar por qué sucede, es comprensible. Es decir, que siempre tiene razón quien ejerce la violencia. Y esto nunca es así”. Se trata de “dejar de preguntarles a las víctimas –añade Bosch– por qué sufrían acoso (que es una pregunta repugnante e impune) y empezar a preguntar a los acosadores qué les ocurría, a las autoridades por las que no actuaban, a las familias de las víctimas cómo se protegían”.</p>

<!-- This site is optimized with the Yoast SEO plugin v27.5 - https://yoast.com/product/yoast-seo-wordpress/ -->
<title>BAT-ALAN BIOGRAFIA DE UN ASESINATO SOCIAL - Àfora Focus</title>
<meta name="robots" content="noindex, follow" />
<meta property="og:locale" content="es_ES" />
<meta property="og:type" content="article" />
<meta property="og:title" content="BAT-ALAN BIOGRAFIA DE UN ASESINATO SOCIAL - Àfora Focus" />
<meta property="og:description" content="Ramón Boldú cambia el foco, y de su habitual mirada autobiográfica pasa a centrarse en la historia de Alan, un chico transgénero fan de Batman –era conocido como Bat Alan– que, con 17 años de edad y después de sufrir serios problemas de bullying en la escuela, acabó suicidándose. El autor pone luz sobre una [&hellip;]" />
<meta property="og:url" content="https://www.aforafocus.cat/es/acto/bat-alan-biografia-de-un-asesinato-social/" />
<meta property="og:site_name" content="Àfora Focus" />
<meta property="article:modified_time" content="2022-07-07T09:50:38+00:00" />
<meta property="og:image" content="https://www.aforafocus.cat/wp-content/uploads/2022/07/Captura-de-pantalla-2022-07-30-a-les-17.16.54.png" />
	<meta property="og:image:width" content="984" />
	<meta property="og:image:height" content="770" />
	<meta property="og:image:type" content="image/png" />
<meta name="twitter:card" content="summary_large_image" />
<meta name="twitter:site" content="@aforafocus" />
<script type="application/ld+json" class="yoast-schema-graph">{"@context":"https:\/\/schema.org","@graph":[{"@type":"WebPage","@id":"https:\/\/www.aforafocus.cat\/es\/acto\/bat-alan-biografia-de-un-asesinato-social\/","url":"https:\/\/www.aforafocus.cat\/es\/acto\/bat-alan-biografia-de-un-asesinato-social\/","name":"BAT-ALAN BIOGRAFIA DE UN ASESINATO SOCIAL - Àfora Focus","isPartOf":{"@id":"https:\/\/www.aforafocus.cat\/es\/#website"},"primaryImageOfPage":{"@id":"https:\/\/www.aforafocus.cat\/es\/acto\/bat-alan-biografia-de-un-asesinato-social\/#primaryimage"},"image":{"@id":"https:\/\/www.aforafocus.cat\/es\/acto\/bat-alan-biografia-de-un-asesinato-social\/#primaryimage"},"thumbnailUrl":"https:\/\/www.aforafocus.cat\/wp-content\/uploads\/2022\/07\/Captura-de-pantalla-2022-07-30-a-les-17.16.54.png","datePublished":"2022-07-07T09:43:35+00:00","dateModified":"2022-07-07T09:50:38+00:00","breadcrumb":{"@id":"https:\/\/www.aforafocus.cat\/es\/acto\/bat-alan-biografia-de-un-asesinato-social\/#breadcrumb"},"inLanguage":"es","potentialAction":[{"@type":"ReadAction","target":["https:\/\/www.aforafocus.cat\/es\/acto\/bat-alan-biografia-de-un-asesinato-social\/"]}]},{"@type":"ImageObject","inLanguage":"es","@id":"https:\/\/www.aforafocus.cat\/es\/acto\/bat-alan-biografia-de-un-asesinato-social\/#primaryimage","url":"https:\/\/www.aforafocus.cat\/wp-content\/uploads\/2022\/07\/Captura-de-pantalla-2022-07-30-a-les-17.16.54.png","contentUrl":"https:\/\/www.aforafocus.cat\/wp-content\/uploads\/2022\/07\/Captura-de-pantalla-2022-07-30-a-les-17.16.54.png","width":984,"height":770},{"@type":"BreadcrumbList","@id":"https:\/\/www.aforafocus.cat\/es\/acto\/bat-alan-biografia-de-un-asesinato-social\/#breadcrumb","itemListElement":[{"@type":"ListItem","position":1,"name":"Inici","item":"https:\/\/www.aforafocus.cat\/es\/"},{"@type":"ListItem","position":2,"name":"Actos","item":"https:\/\/www.aforafocus.cat\/es\/acto\/"},{"@type":"ListItem","position":3,"name":"BAT-ALAN BIOGRAFIA DE UN ASESINATO SOCIAL"}]},{"@type":"WebSite","@id":"https:\/\/www.aforafocus.cat\/es\/#website","url":"https:\/\/www.aforafocus.cat\/es\/","name":"Àfora Focus","description":"Àfora és l’àgora del Grup Focus, un àmbit de reflexió i d’activitats que té l’ànim d’incidir en la vida artística, cultural i social.","publisher":{"@id":"https:\/\/www.aforafocus.cat\/es\/#organization"},"potentialAction":[{"@type":"SearchAction","target":{"@type":"EntryPoint","urlTemplate":"https:\/\/www.aforafocus.cat\/es\/?s={search_term_string}"},"query-input":{"@type":"PropertyValueSpecification","valueRequired":true,"valueName":"search_term_string"}}],"inLanguage":"es"},{"@type":"Organization","@id":"https:\/\/www.aforafocus.cat\/es\/#organization","name":"Àfora Focus","url":"https:\/\/www.aforafocus.cat\/es\/","logo":{"@type":"ImageObject","inLanguage":"es","@id":"https:\/\/www.aforafocus.cat\/es\/#\/schema\/logo\/image\/","url":"https:\/\/www.aforafocus.cat\/wp-content\/uploads\/2021\/12\/logo-afora-focus.png","contentUrl":"https:\/\/www.aforafocus.cat\/wp-content\/uploads\/2021\/12\/logo-afora-focus.png","width":662,"height":662,"caption":"Àfora Focus"},"image":{"@id":"https:\/\/www.aforafocus.cat\/es\/#\/schema\/logo\/image\/"},"sameAs":["https:\/\/x.com\/aforafocus","https:\/\/www.instagram.com\/aforafocus\/"]}]}</script>
<!-- / Yoast SEO plugin. -->

BAT-ALAN BIOGRAFIA DE UN ASESINATO SOCIAL - Àfora Focus

Ramón Boldú cambia el foco, y de su habitual mirada autobiográfica pasa a centrarse en la historia de Alan, un chico transgénero fan de Batman –era conocido como Bat Alan– que, con 17 años de edad y después de sufrir serios problemas de bullying en la escuela, acabó suicidándose. El autor pone luz sobre una [&hellip;]

Àfora Focus

Àfora és l’àgora del Grup Focus, un àmbit de reflexió i d’activitats que té l’ànim d’incidir en la vida artística, cultural i social.
