{"id":248875,"date":"2022-07-05T10:25:46","date_gmt":"2022-07-05T09:25:46","guid":{"rendered":"https:\/\/www.aforafocus.cat\/acte\/2do-cenaculo-con-pepe-viyuela\/"},"modified":"2022-07-07T12:57:09","modified_gmt":"2022-07-07T11:57:09","slug":"2do-cenaculo-con-pepe-viyuela","status":"publish","type":"acte","link":"https:\/\/www.aforafocus.cat\/es\/acto\/2do-cenaculo-con-pepe-viyuela\/","title":{"rendered":"2do Cen\u00e1culo con Pepe Viyuela"},"content":{"rendered":"\n<p>\u00c1fora celebra el segundo cen\u00e1culo con Pepe Viyuela<\/p>\n\n<p>El 4 de julio, tuvo lugar el segundo cen\u00e1culo de \u00c1fora en el restaurante El Rac\u00f3 d&#8217;en Cesc, una de las actividades del programa Platea 618 que quiere conectar y favorecer la relaci\u00f3n entre los profesionales del sector de Barcelona y Madrid. En esta ocasi\u00f3n el invitado principal fue el actor Pepe Viyuela quien, aprovechando su estancia en el Teatro Goya con Tartufo, comparti\u00f3 una larga conversaci\u00f3n -moderada por Daniel Mart\u00ednez, presidente de Focus- con Daniel Angl\u00e8s, Merc\u00e8 Ar\u00e0nega, Tania Brenlle, Guillem Clua, Alba Florejachs, Mario Gas, Josep Maria Mestres, Joan Pera, Cristina Plazas, Josep Maria Pou y la direcci\u00f3n del Grup Focus.<\/p>\n","protected":false},"featured_media":248838,"template":"","branca":[79],"idioma":[41],"class_list":["post-248875","acte","type-acte","status-publish","has-post-thumbnail","hentry","branca-platea-618-es","idioma-catalan"],"yoast_head":"<!-- This site is optimized with the Yoast SEO plugin v27.5 - https:\/\/yoast.com\/product\/yoast-seo-wordpress\/ -->\n<title>2do Cen\u00e1culo con Pepe Viyuela - \u00c0fora Focus<\/title>\n<meta name=\"robots\" content=\"noindex, follow\" \/>\n<meta property=\"og:locale\" content=\"es_ES\" \/>\n<meta property=\"og:type\" content=\"article\" \/>\n<meta property=\"og:title\" content=\"2do Cen\u00e1culo con Pepe Viyuela - \u00c0fora Focus\" \/>\n<meta property=\"og:description\" content=\"\u00c1fora celebra el segundo cen\u00e1culo con Pepe Viyuela El 4 de julio, tuvo lugar el segundo cen\u00e1culo de \u00c1fora en el restaurante El Rac\u00f3 d&#8217;en Cesc, una de las actividades del programa Platea 618 que quiere conectar y favorecer la relaci\u00f3n entre los profesionales del sector de Barcelona y Madrid. En esta ocasi\u00f3n el invitado [&hellip;]\" \/>\n<meta property=\"og:url\" content=\"https:\/\/www.aforafocus.cat\/es\/acto\/2do-cenaculo-con-pepe-viyuela\/\" \/>\n<meta property=\"og:site_name\" content=\"\u00c0fora Focus\" \/>\n<meta property=\"article:modified_time\" content=\"2022-07-07T11:57:09+00:00\" \/>\n<meta property=\"og:image\" content=\"https:\/\/www.aforafocus.cat\/wp-content\/uploads\/2022\/07\/WhatsApp-Image-2022-07-05-at-11.04.41-AM-1.jpeg\" \/>\n\t<meta property=\"og:image:width\" content=\"1024\" \/>\n\t<meta property=\"og:image:height\" content=\"768\" \/>\n\t<meta property=\"og:image:type\" content=\"image\/jpeg\" \/>\n<meta name=\"twitter:card\" content=\"summary_large_image\" \/>\n<meta name=\"twitter:site\" content=\"@aforafocus\" \/>\n<script type=\"application\/ld+json\" class=\"yoast-schema-graph\">{\"@context\":\"https:\\\/\\\/schema.org\",\"@graph\":[{\"@type\":\"WebPage\",\"@id\":\"https:\\\/\\\/www.aforafocus.cat\\\/es\\\/acto\\\/2do-cenaculo-con-pepe-viyuela\\\/\",\"url\":\"https:\\\/\\\/www.aforafocus.cat\\\/es\\\/acto\\\/2do-cenaculo-con-pepe-viyuela\\\/\",\"name\":\"2do Cen\u00e1culo con Pepe Viyuela - \u00c0fora Focus\",\"isPartOf\":{\"@id\":\"https:\\\/\\\/www.aforafocus.cat\\\/es\\\/#website\"},\"primaryImageOfPage\":{\"@id\":\"https:\\\/\\\/www.aforafocus.cat\\\/es\\\/acto\\\/2do-cenaculo-con-pepe-viyuela\\\/#primaryimage\"},\"image\":{\"@id\":\"https:\\\/\\\/www.aforafocus.cat\\\/es\\\/acto\\\/2do-cenaculo-con-pepe-viyuela\\\/#primaryimage\"},\"thumbnailUrl\":\"https:\\\/\\\/www.aforafocus.cat\\\/wp-content\\\/uploads\\\/2022\\\/07\\\/WhatsApp-Image-2022-07-05-at-11.04.41-AM-1.jpeg\",\"datePublished\":\"2022-07-05T09:25:46+00:00\",\"dateModified\":\"2022-07-07T11:57:09+00:00\",\"breadcrumb\":{\"@id\":\"https:\\\/\\\/www.aforafocus.cat\\\/es\\\/acto\\\/2do-cenaculo-con-pepe-viyuela\\\/#breadcrumb\"},\"inLanguage\":\"es\",\"potentialAction\":[{\"@type\":\"ReadAction\",\"target\":[\"https:\\\/\\\/www.aforafocus.cat\\\/es\\\/acto\\\/2do-cenaculo-con-pepe-viyuela\\\/\"]}]},{\"@type\":\"ImageObject\",\"inLanguage\":\"es\",\"@id\":\"https:\\\/\\\/www.aforafocus.cat\\\/es\\\/acto\\\/2do-cenaculo-con-pepe-viyuela\\\/#primaryimage\",\"url\":\"https:\\\/\\\/www.aforafocus.cat\\\/wp-content\\\/uploads\\\/2022\\\/07\\\/WhatsApp-Image-2022-07-05-at-11.04.41-AM-1.jpeg\",\"contentUrl\":\"https:\\\/\\\/www.aforafocus.cat\\\/wp-content\\\/uploads\\\/2022\\\/07\\\/WhatsApp-Image-2022-07-05-at-11.04.41-AM-1.jpeg\",\"width\":1024,\"height\":768},{\"@type\":\"BreadcrumbList\",\"@id\":\"https:\\\/\\\/www.aforafocus.cat\\\/es\\\/acto\\\/2do-cenaculo-con-pepe-viyuela\\\/#breadcrumb\",\"itemListElement\":[{\"@type\":\"ListItem\",\"position\":1,\"name\":\"Inici\",\"item\":\"https:\\\/\\\/www.aforafocus.cat\\\/es\\\/\"},{\"@type\":\"ListItem\",\"position\":2,\"name\":\"Actos\",\"item\":\"https:\\\/\\\/www.aforafocus.cat\\\/es\\\/acto\\\/\"},{\"@type\":\"ListItem\",\"position\":3,\"name\":\"2do Cen\u00e1culo con Pepe Viyuela\"}]},{\"@type\":\"WebSite\",\"@id\":\"https:\\\/\\\/www.aforafocus.cat\\\/es\\\/#website\",\"url\":\"https:\\\/\\\/www.aforafocus.cat\\\/es\\\/\",\"name\":\"\u00c0fora Focus\",\"description\":\"\u00c0fora \u00e9s l\u2019\u00e0gora del Grup Focus, un \u00e0mbit de reflexi\u00f3 i d\u2019activitats que t\u00e9 l\u2019\u00e0nim d\u2019incidir en la vida art\u00edstica, cultural i social.\",\"publisher\":{\"@id\":\"https:\\\/\\\/www.aforafocus.cat\\\/es\\\/#organization\"},\"potentialAction\":[{\"@type\":\"SearchAction\",\"target\":{\"@type\":\"EntryPoint\",\"urlTemplate\":\"https:\\\/\\\/www.aforafocus.cat\\\/es\\\/?s={search_term_string}\"},\"query-input\":{\"@type\":\"PropertyValueSpecification\",\"valueRequired\":true,\"valueName\":\"search_term_string\"}}],\"inLanguage\":\"es\"},{\"@type\":\"Organization\",\"@id\":\"https:\\\/\\\/www.aforafocus.cat\\\/es\\\/#organization\",\"name\":\"\u00c0fora Focus\",\"url\":\"https:\\\/\\\/www.aforafocus.cat\\\/es\\\/\",\"logo\":{\"@type\":\"ImageObject\",\"inLanguage\":\"es\",\"@id\":\"https:\\\/\\\/www.aforafocus.cat\\\/es\\\/#\\\/schema\\\/logo\\\/image\\\/\",\"url\":\"https:\\\/\\\/www.aforafocus.cat\\\/wp-content\\\/uploads\\\/2021\\\/12\\\/logo-afora-focus.png\",\"contentUrl\":\"https:\\\/\\\/www.aforafocus.cat\\\/wp-content\\\/uploads\\\/2021\\\/12\\\/logo-afora-focus.png\",\"width\":662,\"height\":662,\"caption\":\"\u00c0fora Focus\"},\"image\":{\"@id\":\"https:\\\/\\\/www.aforafocus.cat\\\/es\\\/#\\\/schema\\\/logo\\\/image\\\/\"},\"sameAs\":[\"https:\\\/\\\/x.com\\\/aforafocus\",\"https:\\\/\\\/www.instagram.com\\\/aforafocus\\\/\"]}]}<\/script>\n<!-- \/ Yoast SEO plugin. -->","yoast_head_json":{"title":"2do Cen\u00e1culo con Pepe Viyuela - \u00c0fora Focus","robots":{"index":"noindex","follow":"follow"},"og_locale":"es_ES","og_type":"article","og_title":"2do Cen\u00e1culo con Pepe Viyuela - \u00c0fora Focus","og_description":"\u00c1fora celebra el segundo cen\u00e1culo con Pepe Viyuela El 4 de julio, tuvo lugar el segundo cen\u00e1culo de \u00c1fora en el restaurante El Rac\u00f3 d&#8217;en Cesc, una de las actividades del programa Platea 618 que quiere conectar y favorecer la relaci\u00f3n entre los profesionales del sector de Barcelona y Madrid. En esta ocasi\u00f3n el invitado [&hellip;]","og_url":"https:\/\/www.aforafocus.cat\/es\/acto\/2do-cenaculo-con-pepe-viyuela\/","og_site_name":"\u00c0fora Focus","article_modified_time":"2022-07-07T11:57:09+00:00","og_image":[{"width":1024,"height":768,"url":"https:\/\/www.aforafocus.cat\/wp-content\/uploads\/2022\/07\/WhatsApp-Image-2022-07-05-at-11.04.41-AM-1.jpeg","type":"image\/jpeg"}],"twitter_card":"summary_large_image","twitter_site":"@aforafocus","schema":{"@context":"https:\/\/schema.org","@graph":[{"@type":"WebPage","@id":"https:\/\/www.aforafocus.cat\/es\/acto\/2do-cenaculo-con-pepe-viyuela\/","url":"https:\/\/www.aforafocus.cat\/es\/acto\/2do-cenaculo-con-pepe-viyuela\/","name":"2do Cen\u00e1culo con Pepe Viyuela - \u00c0fora Focus","isPartOf":{"@id":"https:\/\/www.aforafocus.cat\/es\/#website"},"primaryImageOfPage":{"@id":"https:\/\/www.aforafocus.cat\/es\/acto\/2do-cenaculo-con-pepe-viyuela\/#primaryimage"},"image":{"@id":"https:\/\/www.aforafocus.cat\/es\/acto\/2do-cenaculo-con-pepe-viyuela\/#primaryimage"},"thumbnailUrl":"https:\/\/www.aforafocus.cat\/wp-content\/uploads\/2022\/07\/WhatsApp-Image-2022-07-05-at-11.04.41-AM-1.jpeg","datePublished":"2022-07-05T09:25:46+00:00","dateModified":"2022-07-07T11:57:09+00:00","breadcrumb":{"@id":"https:\/\/www.aforafocus.cat\/es\/acto\/2do-cenaculo-con-pepe-viyuela\/#breadcrumb"},"inLanguage":"es","potentialAction":[{"@type":"ReadAction","target":["https:\/\/www.aforafocus.cat\/es\/acto\/2do-cenaculo-con-pepe-viyuela\/"]}]},{"@type":"ImageObject","inLanguage":"es","@id":"https:\/\/www.aforafocus.cat\/es\/acto\/2do-cenaculo-con-pepe-viyuela\/#primaryimage","url":"https:\/\/www.aforafocus.cat\/wp-content\/uploads\/2022\/07\/WhatsApp-Image-2022-07-05-at-11.04.41-AM-1.jpeg","contentUrl":"https:\/\/www.aforafocus.cat\/wp-content\/uploads\/2022\/07\/WhatsApp-Image-2022-07-05-at-11.04.41-AM-1.jpeg","width":1024,"height":768},{"@type":"BreadcrumbList","@id":"https:\/\/www.aforafocus.cat\/es\/acto\/2do-cenaculo-con-pepe-viyuela\/#breadcrumb","itemListElement":[{"@type":"ListItem","position":1,"name":"Inici","item":"https:\/\/www.aforafocus.cat\/es\/"},{"@type":"ListItem","position":2,"name":"Actos","item":"https:\/\/www.aforafocus.cat\/es\/acto\/"},{"@type":"ListItem","position":3,"name":"2do Cen\u00e1culo con Pepe Viyuela"}]},{"@type":"WebSite","@id":"https:\/\/www.aforafocus.cat\/es\/#website","url":"https:\/\/www.aforafocus.cat\/es\/","name":"\u00c0fora Focus","description":"\u00c0fora \u00e9s l\u2019\u00e0gora del Grup Focus, un \u00e0mbit de reflexi\u00f3 i d\u2019activitats que t\u00e9 l\u2019\u00e0nim d\u2019incidir en la vida art\u00edstica, cultural i social.","publisher":{"@id":"https:\/\/www.aforafocus.cat\/es\/#organization"},"potentialAction":[{"@type":"SearchAction","target":{"@type":"EntryPoint","urlTemplate":"https:\/\/www.aforafocus.cat\/es\/?s={search_term_string}"},"query-input":{"@type":"PropertyValueSpecification","valueRequired":true,"valueName":"search_term_string"}}],"inLanguage":"es"},{"@type":"Organization","@id":"https:\/\/www.aforafocus.cat\/es\/#organization","name":"\u00c0fora Focus","url":"https:\/\/www.aforafocus.cat\/es\/","logo":{"@type":"ImageObject","inLanguage":"es","@id":"https:\/\/www.aforafocus.cat\/es\/#\/schema\/logo\/image\/","url":"https:\/\/www.aforafocus.cat\/wp-content\/uploads\/2021\/12\/logo-afora-focus.png","contentUrl":"https:\/\/www.aforafocus.cat\/wp-content\/uploads\/2021\/12\/logo-afora-focus.png","width":662,"height":662,"caption":"\u00c0fora Focus"},"image":{"@id":"https:\/\/www.aforafocus.cat\/es\/#\/schema\/logo\/image\/"},"sameAs":["https:\/\/x.com\/aforafocus","https:\/\/www.instagram.com\/aforafocus\/"]}]}},"_links":{"self":[{"href":"https:\/\/www.aforafocus.cat\/es\/wp-json\/wp\/v2\/acte\/248875","targetHints":{"allow":["GET"]}}],"collection":[{"href":"https:\/\/www.aforafocus.cat\/es\/wp-json\/wp\/v2\/acte"}],"about":[{"href":"https:\/\/www.aforafocus.cat\/es\/wp-json\/wp\/v2\/types\/acte"}],"wp:featuredmedia":[{"embeddable":true,"href":"https:\/\/www.aforafocus.cat\/es\/wp-json\/wp\/v2\/media\/248838"}],"wp:attachment":[{"href":"https:\/\/www.aforafocus.cat\/es\/wp-json\/wp\/v2\/media?parent=248875"}],"wp:term":[{"taxonomy":"branca","embeddable":true,"href":"https:\/\/www.aforafocus.cat\/es\/wp-json\/wp\/v2\/branca?post=248875"},{"taxonomy":"idioma","embeddable":true,"href":"https:\/\/www.aforafocus.cat\/es\/wp-json\/wp\/v2\/idioma?post=248875"}],"curies":[{"name":"wp","href":"https:\/\/api.w.org\/{rel}","templated":true}]}}

2do Cenáculo con Pepe Viyuela

<p>Áfora celebra el segundo cenáculo con Pepe Viyuela</p>

<p>El 4 de julio, tuvo lugar el segundo cenáculo de Áfora en el restaurante El Racó d&#8217;en Cesc, una de las actividades del programa Platea 618 que quiere conectar y favorecer la relación entre los profesionales del sector de Barcelona y Madrid. En esta ocasión el invitado principal fue el actor Pepe Viyuela quien, aprovechando su estancia en el Teatro Goya con Tartufo, compartió una larga conversación -moderada por Daniel Martínez, presidente de Focus- con Daniel Anglès, Mercè Arànega, Tania Brenlle, Guillem Clua, Alba Florejachs, Mario Gas, Josep Maria Mestres, Joan Pera, Cristina Plazas, Josep Maria Pou y la dirección del Grup Focus.</p>

<!-- This site is optimized with the Yoast SEO plugin v27.5 - https://yoast.com/product/yoast-seo-wordpress/ -->
<title>2do Cenáculo con Pepe Viyuela - Àfora Focus</title>
<meta name="robots" content="noindex, follow" />
<meta property="og:locale" content="es_ES" />
<meta property="og:type" content="article" />
<meta property="og:title" content="2do Cenáculo con Pepe Viyuela - Àfora Focus" />
<meta property="og:description" content="Áfora celebra el segundo cenáculo con Pepe Viyuela El 4 de julio, tuvo lugar el segundo cenáculo de Áfora en el restaurante El Racó d&#8217;en Cesc, una de las actividades del programa Platea 618 que quiere conectar y favorecer la relación entre los profesionales del sector de Barcelona y Madrid. En esta ocasión el invitado [&hellip;]" />
<meta property="og:url" content="https://www.aforafocus.cat/es/acto/2do-cenaculo-con-pepe-viyuela/" />
<meta property="og:site_name" content="Àfora Focus" />
<meta property="article:modified_time" content="2022-07-07T11:57:09+00:00" />
<meta property="og:image" content="https://www.aforafocus.cat/wp-content/uploads/2022/07/WhatsApp-Image-2022-07-05-at-11.04.41-AM-1.jpeg" />
	<meta property="og:image:width" content="1024" />
	<meta property="og:image:height" content="768" />
	<meta property="og:image:type" content="image/jpeg" />
<meta name="twitter:card" content="summary_large_image" />
<meta name="twitter:site" content="@aforafocus" />
<script type="application/ld+json" class="yoast-schema-graph">{"@context":"https:\/\/schema.org","@graph":[{"@type":"WebPage","@id":"https:\/\/www.aforafocus.cat\/es\/acto\/2do-cenaculo-con-pepe-viyuela\/","url":"https:\/\/www.aforafocus.cat\/es\/acto\/2do-cenaculo-con-pepe-viyuela\/","name":"2do Cenáculo con Pepe Viyuela - Àfora Focus","isPartOf":{"@id":"https:\/\/www.aforafocus.cat\/es\/#website"},"primaryImageOfPage":{"@id":"https:\/\/www.aforafocus.cat\/es\/acto\/2do-cenaculo-con-pepe-viyuela\/#primaryimage"},"image":{"@id":"https:\/\/www.aforafocus.cat\/es\/acto\/2do-cenaculo-con-pepe-viyuela\/#primaryimage"},"thumbnailUrl":"https:\/\/www.aforafocus.cat\/wp-content\/uploads\/2022\/07\/WhatsApp-Image-2022-07-05-at-11.04.41-AM-1.jpeg","datePublished":"2022-07-05T09:25:46+00:00","dateModified":"2022-07-07T11:57:09+00:00","breadcrumb":{"@id":"https:\/\/www.aforafocus.cat\/es\/acto\/2do-cenaculo-con-pepe-viyuela\/#breadcrumb"},"inLanguage":"es","potentialAction":[{"@type":"ReadAction","target":["https:\/\/www.aforafocus.cat\/es\/acto\/2do-cenaculo-con-pepe-viyuela\/"]}]},{"@type":"ImageObject","inLanguage":"es","@id":"https:\/\/www.aforafocus.cat\/es\/acto\/2do-cenaculo-con-pepe-viyuela\/#primaryimage","url":"https:\/\/www.aforafocus.cat\/wp-content\/uploads\/2022\/07\/WhatsApp-Image-2022-07-05-at-11.04.41-AM-1.jpeg","contentUrl":"https:\/\/www.aforafocus.cat\/wp-content\/uploads\/2022\/07\/WhatsApp-Image-2022-07-05-at-11.04.41-AM-1.jpeg","width":1024,"height":768},{"@type":"BreadcrumbList","@id":"https:\/\/www.aforafocus.cat\/es\/acto\/2do-cenaculo-con-pepe-viyuela\/#breadcrumb","itemListElement":[{"@type":"ListItem","position":1,"name":"Inici","item":"https:\/\/www.aforafocus.cat\/es\/"},{"@type":"ListItem","position":2,"name":"Actos","item":"https:\/\/www.aforafocus.cat\/es\/acto\/"},{"@type":"ListItem","position":3,"name":"2do Cenáculo con Pepe Viyuela"}]},{"@type":"WebSite","@id":"https:\/\/www.aforafocus.cat\/es\/#website","url":"https:\/\/www.aforafocus.cat\/es\/","name":"Àfora Focus","description":"Àfora és l’àgora del Grup Focus, un àmbit de reflexió i d’activitats que té l’ànim d’incidir en la vida artística, cultural i social.","publisher":{"@id":"https:\/\/www.aforafocus.cat\/es\/#organization"},"potentialAction":[{"@type":"SearchAction","target":{"@type":"EntryPoint","urlTemplate":"https:\/\/www.aforafocus.cat\/es\/?s={search_term_string}"},"query-input":{"@type":"PropertyValueSpecification","valueRequired":true,"valueName":"search_term_string"}}],"inLanguage":"es"},{"@type":"Organization","@id":"https:\/\/www.aforafocus.cat\/es\/#organization","name":"Àfora Focus","url":"https:\/\/www.aforafocus.cat\/es\/","logo":{"@type":"ImageObject","inLanguage":"es","@id":"https:\/\/www.aforafocus.cat\/es\/#\/schema\/logo\/image\/","url":"https:\/\/www.aforafocus.cat\/wp-content\/uploads\/2021\/12\/logo-afora-focus.png","contentUrl":"https:\/\/www.aforafocus.cat\/wp-content\/uploads\/2021\/12\/logo-afora-focus.png","width":662,"height":662,"caption":"Àfora Focus"},"image":{"@id":"https:\/\/www.aforafocus.cat\/es\/#\/schema\/logo\/image\/"},"sameAs":["https:\/\/x.com\/aforafocus","https:\/\/www.instagram.com\/aforafocus\/"]}]}</script>
<!-- / Yoast SEO plugin. -->

2do Cenáculo con Pepe Viyuela - Àfora Focus

Áfora celebra el segundo cenáculo con Pepe Viyuela El 4 de julio, tuvo lugar el segundo cenáculo de Áfora en el restaurante El Racó d&#8217;en Cesc, una de las actividades del programa Platea 618 que quiere conectar y favorecer la relación entre los profesionales del sector de Barcelona y Madrid. En esta ocasión el invitado [&hellip;]

Àfora Focus

Àfora és l’àgora del Grup Focus, un àmbit de reflexió i d’activitats que té l’ànim d’incidir en la vida artística, cultural i social.
