{"id":249267,"date":"2022-07-29T12:39:01","date_gmt":"2022-07-29T11:39:01","guid":{"rendered":"https:\/\/www.aforafocus.cat\/acte\/proclamacion-y-entrega-del-48o-premio-de-teatro-memorial-margarida-xirgu\/"},"modified":"2022-07-31T14:59:21","modified_gmt":"2022-07-31T13:59:21","slug":"proclamacion-y-entrega-del-48o-premio-de-teatro-memorial-margarida-xirgu","status":"publish","type":"acte","link":"https:\/\/www.aforafocus.cat\/es\/acto\/proclamacion-y-entrega-del-48o-premio-de-teatro-memorial-margarida-xirgu\/","title":{"rendered":"Proclamaci\u00f3n y entrega del 48\u00ba premio de teatro memorial Margarida Xirgu"},"content":{"rendered":"\n<p>el Teatre Romea acogi\u00f3 el acto de proclamaci\u00f3n y entrega del 48 Premio de Teatro Memorial Margarida Xirgu, que distingue a la mejor actriz de la temporada teatral barcelonesa.<\/p>\n\n<p>Este a\u00f1o la Federaci\u00f3n de Grupos de Teatro Amateur de Catalu\u00f1a (FGTAC) y la revista Nube asumen la organizaci\u00f3n del galard\u00f3n, conjuntamente con el Ayuntamiento de Molins de Rei, \u00c1fora Focus Fundaci\u00f3 Romea y El instituto del Teatro. El mecenas Joan Llavina, de Team&#8217;s Motor, aportar\u00e1 el anillo de oro que recibir\u00e1 a la actriz premiada.<\/p>\n\n<p>La ganadora de este a\u00f1o es la actriz M\u00edriam Iscla, por su interpretaci\u00f3n en los montajes Crimen y castigo y Las buenas intenciones.&#13;\n&#13;\n\u00a0<\/p>\n","protected":false},"featured_media":249262,"template":"","branca":[80],"idioma":[41],"class_list":["post-249267","acte","type-acte","status-publish","has-post-thumbnail","hentry","branca-fundacio-romea-es","idioma-catalan"],"yoast_head":"<!-- This site is optimized with the Yoast SEO plugin v27.5 - https:\/\/yoast.com\/product\/yoast-seo-wordpress\/ -->\n<title>Proclamaci\u00f3n y entrega del 48\u00ba premio de teatro memorial Margarida Xirgu - \u00c0fora Focus<\/title>\n<meta name=\"robots\" content=\"noindex, follow\" \/>\n<meta property=\"og:locale\" content=\"es_ES\" \/>\n<meta property=\"og:type\" content=\"article\" \/>\n<meta property=\"og:title\" content=\"Proclamaci\u00f3n y entrega del 48\u00ba premio de teatro memorial Margarida Xirgu - \u00c0fora Focus\" \/>\n<meta property=\"og:description\" content=\"el Teatre Romea acogi\u00f3 el acto de proclamaci\u00f3n y entrega del 48 Premio de Teatro Memorial Margarida Xirgu, que distingue a la mejor actriz de la temporada teatral barcelonesa. Este a\u00f1o la Federaci\u00f3n de Grupos de Teatro Amateur de Catalu\u00f1a (FGTAC) y la revista Nube asumen la organizaci\u00f3n del galard\u00f3n, conjuntamente con el Ayuntamiento de [&hellip;]\" \/>\n<meta property=\"og:url\" content=\"https:\/\/www.aforafocus.cat\/es\/acto\/proclamacion-y-entrega-del-48o-premio-de-teatro-memorial-margarida-xirgu\/\" \/>\n<meta property=\"og:site_name\" content=\"\u00c0fora Focus\" \/>\n<meta property=\"article:modified_time\" content=\"2022-07-31T13:59:21+00:00\" \/>\n<meta property=\"og:image\" content=\"https:\/\/www.aforafocus.cat\/wp-content\/uploads\/2022\/07\/Captura-de-pantalla-2022-07-30-a-les-17.34.37.png\" \/>\n\t<meta property=\"og:image:width\" content=\"880\" \/>\n\t<meta property=\"og:image:height\" content=\"942\" \/>\n\t<meta property=\"og:image:type\" content=\"image\/png\" \/>\n<meta name=\"twitter:card\" content=\"summary_large_image\" \/>\n<meta name=\"twitter:site\" content=\"@aforafocus\" \/>\n<script type=\"application\/ld+json\" class=\"yoast-schema-graph\">{\"@context\":\"https:\\\/\\\/schema.org\",\"@graph\":[{\"@type\":\"WebPage\",\"@id\":\"https:\\\/\\\/www.aforafocus.cat\\\/es\\\/acto\\\/proclamacion-y-entrega-del-48o-premio-de-teatro-memorial-margarida-xirgu\\\/\",\"url\":\"https:\\\/\\\/www.aforafocus.cat\\\/es\\\/acto\\\/proclamacion-y-entrega-del-48o-premio-de-teatro-memorial-margarida-xirgu\\\/\",\"name\":\"Proclamaci\u00f3n y entrega del 48\u00ba premio de teatro memorial Margarida Xirgu - \u00c0fora Focus\",\"isPartOf\":{\"@id\":\"https:\\\/\\\/www.aforafocus.cat\\\/es\\\/#website\"},\"primaryImageOfPage\":{\"@id\":\"https:\\\/\\\/www.aforafocus.cat\\\/es\\\/acto\\\/proclamacion-y-entrega-del-48o-premio-de-teatro-memorial-margarida-xirgu\\\/#primaryimage\"},\"image\":{\"@id\":\"https:\\\/\\\/www.aforafocus.cat\\\/es\\\/acto\\\/proclamacion-y-entrega-del-48o-premio-de-teatro-memorial-margarida-xirgu\\\/#primaryimage\"},\"thumbnailUrl\":\"https:\\\/\\\/www.aforafocus.cat\\\/wp-content\\\/uploads\\\/2022\\\/07\\\/Captura-de-pantalla-2022-07-30-a-les-17.34.37.png\",\"datePublished\":\"2022-07-29T11:39:01+00:00\",\"dateModified\":\"2022-07-31T13:59:21+00:00\",\"breadcrumb\":{\"@id\":\"https:\\\/\\\/www.aforafocus.cat\\\/es\\\/acto\\\/proclamacion-y-entrega-del-48o-premio-de-teatro-memorial-margarida-xirgu\\\/#breadcrumb\"},\"inLanguage\":\"es\",\"potentialAction\":[{\"@type\":\"ReadAction\",\"target\":[\"https:\\\/\\\/www.aforafocus.cat\\\/es\\\/acto\\\/proclamacion-y-entrega-del-48o-premio-de-teatro-memorial-margarida-xirgu\\\/\"]}]},{\"@type\":\"ImageObject\",\"inLanguage\":\"es\",\"@id\":\"https:\\\/\\\/www.aforafocus.cat\\\/es\\\/acto\\\/proclamacion-y-entrega-del-48o-premio-de-teatro-memorial-margarida-xirgu\\\/#primaryimage\",\"url\":\"https:\\\/\\\/www.aforafocus.cat\\\/wp-content\\\/uploads\\\/2022\\\/07\\\/Captura-de-pantalla-2022-07-30-a-les-17.34.37.png\",\"contentUrl\":\"https:\\\/\\\/www.aforafocus.cat\\\/wp-content\\\/uploads\\\/2022\\\/07\\\/Captura-de-pantalla-2022-07-30-a-les-17.34.37.png\",\"width\":880,\"height\":942},{\"@type\":\"BreadcrumbList\",\"@id\":\"https:\\\/\\\/www.aforafocus.cat\\\/es\\\/acto\\\/proclamacion-y-entrega-del-48o-premio-de-teatro-memorial-margarida-xirgu\\\/#breadcrumb\",\"itemListElement\":[{\"@type\":\"ListItem\",\"position\":1,\"name\":\"Inici\",\"item\":\"https:\\\/\\\/www.aforafocus.cat\\\/es\\\/\"},{\"@type\":\"ListItem\",\"position\":2,\"name\":\"Actos\",\"item\":\"https:\\\/\\\/www.aforafocus.cat\\\/es\\\/acto\\\/\"},{\"@type\":\"ListItem\",\"position\":3,\"name\":\"Proclamaci\u00f3n y entrega del 48\u00ba premio de teatro memorial Margarida Xirgu\"}]},{\"@type\":\"WebSite\",\"@id\":\"https:\\\/\\\/www.aforafocus.cat\\\/es\\\/#website\",\"url\":\"https:\\\/\\\/www.aforafocus.cat\\\/es\\\/\",\"name\":\"\u00c0fora Focus\",\"description\":\"\u00c0fora \u00e9s l\u2019\u00e0gora del Grup Focus, un \u00e0mbit de reflexi\u00f3 i d\u2019activitats que t\u00e9 l\u2019\u00e0nim d\u2019incidir en la vida art\u00edstica, cultural i social.\",\"publisher\":{\"@id\":\"https:\\\/\\\/www.aforafocus.cat\\\/es\\\/#organization\"},\"potentialAction\":[{\"@type\":\"SearchAction\",\"target\":{\"@type\":\"EntryPoint\",\"urlTemplate\":\"https:\\\/\\\/www.aforafocus.cat\\\/es\\\/?s={search_term_string}\"},\"query-input\":{\"@type\":\"PropertyValueSpecification\",\"valueRequired\":true,\"valueName\":\"search_term_string\"}}],\"inLanguage\":\"es\"},{\"@type\":\"Organization\",\"@id\":\"https:\\\/\\\/www.aforafocus.cat\\\/es\\\/#organization\",\"name\":\"\u00c0fora Focus\",\"url\":\"https:\\\/\\\/www.aforafocus.cat\\\/es\\\/\",\"logo\":{\"@type\":\"ImageObject\",\"inLanguage\":\"es\",\"@id\":\"https:\\\/\\\/www.aforafocus.cat\\\/es\\\/#\\\/schema\\\/logo\\\/image\\\/\",\"url\":\"https:\\\/\\\/www.aforafocus.cat\\\/wp-content\\\/uploads\\\/2021\\\/12\\\/logo-afora-focus.png\",\"contentUrl\":\"https:\\\/\\\/www.aforafocus.cat\\\/wp-content\\\/uploads\\\/2021\\\/12\\\/logo-afora-focus.png\",\"width\":662,\"height\":662,\"caption\":\"\u00c0fora Focus\"},\"image\":{\"@id\":\"https:\\\/\\\/www.aforafocus.cat\\\/es\\\/#\\\/schema\\\/logo\\\/image\\\/\"},\"sameAs\":[\"https:\\\/\\\/x.com\\\/aforafocus\",\"https:\\\/\\\/www.instagram.com\\\/aforafocus\\\/\"]}]}<\/script>\n<!-- \/ Yoast SEO plugin. -->","yoast_head_json":{"title":"Proclamaci\u00f3n y entrega del 48\u00ba premio de teatro memorial Margarida Xirgu - \u00c0fora Focus","robots":{"index":"noindex","follow":"follow"},"og_locale":"es_ES","og_type":"article","og_title":"Proclamaci\u00f3n y entrega del 48\u00ba premio de teatro memorial Margarida Xirgu - \u00c0fora Focus","og_description":"el Teatre Romea acogi\u00f3 el acto de proclamaci\u00f3n y entrega del 48 Premio de Teatro Memorial Margarida Xirgu, que distingue a la mejor actriz de la temporada teatral barcelonesa. Este a\u00f1o la Federaci\u00f3n de Grupos de Teatro Amateur de Catalu\u00f1a (FGTAC) y la revista Nube asumen la organizaci\u00f3n del galard\u00f3n, conjuntamente con el Ayuntamiento de [&hellip;]","og_url":"https:\/\/www.aforafocus.cat\/es\/acto\/proclamacion-y-entrega-del-48o-premio-de-teatro-memorial-margarida-xirgu\/","og_site_name":"\u00c0fora Focus","article_modified_time":"2022-07-31T13:59:21+00:00","og_image":[{"width":880,"height":942,"url":"https:\/\/www.aforafocus.cat\/wp-content\/uploads\/2022\/07\/Captura-de-pantalla-2022-07-30-a-les-17.34.37.png","type":"image\/png"}],"twitter_card":"summary_large_image","twitter_site":"@aforafocus","schema":{"@context":"https:\/\/schema.org","@graph":[{"@type":"WebPage","@id":"https:\/\/www.aforafocus.cat\/es\/acto\/proclamacion-y-entrega-del-48o-premio-de-teatro-memorial-margarida-xirgu\/","url":"https:\/\/www.aforafocus.cat\/es\/acto\/proclamacion-y-entrega-del-48o-premio-de-teatro-memorial-margarida-xirgu\/","name":"Proclamaci\u00f3n y entrega del 48\u00ba premio de teatro memorial Margarida Xirgu - \u00c0fora Focus","isPartOf":{"@id":"https:\/\/www.aforafocus.cat\/es\/#website"},"primaryImageOfPage":{"@id":"https:\/\/www.aforafocus.cat\/es\/acto\/proclamacion-y-entrega-del-48o-premio-de-teatro-memorial-margarida-xirgu\/#primaryimage"},"image":{"@id":"https:\/\/www.aforafocus.cat\/es\/acto\/proclamacion-y-entrega-del-48o-premio-de-teatro-memorial-margarida-xirgu\/#primaryimage"},"thumbnailUrl":"https:\/\/www.aforafocus.cat\/wp-content\/uploads\/2022\/07\/Captura-de-pantalla-2022-07-30-a-les-17.34.37.png","datePublished":"2022-07-29T11:39:01+00:00","dateModified":"2022-07-31T13:59:21+00:00","breadcrumb":{"@id":"https:\/\/www.aforafocus.cat\/es\/acto\/proclamacion-y-entrega-del-48o-premio-de-teatro-memorial-margarida-xirgu\/#breadcrumb"},"inLanguage":"es","potentialAction":[{"@type":"ReadAction","target":["https:\/\/www.aforafocus.cat\/es\/acto\/proclamacion-y-entrega-del-48o-premio-de-teatro-memorial-margarida-xirgu\/"]}]},{"@type":"ImageObject","inLanguage":"es","@id":"https:\/\/www.aforafocus.cat\/es\/acto\/proclamacion-y-entrega-del-48o-premio-de-teatro-memorial-margarida-xirgu\/#primaryimage","url":"https:\/\/www.aforafocus.cat\/wp-content\/uploads\/2022\/07\/Captura-de-pantalla-2022-07-30-a-les-17.34.37.png","contentUrl":"https:\/\/www.aforafocus.cat\/wp-content\/uploads\/2022\/07\/Captura-de-pantalla-2022-07-30-a-les-17.34.37.png","width":880,"height":942},{"@type":"BreadcrumbList","@id":"https:\/\/www.aforafocus.cat\/es\/acto\/proclamacion-y-entrega-del-48o-premio-de-teatro-memorial-margarida-xirgu\/#breadcrumb","itemListElement":[{"@type":"ListItem","position":1,"name":"Inici","item":"https:\/\/www.aforafocus.cat\/es\/"},{"@type":"ListItem","position":2,"name":"Actos","item":"https:\/\/www.aforafocus.cat\/es\/acto\/"},{"@type":"ListItem","position":3,"name":"Proclamaci\u00f3n y entrega del 48\u00ba premio de teatro memorial Margarida Xirgu"}]},{"@type":"WebSite","@id":"https:\/\/www.aforafocus.cat\/es\/#website","url":"https:\/\/www.aforafocus.cat\/es\/","name":"\u00c0fora Focus","description":"\u00c0fora \u00e9s l\u2019\u00e0gora del Grup Focus, un \u00e0mbit de reflexi\u00f3 i d\u2019activitats que t\u00e9 l\u2019\u00e0nim d\u2019incidir en la vida art\u00edstica, cultural i social.","publisher":{"@id":"https:\/\/www.aforafocus.cat\/es\/#organization"},"potentialAction":[{"@type":"SearchAction","target":{"@type":"EntryPoint","urlTemplate":"https:\/\/www.aforafocus.cat\/es\/?s={search_term_string}"},"query-input":{"@type":"PropertyValueSpecification","valueRequired":true,"valueName":"search_term_string"}}],"inLanguage":"es"},{"@type":"Organization","@id":"https:\/\/www.aforafocus.cat\/es\/#organization","name":"\u00c0fora Focus","url":"https:\/\/www.aforafocus.cat\/es\/","logo":{"@type":"ImageObject","inLanguage":"es","@id":"https:\/\/www.aforafocus.cat\/es\/#\/schema\/logo\/image\/","url":"https:\/\/www.aforafocus.cat\/wp-content\/uploads\/2021\/12\/logo-afora-focus.png","contentUrl":"https:\/\/www.aforafocus.cat\/wp-content\/uploads\/2021\/12\/logo-afora-focus.png","width":662,"height":662,"caption":"\u00c0fora Focus"},"image":{"@id":"https:\/\/www.aforafocus.cat\/es\/#\/schema\/logo\/image\/"},"sameAs":["https:\/\/x.com\/aforafocus","https:\/\/www.instagram.com\/aforafocus\/"]}]}},"_links":{"self":[{"href":"https:\/\/www.aforafocus.cat\/es\/wp-json\/wp\/v2\/acte\/249267","targetHints":{"allow":["GET"]}}],"collection":[{"href":"https:\/\/www.aforafocus.cat\/es\/wp-json\/wp\/v2\/acte"}],"about":[{"href":"https:\/\/www.aforafocus.cat\/es\/wp-json\/wp\/v2\/types\/acte"}],"wp:featuredmedia":[{"embeddable":true,"href":"https:\/\/www.aforafocus.cat\/es\/wp-json\/wp\/v2\/media\/249262"}],"wp:attachment":[{"href":"https:\/\/www.aforafocus.cat\/es\/wp-json\/wp\/v2\/media?parent=249267"}],"wp:term":[{"taxonomy":"branca","embeddable":true,"href":"https:\/\/www.aforafocus.cat\/es\/wp-json\/wp\/v2\/branca?post=249267"},{"taxonomy":"idioma","embeddable":true,"href":"https:\/\/www.aforafocus.cat\/es\/wp-json\/wp\/v2\/idioma?post=249267"}],"curies":[{"name":"wp","href":"https:\/\/api.w.org\/{rel}","templated":true}]}}

Proclamación y entrega del 48º premio de teatro memorial Margarida Xirgu

<p>el Teatre Romea acogió el acto de proclamación y entrega del 48 Premio de Teatro Memorial Margarida Xirgu, que distingue a la mejor actriz de la temporada teatral barcelonesa.</p>

<p>Este año la Federación de Grupos de Teatro Amateur de Cataluña (FGTAC) y la revista Nube asumen la organización del galardón, conjuntamente con el Ayuntamiento de Molins de Rei, Áfora Focus Fundació Romea y El instituto del Teatro. El mecenas Joan Llavina, de Team&#8217;s Motor, aportará el anillo de oro que recibirá a la actriz premiada.</p>

<p>La ganadora de este año es la actriz Míriam Iscla, por su interpretación en los montajes Crimen y castigo y Las buenas intenciones.&#13;
&#13;
 </p>

<!-- This site is optimized with the Yoast SEO plugin v27.5 - https://yoast.com/product/yoast-seo-wordpress/ -->
<title>Proclamación y entrega del 48º premio de teatro memorial Margarida Xirgu - Àfora Focus</title>
<meta name="robots" content="noindex, follow" />
<meta property="og:locale" content="es_ES" />
<meta property="og:type" content="article" />
<meta property="og:title" content="Proclamación y entrega del 48º premio de teatro memorial Margarida Xirgu - Àfora Focus" />
<meta property="og:description" content="el Teatre Romea acogió el acto de proclamación y entrega del 48 Premio de Teatro Memorial Margarida Xirgu, que distingue a la mejor actriz de la temporada teatral barcelonesa. Este año la Federación de Grupos de Teatro Amateur de Cataluña (FGTAC) y la revista Nube asumen la organización del galardón, conjuntamente con el Ayuntamiento de [&hellip;]" />
<meta property="og:url" content="https://www.aforafocus.cat/es/acto/proclamacion-y-entrega-del-48o-premio-de-teatro-memorial-margarida-xirgu/" />
<meta property="og:site_name" content="Àfora Focus" />
<meta property="article:modified_time" content="2022-07-31T13:59:21+00:00" />
<meta property="og:image" content="https://www.aforafocus.cat/wp-content/uploads/2022/07/Captura-de-pantalla-2022-07-30-a-les-17.34.37.png" />
	<meta property="og:image:width" content="880" />
	<meta property="og:image:height" content="942" />
	<meta property="og:image:type" content="image/png" />
<meta name="twitter:card" content="summary_large_image" />
<meta name="twitter:site" content="@aforafocus" />
<script type="application/ld+json" class="yoast-schema-graph">{"@context":"https:\/\/schema.org","@graph":[{"@type":"WebPage","@id":"https:\/\/www.aforafocus.cat\/es\/acto\/proclamacion-y-entrega-del-48o-premio-de-teatro-memorial-margarida-xirgu\/","url":"https:\/\/www.aforafocus.cat\/es\/acto\/proclamacion-y-entrega-del-48o-premio-de-teatro-memorial-margarida-xirgu\/","name":"Proclamación y entrega del 48º premio de teatro memorial Margarida Xirgu - Àfora Focus","isPartOf":{"@id":"https:\/\/www.aforafocus.cat\/es\/#website"},"primaryImageOfPage":{"@id":"https:\/\/www.aforafocus.cat\/es\/acto\/proclamacion-y-entrega-del-48o-premio-de-teatro-memorial-margarida-xirgu\/#primaryimage"},"image":{"@id":"https:\/\/www.aforafocus.cat\/es\/acto\/proclamacion-y-entrega-del-48o-premio-de-teatro-memorial-margarida-xirgu\/#primaryimage"},"thumbnailUrl":"https:\/\/www.aforafocus.cat\/wp-content\/uploads\/2022\/07\/Captura-de-pantalla-2022-07-30-a-les-17.34.37.png","datePublished":"2022-07-29T11:39:01+00:00","dateModified":"2022-07-31T13:59:21+00:00","breadcrumb":{"@id":"https:\/\/www.aforafocus.cat\/es\/acto\/proclamacion-y-entrega-del-48o-premio-de-teatro-memorial-margarida-xirgu\/#breadcrumb"},"inLanguage":"es","potentialAction":[{"@type":"ReadAction","target":["https:\/\/www.aforafocus.cat\/es\/acto\/proclamacion-y-entrega-del-48o-premio-de-teatro-memorial-margarida-xirgu\/"]}]},{"@type":"ImageObject","inLanguage":"es","@id":"https:\/\/www.aforafocus.cat\/es\/acto\/proclamacion-y-entrega-del-48o-premio-de-teatro-memorial-margarida-xirgu\/#primaryimage","url":"https:\/\/www.aforafocus.cat\/wp-content\/uploads\/2022\/07\/Captura-de-pantalla-2022-07-30-a-les-17.34.37.png","contentUrl":"https:\/\/www.aforafocus.cat\/wp-content\/uploads\/2022\/07\/Captura-de-pantalla-2022-07-30-a-les-17.34.37.png","width":880,"height":942},{"@type":"BreadcrumbList","@id":"https:\/\/www.aforafocus.cat\/es\/acto\/proclamacion-y-entrega-del-48o-premio-de-teatro-memorial-margarida-xirgu\/#breadcrumb","itemListElement":[{"@type":"ListItem","position":1,"name":"Inici","item":"https:\/\/www.aforafocus.cat\/es\/"},{"@type":"ListItem","position":2,"name":"Actos","item":"https:\/\/www.aforafocus.cat\/es\/acto\/"},{"@type":"ListItem","position":3,"name":"Proclamación y entrega del 48º premio de teatro memorial Margarida Xirgu"}]},{"@type":"WebSite","@id":"https:\/\/www.aforafocus.cat\/es\/#website","url":"https:\/\/www.aforafocus.cat\/es\/","name":"Àfora Focus","description":"Àfora és l’àgora del Grup Focus, un àmbit de reflexió i d’activitats que té l’ànim d’incidir en la vida artística, cultural i social.","publisher":{"@id":"https:\/\/www.aforafocus.cat\/es\/#organization"},"potentialAction":[{"@type":"SearchAction","target":{"@type":"EntryPoint","urlTemplate":"https:\/\/www.aforafocus.cat\/es\/?s={search_term_string}"},"query-input":{"@type":"PropertyValueSpecification","valueRequired":true,"valueName":"search_term_string"}}],"inLanguage":"es"},{"@type":"Organization","@id":"https:\/\/www.aforafocus.cat\/es\/#organization","name":"Àfora Focus","url":"https:\/\/www.aforafocus.cat\/es\/","logo":{"@type":"ImageObject","inLanguage":"es","@id":"https:\/\/www.aforafocus.cat\/es\/#\/schema\/logo\/image\/","url":"https:\/\/www.aforafocus.cat\/wp-content\/uploads\/2021\/12\/logo-afora-focus.png","contentUrl":"https:\/\/www.aforafocus.cat\/wp-content\/uploads\/2021\/12\/logo-afora-focus.png","width":662,"height":662,"caption":"Àfora Focus"},"image":{"@id":"https:\/\/www.aforafocus.cat\/es\/#\/schema\/logo\/image\/"},"sameAs":["https:\/\/x.com\/aforafocus","https:\/\/www.instagram.com\/aforafocus\/"]}]}</script>
<!-- / Yoast SEO plugin. -->

Proclamación y entrega del 48º premio de teatro memorial Margarida Xirgu - Àfora Focus

el Teatre Romea acogió el acto de proclamación y entrega del 48 Premio de Teatro Memorial Margarida Xirgu, que distingue a la mejor actriz de la temporada teatral barcelonesa. Este año la Federación de Grupos de Teatro Amateur de Cataluña (FGTAC) y la revista Nube asumen la organización del galardón, conjuntamente con el Ayuntamiento de [&hellip;]

Àfora Focus

Àfora és l’àgora del Grup Focus, un àmbit de reflexió i d’activitats que té l’ànim d’incidir en la vida artística, cultural i social.
