{"id":255163,"date":"2023-02-15T13:06:05","date_gmt":"2023-02-15T12:06:05","guid":{"rendered":"https:\/\/www.aforafocus.cat\/acte\/america-una-historia-familiar\/"},"modified":"2023-02-22T11:18:04","modified_gmt":"2023-02-22T10:18:04","slug":"america-una-historia-familiar","status":"publish","type":"acte","link":"https:\/\/www.aforafocus.cat\/es\/acto\/america-una-historia-familiar\/","title":{"rendered":"Am\u00e9rica: una historia familiar"},"content":{"rendered":"\n<p>Leonardo Padura, autor de la serie de novela negra\u00a0Mario Conde\u00a0y\u00a0El Hombre que amaba a los perros, y\u00a0Sergi Pompermayer, autor de la obra\u00a0Am\u00e9rica\u00a0que se representa, actualmente, en\u00a0La Villarroel, dialogar\u00e1n sobre el papel que los catalanes han jugado en la historia de Cuba, tanto como colonialistas y esclavistas como en calidad de luchadores por la independencia del pa\u00eds. Dos visiones que se sintetizan en la figura del militar mallorqu\u00edn ValerianoWeiler, creador de los infames campos de concentraci\u00f3n en los que murieron, aproximadamente, 170.000 personas, y de Emilio Bacard\u00ed, quien fue el primer alcalde de Santiago de Cuba posterior a la independencia de la isla.<\/p>\n","protected":false},"featured_media":255137,"template":"","branca":[35],"idioma":[41],"class_list":["post-255163","acte","type-acte","status-publish","has-post-thumbnail","hentry","branca-la-5a-pared","idioma-catalan"],"yoast_head":"<!-- This site is optimized with the Yoast SEO plugin v27.5 - https:\/\/yoast.com\/product\/yoast-seo-wordpress\/ -->\n<title>Am\u00e9rica: una historia familiar - \u00c0fora Focus<\/title>\n<meta name=\"robots\" content=\"noindex, follow\" \/>\n<meta property=\"og:locale\" content=\"es_ES\" \/>\n<meta property=\"og:type\" content=\"article\" \/>\n<meta property=\"og:title\" content=\"Am\u00e9rica: una historia familiar - \u00c0fora Focus\" \/>\n<meta property=\"og:description\" content=\"Leonardo Padura, autor de la serie de novela negra\u00a0Mario Conde\u00a0y\u00a0El Hombre que amaba a los perros, y\u00a0Sergi Pompermayer, autor de la obra\u00a0Am\u00e9rica\u00a0que se representa, actualmente, en\u00a0La Villarroel, dialogar\u00e1n sobre el papel que los catalanes han jugado en la historia de Cuba, tanto como colonialistas y esclavistas como en calidad de luchadores por la independencia del [&hellip;]\" \/>\n<meta property=\"og:url\" content=\"https:\/\/www.aforafocus.cat\/es\/acto\/america-una-historia-familiar\/\" \/>\n<meta property=\"og:site_name\" content=\"\u00c0fora Focus\" \/>\n<meta property=\"article:modified_time\" content=\"2023-02-22T10:18:04+00:00\" \/>\n<meta property=\"og:image\" content=\"https:\/\/www.aforafocus.cat\/wp-content\/uploads\/2023\/02\/PORTADA-0-america-teatre-la-villarroel.jpg\" \/>\n\t<meta property=\"og:image:width\" content=\"1160\" \/>\n\t<meta property=\"og:image:height\" content=\"580\" \/>\n\t<meta property=\"og:image:type\" content=\"image\/jpeg\" \/>\n<meta name=\"twitter:card\" content=\"summary_large_image\" \/>\n<meta name=\"twitter:site\" content=\"@aforafocus\" \/>\n<script type=\"application\/ld+json\" class=\"yoast-schema-graph\">{\"@context\":\"https:\\\/\\\/schema.org\",\"@graph\":[{\"@type\":\"WebPage\",\"@id\":\"https:\\\/\\\/www.aforafocus.cat\\\/es\\\/acto\\\/america-una-historia-familiar\\\/\",\"url\":\"https:\\\/\\\/www.aforafocus.cat\\\/es\\\/acto\\\/america-una-historia-familiar\\\/\",\"name\":\"Am\u00e9rica: una historia familiar - \u00c0fora Focus\",\"isPartOf\":{\"@id\":\"https:\\\/\\\/www.aforafocus.cat\\\/es\\\/#website\"},\"primaryImageOfPage\":{\"@id\":\"https:\\\/\\\/www.aforafocus.cat\\\/es\\\/acto\\\/america-una-historia-familiar\\\/#primaryimage\"},\"image\":{\"@id\":\"https:\\\/\\\/www.aforafocus.cat\\\/es\\\/acto\\\/america-una-historia-familiar\\\/#primaryimage\"},\"thumbnailUrl\":\"https:\\\/\\\/www.aforafocus.cat\\\/wp-content\\\/uploads\\\/2023\\\/02\\\/PORTADA-0-america-teatre-la-villarroel.jpg\",\"datePublished\":\"2023-02-15T12:06:05+00:00\",\"dateModified\":\"2023-02-22T10:18:04+00:00\",\"breadcrumb\":{\"@id\":\"https:\\\/\\\/www.aforafocus.cat\\\/es\\\/acto\\\/america-una-historia-familiar\\\/#breadcrumb\"},\"inLanguage\":\"es\",\"potentialAction\":[{\"@type\":\"ReadAction\",\"target\":[\"https:\\\/\\\/www.aforafocus.cat\\\/es\\\/acto\\\/america-una-historia-familiar\\\/\"]}]},{\"@type\":\"ImageObject\",\"inLanguage\":\"es\",\"@id\":\"https:\\\/\\\/www.aforafocus.cat\\\/es\\\/acto\\\/america-una-historia-familiar\\\/#primaryimage\",\"url\":\"https:\\\/\\\/www.aforafocus.cat\\\/wp-content\\\/uploads\\\/2023\\\/02\\\/PORTADA-0-america-teatre-la-villarroel.jpg\",\"contentUrl\":\"https:\\\/\\\/www.aforafocus.cat\\\/wp-content\\\/uploads\\\/2023\\\/02\\\/PORTADA-0-america-teatre-la-villarroel.jpg\",\"width\":1160,\"height\":580},{\"@type\":\"BreadcrumbList\",\"@id\":\"https:\\\/\\\/www.aforafocus.cat\\\/es\\\/acto\\\/america-una-historia-familiar\\\/#breadcrumb\",\"itemListElement\":[{\"@type\":\"ListItem\",\"position\":1,\"name\":\"Inici\",\"item\":\"https:\\\/\\\/www.aforafocus.cat\\\/es\\\/\"},{\"@type\":\"ListItem\",\"position\":2,\"name\":\"Actos\",\"item\":\"https:\\\/\\\/www.aforafocus.cat\\\/es\\\/acto\\\/\"},{\"@type\":\"ListItem\",\"position\":3,\"name\":\"Am\u00e9rica: una historia familiar\"}]},{\"@type\":\"WebSite\",\"@id\":\"https:\\\/\\\/www.aforafocus.cat\\\/es\\\/#website\",\"url\":\"https:\\\/\\\/www.aforafocus.cat\\\/es\\\/\",\"name\":\"\u00c0fora Focus\",\"description\":\"\u00c0fora \u00e9s l\u2019\u00e0gora del Grup Focus, un \u00e0mbit de reflexi\u00f3 i d\u2019activitats que t\u00e9 l\u2019\u00e0nim d\u2019incidir en la vida art\u00edstica, cultural i social.\",\"publisher\":{\"@id\":\"https:\\\/\\\/www.aforafocus.cat\\\/es\\\/#organization\"},\"potentialAction\":[{\"@type\":\"SearchAction\",\"target\":{\"@type\":\"EntryPoint\",\"urlTemplate\":\"https:\\\/\\\/www.aforafocus.cat\\\/es\\\/?s={search_term_string}\"},\"query-input\":{\"@type\":\"PropertyValueSpecification\",\"valueRequired\":true,\"valueName\":\"search_term_string\"}}],\"inLanguage\":\"es\"},{\"@type\":\"Organization\",\"@id\":\"https:\\\/\\\/www.aforafocus.cat\\\/es\\\/#organization\",\"name\":\"\u00c0fora Focus\",\"url\":\"https:\\\/\\\/www.aforafocus.cat\\\/es\\\/\",\"logo\":{\"@type\":\"ImageObject\",\"inLanguage\":\"es\",\"@id\":\"https:\\\/\\\/www.aforafocus.cat\\\/es\\\/#\\\/schema\\\/logo\\\/image\\\/\",\"url\":\"https:\\\/\\\/www.aforafocus.cat\\\/wp-content\\\/uploads\\\/2021\\\/12\\\/logo-afora-focus.png\",\"contentUrl\":\"https:\\\/\\\/www.aforafocus.cat\\\/wp-content\\\/uploads\\\/2021\\\/12\\\/logo-afora-focus.png\",\"width\":662,\"height\":662,\"caption\":\"\u00c0fora Focus\"},\"image\":{\"@id\":\"https:\\\/\\\/www.aforafocus.cat\\\/es\\\/#\\\/schema\\\/logo\\\/image\\\/\"},\"sameAs\":[\"https:\\\/\\\/x.com\\\/aforafocus\",\"https:\\\/\\\/www.instagram.com\\\/aforafocus\\\/\"]}]}<\/script>\n<!-- \/ Yoast SEO plugin. -->","yoast_head_json":{"title":"Am\u00e9rica: una historia familiar - \u00c0fora Focus","robots":{"index":"noindex","follow":"follow"},"og_locale":"es_ES","og_type":"article","og_title":"Am\u00e9rica: una historia familiar - \u00c0fora Focus","og_description":"Leonardo Padura, autor de la serie de novela negra\u00a0Mario Conde\u00a0y\u00a0El Hombre que amaba a los perros, y\u00a0Sergi Pompermayer, autor de la obra\u00a0Am\u00e9rica\u00a0que se representa, actualmente, en\u00a0La Villarroel, dialogar\u00e1n sobre el papel que los catalanes han jugado en la historia de Cuba, tanto como colonialistas y esclavistas como en calidad de luchadores por la independencia del [&hellip;]","og_url":"https:\/\/www.aforafocus.cat\/es\/acto\/america-una-historia-familiar\/","og_site_name":"\u00c0fora Focus","article_modified_time":"2023-02-22T10:18:04+00:00","og_image":[{"width":1160,"height":580,"url":"https:\/\/www.aforafocus.cat\/wp-content\/uploads\/2023\/02\/PORTADA-0-america-teatre-la-villarroel.jpg","type":"image\/jpeg"}],"twitter_card":"summary_large_image","twitter_site":"@aforafocus","schema":{"@context":"https:\/\/schema.org","@graph":[{"@type":"WebPage","@id":"https:\/\/www.aforafocus.cat\/es\/acto\/america-una-historia-familiar\/","url":"https:\/\/www.aforafocus.cat\/es\/acto\/america-una-historia-familiar\/","name":"Am\u00e9rica: una historia familiar - \u00c0fora Focus","isPartOf":{"@id":"https:\/\/www.aforafocus.cat\/es\/#website"},"primaryImageOfPage":{"@id":"https:\/\/www.aforafocus.cat\/es\/acto\/america-una-historia-familiar\/#primaryimage"},"image":{"@id":"https:\/\/www.aforafocus.cat\/es\/acto\/america-una-historia-familiar\/#primaryimage"},"thumbnailUrl":"https:\/\/www.aforafocus.cat\/wp-content\/uploads\/2023\/02\/PORTADA-0-america-teatre-la-villarroel.jpg","datePublished":"2023-02-15T12:06:05+00:00","dateModified":"2023-02-22T10:18:04+00:00","breadcrumb":{"@id":"https:\/\/www.aforafocus.cat\/es\/acto\/america-una-historia-familiar\/#breadcrumb"},"inLanguage":"es","potentialAction":[{"@type":"ReadAction","target":["https:\/\/www.aforafocus.cat\/es\/acto\/america-una-historia-familiar\/"]}]},{"@type":"ImageObject","inLanguage":"es","@id":"https:\/\/www.aforafocus.cat\/es\/acto\/america-una-historia-familiar\/#primaryimage","url":"https:\/\/www.aforafocus.cat\/wp-content\/uploads\/2023\/02\/PORTADA-0-america-teatre-la-villarroel.jpg","contentUrl":"https:\/\/www.aforafocus.cat\/wp-content\/uploads\/2023\/02\/PORTADA-0-america-teatre-la-villarroel.jpg","width":1160,"height":580},{"@type":"BreadcrumbList","@id":"https:\/\/www.aforafocus.cat\/es\/acto\/america-una-historia-familiar\/#breadcrumb","itemListElement":[{"@type":"ListItem","position":1,"name":"Inici","item":"https:\/\/www.aforafocus.cat\/es\/"},{"@type":"ListItem","position":2,"name":"Actos","item":"https:\/\/www.aforafocus.cat\/es\/acto\/"},{"@type":"ListItem","position":3,"name":"Am\u00e9rica: una historia familiar"}]},{"@type":"WebSite","@id":"https:\/\/www.aforafocus.cat\/es\/#website","url":"https:\/\/www.aforafocus.cat\/es\/","name":"\u00c0fora Focus","description":"\u00c0fora \u00e9s l\u2019\u00e0gora del Grup Focus, un \u00e0mbit de reflexi\u00f3 i d\u2019activitats que t\u00e9 l\u2019\u00e0nim d\u2019incidir en la vida art\u00edstica, cultural i social.","publisher":{"@id":"https:\/\/www.aforafocus.cat\/es\/#organization"},"potentialAction":[{"@type":"SearchAction","target":{"@type":"EntryPoint","urlTemplate":"https:\/\/www.aforafocus.cat\/es\/?s={search_term_string}"},"query-input":{"@type":"PropertyValueSpecification","valueRequired":true,"valueName":"search_term_string"}}],"inLanguage":"es"},{"@type":"Organization","@id":"https:\/\/www.aforafocus.cat\/es\/#organization","name":"\u00c0fora Focus","url":"https:\/\/www.aforafocus.cat\/es\/","logo":{"@type":"ImageObject","inLanguage":"es","@id":"https:\/\/www.aforafocus.cat\/es\/#\/schema\/logo\/image\/","url":"https:\/\/www.aforafocus.cat\/wp-content\/uploads\/2021\/12\/logo-afora-focus.png","contentUrl":"https:\/\/www.aforafocus.cat\/wp-content\/uploads\/2021\/12\/logo-afora-focus.png","width":662,"height":662,"caption":"\u00c0fora Focus"},"image":{"@id":"https:\/\/www.aforafocus.cat\/es\/#\/schema\/logo\/image\/"},"sameAs":["https:\/\/x.com\/aforafocus","https:\/\/www.instagram.com\/aforafocus\/"]}]}},"_links":{"self":[{"href":"https:\/\/www.aforafocus.cat\/es\/wp-json\/wp\/v2\/acte\/255163","targetHints":{"allow":["GET"]}}],"collection":[{"href":"https:\/\/www.aforafocus.cat\/es\/wp-json\/wp\/v2\/acte"}],"about":[{"href":"https:\/\/www.aforafocus.cat\/es\/wp-json\/wp\/v2\/types\/acte"}],"wp:featuredmedia":[{"embeddable":true,"href":"https:\/\/www.aforafocus.cat\/es\/wp-json\/wp\/v2\/media\/255137"}],"wp:attachment":[{"href":"https:\/\/www.aforafocus.cat\/es\/wp-json\/wp\/v2\/media?parent=255163"}],"wp:term":[{"taxonomy":"branca","embeddable":true,"href":"https:\/\/www.aforafocus.cat\/es\/wp-json\/wp\/v2\/branca?post=255163"},{"taxonomy":"idioma","embeddable":true,"href":"https:\/\/www.aforafocus.cat\/es\/wp-json\/wp\/v2\/idioma?post=255163"}],"curies":[{"name":"wp","href":"https:\/\/api.w.org\/{rel}","templated":true}]}}

América: una historia familiar

<p>Leonardo Padura, autor de la serie de novela negra Mario Conde y El Hombre que amaba a los perros, y Sergi Pompermayer, autor de la obra América que se representa, actualmente, en La Villarroel, dialogarán sobre el papel que los catalanes han jugado en la historia de Cuba, tanto como colonialistas y esclavistas como en calidad de luchadores por la independencia del país. Dos visiones que se sintetizan en la figura del militar mallorquín ValerianoWeiler, creador de los infames campos de concentración en los que murieron, aproximadamente, 170.000 personas, y de Emilio Bacardí, quien fue el primer alcalde de Santiago de Cuba posterior a la independencia de la isla.</p>

<!-- This site is optimized with the Yoast SEO plugin v27.5 - https://yoast.com/product/yoast-seo-wordpress/ -->
<title>América: una historia familiar - Àfora Focus</title>
<meta name="robots" content="noindex, follow" />
<meta property="og:locale" content="es_ES" />
<meta property="og:type" content="article" />
<meta property="og:title" content="América: una historia familiar - Àfora Focus" />
<meta property="og:description" content="Leonardo Padura, autor de la serie de novela negra Mario Conde y El Hombre que amaba a los perros, y Sergi Pompermayer, autor de la obra América que se representa, actualmente, en La Villarroel, dialogarán sobre el papel que los catalanes han jugado en la historia de Cuba, tanto como colonialistas y esclavistas como en calidad de luchadores por la independencia del [&hellip;]" />
<meta property="og:url" content="https://www.aforafocus.cat/es/acto/america-una-historia-familiar/" />
<meta property="og:site_name" content="Àfora Focus" />
<meta property="article:modified_time" content="2023-02-22T10:18:04+00:00" />
<meta property="og:image" content="https://www.aforafocus.cat/wp-content/uploads/2023/02/PORTADA-0-america-teatre-la-villarroel.jpg" />
	<meta property="og:image:width" content="1160" />
	<meta property="og:image:height" content="580" />
	<meta property="og:image:type" content="image/jpeg" />
<meta name="twitter:card" content="summary_large_image" />
<meta name="twitter:site" content="@aforafocus" />
<script type="application/ld+json" class="yoast-schema-graph">{"@context":"https:\/\/schema.org","@graph":[{"@type":"WebPage","@id":"https:\/\/www.aforafocus.cat\/es\/acto\/america-una-historia-familiar\/","url":"https:\/\/www.aforafocus.cat\/es\/acto\/america-una-historia-familiar\/","name":"América: una historia familiar - Àfora Focus","isPartOf":{"@id":"https:\/\/www.aforafocus.cat\/es\/#website"},"primaryImageOfPage":{"@id":"https:\/\/www.aforafocus.cat\/es\/acto\/america-una-historia-familiar\/#primaryimage"},"image":{"@id":"https:\/\/www.aforafocus.cat\/es\/acto\/america-una-historia-familiar\/#primaryimage"},"thumbnailUrl":"https:\/\/www.aforafocus.cat\/wp-content\/uploads\/2023\/02\/PORTADA-0-america-teatre-la-villarroel.jpg","datePublished":"2023-02-15T12:06:05+00:00","dateModified":"2023-02-22T10:18:04+00:00","breadcrumb":{"@id":"https:\/\/www.aforafocus.cat\/es\/acto\/america-una-historia-familiar\/#breadcrumb"},"inLanguage":"es","potentialAction":[{"@type":"ReadAction","target":["https:\/\/www.aforafocus.cat\/es\/acto\/america-una-historia-familiar\/"]}]},{"@type":"ImageObject","inLanguage":"es","@id":"https:\/\/www.aforafocus.cat\/es\/acto\/america-una-historia-familiar\/#primaryimage","url":"https:\/\/www.aforafocus.cat\/wp-content\/uploads\/2023\/02\/PORTADA-0-america-teatre-la-villarroel.jpg","contentUrl":"https:\/\/www.aforafocus.cat\/wp-content\/uploads\/2023\/02\/PORTADA-0-america-teatre-la-villarroel.jpg","width":1160,"height":580},{"@type":"BreadcrumbList","@id":"https:\/\/www.aforafocus.cat\/es\/acto\/america-una-historia-familiar\/#breadcrumb","itemListElement":[{"@type":"ListItem","position":1,"name":"Inici","item":"https:\/\/www.aforafocus.cat\/es\/"},{"@type":"ListItem","position":2,"name":"Actos","item":"https:\/\/www.aforafocus.cat\/es\/acto\/"},{"@type":"ListItem","position":3,"name":"América: una historia familiar"}]},{"@type":"WebSite","@id":"https:\/\/www.aforafocus.cat\/es\/#website","url":"https:\/\/www.aforafocus.cat\/es\/","name":"Àfora Focus","description":"Àfora és l’àgora del Grup Focus, un àmbit de reflexió i d’activitats que té l’ànim d’incidir en la vida artística, cultural i social.","publisher":{"@id":"https:\/\/www.aforafocus.cat\/es\/#organization"},"potentialAction":[{"@type":"SearchAction","target":{"@type":"EntryPoint","urlTemplate":"https:\/\/www.aforafocus.cat\/es\/?s={search_term_string}"},"query-input":{"@type":"PropertyValueSpecification","valueRequired":true,"valueName":"search_term_string"}}],"inLanguage":"es"},{"@type":"Organization","@id":"https:\/\/www.aforafocus.cat\/es\/#organization","name":"Àfora Focus","url":"https:\/\/www.aforafocus.cat\/es\/","logo":{"@type":"ImageObject","inLanguage":"es","@id":"https:\/\/www.aforafocus.cat\/es\/#\/schema\/logo\/image\/","url":"https:\/\/www.aforafocus.cat\/wp-content\/uploads\/2021\/12\/logo-afora-focus.png","contentUrl":"https:\/\/www.aforafocus.cat\/wp-content\/uploads\/2021\/12\/logo-afora-focus.png","width":662,"height":662,"caption":"Àfora Focus"},"image":{"@id":"https:\/\/www.aforafocus.cat\/es\/#\/schema\/logo\/image\/"},"sameAs":["https:\/\/x.com\/aforafocus","https:\/\/www.instagram.com\/aforafocus\/"]}]}</script>
<!-- / Yoast SEO plugin. -->

América: una historia familiar - Àfora Focus

Leonardo Padura, autor de la serie de novela negra Mario Conde y El Hombre que amaba a los perros, y Sergi Pompermayer, autor de la obra América que se representa, actualmente, en La Villarroel, dialogarán sobre el papel que los catalanes han jugado en la historia de Cuba, tanto como colonialistas y esclavistas como en calidad de luchadores por la independencia del [&hellip;]

Àfora Focus

Àfora és l’àgora del Grup Focus, un àmbit de reflexió i d’activitats que té l’ànim d’incidir en la vida artística, cultural i social.
