{"id":256350,"date":"2023-12-14T16:10:31","date_gmt":"2023-12-14T15:10:31","guid":{"rendered":"https:\/\/www.aforafocus.cat\/acte\/el-cerco-de-leningrado\/"},"modified":"2023-12-21T15:35:27","modified_gmt":"2023-12-21T14:35:27","slug":"el-cerco-de-leningrado","status":"publish","type":"acte","link":"https:\/\/www.aforafocus.cat\/es\/acto\/el-cerco-de-leningrado\/","title":{"rendered":"El Cerco de Leningrado"},"content":{"rendered":"\n<p>Una de las obras m\u00e1s representadas del autor. En ella, dos mujeres que conviven en un viejo teatro abandonado y amenazado miedo la ansia especulaci\u00f3n inmobiliaria, y se emperran en encontrar una explicaci\u00f3n a la muerte misteriosa, hace veintitr\u00e9s a\u00f1os, del que fue su amante y marido, y director de la compa\u00f1\u00eda de la que formaban parte.<\/p>\n\n<p>Esta lectura forma\u00a0parte\u00a0del\u00a0Oto\u00f1o\u00a0Sanchis. Un\u00a0oto\u00f1o\u00a0de\u00a0espect\u00e1culos,\u00a0lecturas\u00a0y\u00a0actividades\u00a0sobre la figura de Jos\u00e9 Sanchis Sinisterra\u00a0y\u00a0su\u00a0influencia en el\u00a0teatro\u00a0catal\u00e1n\u00a0y\u00a0espa\u00f1ol\u00a0contempor\u00e1neos.<\/p>\n\n<p><strong>Autor\u00eda:<\/strong>\u00a0Jos\u00e9 Sanchis Sinisterra<br\/><strong>Direcci\u00f3n:\u00a0<\/strong>Ramon Sim\u00f3<\/p>\n\n<p><strong>Reparto:<\/strong>\u00a0Merc\u00e8 Ar\u00e0nega y Vicky Pe\u00f1a<\/p>\n\n<p><div id=\"content\" class=\" pasadas\">&#13;\n<div id=\"inner-content\" class=\"row\"><main id=\"main\" class=\"\" role=\"main\">&#13;\n<article id=\"post-8300\" class=\"post-8300 activity type-activity status-publish has-post-thumbnail hentry activity_year-23 activity_cat-pasadas\" role=\"article\">&#13;\n<section class=\"entry-content small-12  medium-8 large-8 columns\">&#13;\n<div class=\"flex-wrapper row align-middle expanded\">&#13;\n<article id=\"section3\" class=\"fce-section columns small-12\" role=\"article\" data-magellan-target=\"section3\">&#13;\n<div class=\"entry-content\">&#13;\n<p>Una producci\u00f3n de la\u00a0<strong>Sala\u00a0Beckett<\/strong><\/p>&#13;\n<\/div>&#13;\n<\/article>&#13;\n<\/div>&#13;\n<\/section>&#13;\n<footer class=\"article-footer\"><\/footer><\/article>&#13;\n<\/main><\/div>&#13;\n<\/div>&#13;\n<div id=\"off-canvas\" class=\"off-canvas position-right is-transition-push\" data-off-canvas=\"id0cqc-off-canvas\" aria-hidden=\"true\"><button class=\"offcanvas-full-screen-close right\" type=\"button\" aria-label=\"Close menu\" data-close=\"\"><\/button>&#13;\n<div class=\"columns off-canvas-lang-select center-content\">&#13;\n<div class=\"wpml-ls-statics-shortcode_actions wpml-ls wpml-ls-legacy-list-horizontal\">&#13;\n<ul>&#13;\n<li class=\"wpml-ls-slot-shortcode_actions wpml-ls-item wpml-ls-item-ca wpml-ls-first-item wpml-ls-item-legacy-list-horizontal\">\u00a0<\/li>&#13;\n<\/ul>&#13;\n<\/div>&#13;\n<\/div>&#13;\n<\/div><\/p>\n","protected":false},"featured_media":256045,"template":"","branca":[80],"idioma":[41],"class_list":["post-256350","acte","type-acte","status-publish","has-post-thumbnail","hentry","branca-fundacio-romea-es","idioma-catalan"],"yoast_head":"<!-- This site is optimized with the Yoast SEO plugin v27.5 - https:\/\/yoast.com\/product\/yoast-seo-wordpress\/ -->\n<title>El Cerco de Leningrado - \u00c0fora Focus<\/title>\n<meta name=\"robots\" content=\"noindex, follow\" \/>\n<meta property=\"og:locale\" content=\"es_ES\" \/>\n<meta property=\"og:type\" content=\"article\" \/>\n<meta property=\"og:title\" content=\"El Cerco de Leningrado - \u00c0fora Focus\" \/>\n<meta property=\"og:description\" content=\"Una de las obras m\u00e1s representadas del autor. En ella, dos mujeres que conviven en un viejo teatro abandonado y amenazado miedo la ansia especulaci\u00f3n inmobiliaria, y se emperran en encontrar una explicaci\u00f3n a la muerte misteriosa, hace veintitr\u00e9s a\u00f1os, del que fue su amante y marido, y director de la compa\u00f1\u00eda de la que [&hellip;]\" \/>\n<meta property=\"og:url\" content=\"https:\/\/www.aforafocus.cat\/es\/acto\/el-cerco-de-leningrado\/\" \/>\n<meta property=\"og:site_name\" content=\"\u00c0fora Focus\" \/>\n<meta property=\"article:modified_time\" content=\"2023-12-21T14:35:27+00:00\" \/>\n<meta property=\"og:image\" content=\"https:\/\/www.aforafocus.cat\/wp-content\/uploads\/2023\/10\/TardorSanchis.jpg\" \/>\n\t<meta property=\"og:image:width\" content=\"1000\" \/>\n\t<meta property=\"og:image:height\" content=\"600\" \/>\n\t<meta property=\"og:image:type\" content=\"image\/jpeg\" \/>\n<meta name=\"twitter:card\" content=\"summary_large_image\" \/>\n<meta name=\"twitter:site\" content=\"@aforafocus\" \/>\n<script type=\"application\/ld+json\" class=\"yoast-schema-graph\">{\"@context\":\"https:\\\/\\\/schema.org\",\"@graph\":[{\"@type\":\"WebPage\",\"@id\":\"https:\\\/\\\/www.aforafocus.cat\\\/es\\\/acto\\\/el-cerco-de-leningrado\\\/\",\"url\":\"https:\\\/\\\/www.aforafocus.cat\\\/es\\\/acto\\\/el-cerco-de-leningrado\\\/\",\"name\":\"El Cerco de Leningrado - \u00c0fora Focus\",\"isPartOf\":{\"@id\":\"https:\\\/\\\/www.aforafocus.cat\\\/es\\\/#website\"},\"primaryImageOfPage\":{\"@id\":\"https:\\\/\\\/www.aforafocus.cat\\\/es\\\/acto\\\/el-cerco-de-leningrado\\\/#primaryimage\"},\"image\":{\"@id\":\"https:\\\/\\\/www.aforafocus.cat\\\/es\\\/acto\\\/el-cerco-de-leningrado\\\/#primaryimage\"},\"thumbnailUrl\":\"https:\\\/\\\/www.aforafocus.cat\\\/wp-content\\\/uploads\\\/2023\\\/10\\\/TardorSanchis.jpg\",\"datePublished\":\"2023-12-14T15:10:31+00:00\",\"dateModified\":\"2023-12-21T14:35:27+00:00\",\"breadcrumb\":{\"@id\":\"https:\\\/\\\/www.aforafocus.cat\\\/es\\\/acto\\\/el-cerco-de-leningrado\\\/#breadcrumb\"},\"inLanguage\":\"es\",\"potentialAction\":[{\"@type\":\"ReadAction\",\"target\":[\"https:\\\/\\\/www.aforafocus.cat\\\/es\\\/acto\\\/el-cerco-de-leningrado\\\/\"]}]},{\"@type\":\"ImageObject\",\"inLanguage\":\"es\",\"@id\":\"https:\\\/\\\/www.aforafocus.cat\\\/es\\\/acto\\\/el-cerco-de-leningrado\\\/#primaryimage\",\"url\":\"https:\\\/\\\/www.aforafocus.cat\\\/wp-content\\\/uploads\\\/2023\\\/10\\\/TardorSanchis.jpg\",\"contentUrl\":\"https:\\\/\\\/www.aforafocus.cat\\\/wp-content\\\/uploads\\\/2023\\\/10\\\/TardorSanchis.jpg\",\"width\":1000,\"height\":600},{\"@type\":\"BreadcrumbList\",\"@id\":\"https:\\\/\\\/www.aforafocus.cat\\\/es\\\/acto\\\/el-cerco-de-leningrado\\\/#breadcrumb\",\"itemListElement\":[{\"@type\":\"ListItem\",\"position\":1,\"name\":\"Inici\",\"item\":\"https:\\\/\\\/www.aforafocus.cat\\\/es\\\/\"},{\"@type\":\"ListItem\",\"position\":2,\"name\":\"Actos\",\"item\":\"https:\\\/\\\/www.aforafocus.cat\\\/es\\\/acto\\\/\"},{\"@type\":\"ListItem\",\"position\":3,\"name\":\"El Cerco de Leningrado\"}]},{\"@type\":\"WebSite\",\"@id\":\"https:\\\/\\\/www.aforafocus.cat\\\/es\\\/#website\",\"url\":\"https:\\\/\\\/www.aforafocus.cat\\\/es\\\/\",\"name\":\"\u00c0fora Focus\",\"description\":\"\u00c0fora \u00e9s l\u2019\u00e0gora del Grup Focus, un \u00e0mbit de reflexi\u00f3 i d\u2019activitats que t\u00e9 l\u2019\u00e0nim d\u2019incidir en la vida art\u00edstica, cultural i social.\",\"publisher\":{\"@id\":\"https:\\\/\\\/www.aforafocus.cat\\\/es\\\/#organization\"},\"potentialAction\":[{\"@type\":\"SearchAction\",\"target\":{\"@type\":\"EntryPoint\",\"urlTemplate\":\"https:\\\/\\\/www.aforafocus.cat\\\/es\\\/?s={search_term_string}\"},\"query-input\":{\"@type\":\"PropertyValueSpecification\",\"valueRequired\":true,\"valueName\":\"search_term_string\"}}],\"inLanguage\":\"es\"},{\"@type\":\"Organization\",\"@id\":\"https:\\\/\\\/www.aforafocus.cat\\\/es\\\/#organization\",\"name\":\"\u00c0fora Focus\",\"url\":\"https:\\\/\\\/www.aforafocus.cat\\\/es\\\/\",\"logo\":{\"@type\":\"ImageObject\",\"inLanguage\":\"es\",\"@id\":\"https:\\\/\\\/www.aforafocus.cat\\\/es\\\/#\\\/schema\\\/logo\\\/image\\\/\",\"url\":\"https:\\\/\\\/www.aforafocus.cat\\\/wp-content\\\/uploads\\\/2021\\\/12\\\/logo-afora-focus.png\",\"contentUrl\":\"https:\\\/\\\/www.aforafocus.cat\\\/wp-content\\\/uploads\\\/2021\\\/12\\\/logo-afora-focus.png\",\"width\":662,\"height\":662,\"caption\":\"\u00c0fora Focus\"},\"image\":{\"@id\":\"https:\\\/\\\/www.aforafocus.cat\\\/es\\\/#\\\/schema\\\/logo\\\/image\\\/\"},\"sameAs\":[\"https:\\\/\\\/x.com\\\/aforafocus\",\"https:\\\/\\\/www.instagram.com\\\/aforafocus\\\/\"]}]}<\/script>\n<!-- \/ Yoast SEO plugin. -->","yoast_head_json":{"title":"El Cerco de Leningrado - \u00c0fora Focus","robots":{"index":"noindex","follow":"follow"},"og_locale":"es_ES","og_type":"article","og_title":"El Cerco de Leningrado - \u00c0fora Focus","og_description":"Una de las obras m\u00e1s representadas del autor. En ella, dos mujeres que conviven en un viejo teatro abandonado y amenazado miedo la ansia especulaci\u00f3n inmobiliaria, y se emperran en encontrar una explicaci\u00f3n a la muerte misteriosa, hace veintitr\u00e9s a\u00f1os, del que fue su amante y marido, y director de la compa\u00f1\u00eda de la que [&hellip;]","og_url":"https:\/\/www.aforafocus.cat\/es\/acto\/el-cerco-de-leningrado\/","og_site_name":"\u00c0fora Focus","article_modified_time":"2023-12-21T14:35:27+00:00","og_image":[{"width":1000,"height":600,"url":"https:\/\/www.aforafocus.cat\/wp-content\/uploads\/2023\/10\/TardorSanchis.jpg","type":"image\/jpeg"}],"twitter_card":"summary_large_image","twitter_site":"@aforafocus","schema":{"@context":"https:\/\/schema.org","@graph":[{"@type":"WebPage","@id":"https:\/\/www.aforafocus.cat\/es\/acto\/el-cerco-de-leningrado\/","url":"https:\/\/www.aforafocus.cat\/es\/acto\/el-cerco-de-leningrado\/","name":"El Cerco de Leningrado - \u00c0fora Focus","isPartOf":{"@id":"https:\/\/www.aforafocus.cat\/es\/#website"},"primaryImageOfPage":{"@id":"https:\/\/www.aforafocus.cat\/es\/acto\/el-cerco-de-leningrado\/#primaryimage"},"image":{"@id":"https:\/\/www.aforafocus.cat\/es\/acto\/el-cerco-de-leningrado\/#primaryimage"},"thumbnailUrl":"https:\/\/www.aforafocus.cat\/wp-content\/uploads\/2023\/10\/TardorSanchis.jpg","datePublished":"2023-12-14T15:10:31+00:00","dateModified":"2023-12-21T14:35:27+00:00","breadcrumb":{"@id":"https:\/\/www.aforafocus.cat\/es\/acto\/el-cerco-de-leningrado\/#breadcrumb"},"inLanguage":"es","potentialAction":[{"@type":"ReadAction","target":["https:\/\/www.aforafocus.cat\/es\/acto\/el-cerco-de-leningrado\/"]}]},{"@type":"ImageObject","inLanguage":"es","@id":"https:\/\/www.aforafocus.cat\/es\/acto\/el-cerco-de-leningrado\/#primaryimage","url":"https:\/\/www.aforafocus.cat\/wp-content\/uploads\/2023\/10\/TardorSanchis.jpg","contentUrl":"https:\/\/www.aforafocus.cat\/wp-content\/uploads\/2023\/10\/TardorSanchis.jpg","width":1000,"height":600},{"@type":"BreadcrumbList","@id":"https:\/\/www.aforafocus.cat\/es\/acto\/el-cerco-de-leningrado\/#breadcrumb","itemListElement":[{"@type":"ListItem","position":1,"name":"Inici","item":"https:\/\/www.aforafocus.cat\/es\/"},{"@type":"ListItem","position":2,"name":"Actos","item":"https:\/\/www.aforafocus.cat\/es\/acto\/"},{"@type":"ListItem","position":3,"name":"El Cerco de Leningrado"}]},{"@type":"WebSite","@id":"https:\/\/www.aforafocus.cat\/es\/#website","url":"https:\/\/www.aforafocus.cat\/es\/","name":"\u00c0fora Focus","description":"\u00c0fora \u00e9s l\u2019\u00e0gora del Grup Focus, un \u00e0mbit de reflexi\u00f3 i d\u2019activitats que t\u00e9 l\u2019\u00e0nim d\u2019incidir en la vida art\u00edstica, cultural i social.","publisher":{"@id":"https:\/\/www.aforafocus.cat\/es\/#organization"},"potentialAction":[{"@type":"SearchAction","target":{"@type":"EntryPoint","urlTemplate":"https:\/\/www.aforafocus.cat\/es\/?s={search_term_string}"},"query-input":{"@type":"PropertyValueSpecification","valueRequired":true,"valueName":"search_term_string"}}],"inLanguage":"es"},{"@type":"Organization","@id":"https:\/\/www.aforafocus.cat\/es\/#organization","name":"\u00c0fora Focus","url":"https:\/\/www.aforafocus.cat\/es\/","logo":{"@type":"ImageObject","inLanguage":"es","@id":"https:\/\/www.aforafocus.cat\/es\/#\/schema\/logo\/image\/","url":"https:\/\/www.aforafocus.cat\/wp-content\/uploads\/2021\/12\/logo-afora-focus.png","contentUrl":"https:\/\/www.aforafocus.cat\/wp-content\/uploads\/2021\/12\/logo-afora-focus.png","width":662,"height":662,"caption":"\u00c0fora Focus"},"image":{"@id":"https:\/\/www.aforafocus.cat\/es\/#\/schema\/logo\/image\/"},"sameAs":["https:\/\/x.com\/aforafocus","https:\/\/www.instagram.com\/aforafocus\/"]}]}},"_links":{"self":[{"href":"https:\/\/www.aforafocus.cat\/es\/wp-json\/wp\/v2\/acte\/256350","targetHints":{"allow":["GET"]}}],"collection":[{"href":"https:\/\/www.aforafocus.cat\/es\/wp-json\/wp\/v2\/acte"}],"about":[{"href":"https:\/\/www.aforafocus.cat\/es\/wp-json\/wp\/v2\/types\/acte"}],"wp:featuredmedia":[{"embeddable":true,"href":"https:\/\/www.aforafocus.cat\/es\/wp-json\/wp\/v2\/media\/256045"}],"wp:attachment":[{"href":"https:\/\/www.aforafocus.cat\/es\/wp-json\/wp\/v2\/media?parent=256350"}],"wp:term":[{"taxonomy":"branca","embeddable":true,"href":"https:\/\/www.aforafocus.cat\/es\/wp-json\/wp\/v2\/branca?post=256350"},{"taxonomy":"idioma","embeddable":true,"href":"https:\/\/www.aforafocus.cat\/es\/wp-json\/wp\/v2\/idioma?post=256350"}],"curies":[{"name":"wp","href":"https:\/\/api.w.org\/{rel}","templated":true}]}}

<p>Una de las obras más representadas del autor. En ella, dos mujeres que conviven en un viejo teatro abandonado y amenazado miedo la ansia especulación inmobiliaria, y se emperran en encontrar una explicación a la muerte misteriosa, hace veintitrés años, del que fue su amante y marido, y director de la compañía de la que formaban parte.</p>

<p>Esta lectura forma parte del Otoño Sanchis. Un otoño de espectáculos, lecturas y actividades sobre la figura de José Sanchis Sinisterra y su influencia en el teatro catalán y español contemporáneos.</p>

<p><strong>Autoría:</strong> José Sanchis Sinisterra<br/><strong>Dirección: </strong>Ramon Simó</p>

<p><strong>Reparto:</strong> Mercè Arànega y Vicky Peña</p>

<p><div id="content" class=" pasadas">&#13;
<div id="inner-content" class="row"><main id="main" class="" role="main">&#13;
<article id="post-8300" class="post-8300 activity type-activity status-publish has-post-thumbnail hentry activity_year-23 activity_cat-pasadas" role="article">&#13;
<section class="entry-content small-12  medium-8 large-8 columns">&#13;
<div class="flex-wrapper row align-middle expanded">&#13;
<article id="section3" class="fce-section columns small-12" role="article" data-magellan-target="section3">&#13;
<div class="entry-content">&#13;
<p>Una producción de la <strong>Sala Beckett</strong></p>&#13;
</div>&#13;
</article>&#13;
</div>&#13;
</section>&#13;
<footer class="article-footer"></footer></article>&#13;
</main></div>&#13;
</div>&#13;
<div id="off-canvas" class="off-canvas position-right is-transition-push" data-off-canvas="id0cqc-off-canvas" aria-hidden="true"><button class="offcanvas-full-screen-close right" type="button" aria-label="Close menu" data-close=""></button>&#13;
<div class="columns off-canvas-lang-select center-content">&#13;
<div class="wpml-ls-statics-shortcode_actions wpml-ls wpml-ls-legacy-list-horizontal">&#13;
<ul>&#13;
<li class="wpml-ls-slot-shortcode_actions wpml-ls-item wpml-ls-item-ca wpml-ls-first-item wpml-ls-item-legacy-list-horizontal"> </li>&#13;
</ul>&#13;
</div>&#13;
</div>&#13;
</div></p>

<!-- This site is optimized with the Yoast SEO plugin v27.5 - https://yoast.com/product/yoast-seo-wordpress/ -->
<title>El Cerco de Leningrado - Àfora Focus</title>
<meta name="robots" content="noindex, follow" />
<meta property="og:locale" content="es_ES" />
<meta property="og:type" content="article" />
<meta property="og:title" content="El Cerco de Leningrado - Àfora Focus" />
<meta property="og:description" content="Una de las obras más representadas del autor. En ella, dos mujeres que conviven en un viejo teatro abandonado y amenazado miedo la ansia especulación inmobiliaria, y se emperran en encontrar una explicación a la muerte misteriosa, hace veintitrés años, del que fue su amante y marido, y director de la compañía de la que [&hellip;]" />
<meta property="og:url" content="https://www.aforafocus.cat/es/acto/el-cerco-de-leningrado/" />
<meta property="og:site_name" content="Àfora Focus" />
<meta property="article:modified_time" content="2023-12-21T14:35:27+00:00" />
<meta property="og:image" content="https://www.aforafocus.cat/wp-content/uploads/2023/10/TardorSanchis.jpg" />
	<meta property="og:image:width" content="1000" />
	<meta property="og:image:height" content="600" />
	<meta property="og:image:type" content="image/jpeg" />
<meta name="twitter:card" content="summary_large_image" />
<meta name="twitter:site" content="@aforafocus" />
<script type="application/ld+json" class="yoast-schema-graph">{"@context":"https:\/\/schema.org","@graph":[{"@type":"WebPage","@id":"https:\/\/www.aforafocus.cat\/es\/acto\/el-cerco-de-leningrado\/","url":"https:\/\/www.aforafocus.cat\/es\/acto\/el-cerco-de-leningrado\/","name":"El Cerco de Leningrado - Àfora Focus","isPartOf":{"@id":"https:\/\/www.aforafocus.cat\/es\/#website"},"primaryImageOfPage":{"@id":"https:\/\/www.aforafocus.cat\/es\/acto\/el-cerco-de-leningrado\/#primaryimage"},"image":{"@id":"https:\/\/www.aforafocus.cat\/es\/acto\/el-cerco-de-leningrado\/#primaryimage"},"thumbnailUrl":"https:\/\/www.aforafocus.cat\/wp-content\/uploads\/2023\/10\/TardorSanchis.jpg","datePublished":"2023-12-14T15:10:31+00:00","dateModified":"2023-12-21T14:35:27+00:00","breadcrumb":{"@id":"https:\/\/www.aforafocus.cat\/es\/acto\/el-cerco-de-leningrado\/#breadcrumb"},"inLanguage":"es","potentialAction":[{"@type":"ReadAction","target":["https:\/\/www.aforafocus.cat\/es\/acto\/el-cerco-de-leningrado\/"]}]},{"@type":"ImageObject","inLanguage":"es","@id":"https:\/\/www.aforafocus.cat\/es\/acto\/el-cerco-de-leningrado\/#primaryimage","url":"https:\/\/www.aforafocus.cat\/wp-content\/uploads\/2023\/10\/TardorSanchis.jpg","contentUrl":"https:\/\/www.aforafocus.cat\/wp-content\/uploads\/2023\/10\/TardorSanchis.jpg","width":1000,"height":600},{"@type":"BreadcrumbList","@id":"https:\/\/www.aforafocus.cat\/es\/acto\/el-cerco-de-leningrado\/#breadcrumb","itemListElement":[{"@type":"ListItem","position":1,"name":"Inici","item":"https:\/\/www.aforafocus.cat\/es\/"},{"@type":"ListItem","position":2,"name":"Actos","item":"https:\/\/www.aforafocus.cat\/es\/acto\/"},{"@type":"ListItem","position":3,"name":"El Cerco de Leningrado"}]},{"@type":"WebSite","@id":"https:\/\/www.aforafocus.cat\/es\/#website","url":"https:\/\/www.aforafocus.cat\/es\/","name":"Àfora Focus","description":"Àfora és l’àgora del Grup Focus, un àmbit de reflexió i d’activitats que té l’ànim d’incidir en la vida artística, cultural i social.","publisher":{"@id":"https:\/\/www.aforafocus.cat\/es\/#organization"},"potentialAction":[{"@type":"SearchAction","target":{"@type":"EntryPoint","urlTemplate":"https:\/\/www.aforafocus.cat\/es\/?s={search_term_string}"},"query-input":{"@type":"PropertyValueSpecification","valueRequired":true,"valueName":"search_term_string"}}],"inLanguage":"es"},{"@type":"Organization","@id":"https:\/\/www.aforafocus.cat\/es\/#organization","name":"Àfora Focus","url":"https:\/\/www.aforafocus.cat\/es\/","logo":{"@type":"ImageObject","inLanguage":"es","@id":"https:\/\/www.aforafocus.cat\/es\/#\/schema\/logo\/image\/","url":"https:\/\/www.aforafocus.cat\/wp-content\/uploads\/2021\/12\/logo-afora-focus.png","contentUrl":"https:\/\/www.aforafocus.cat\/wp-content\/uploads\/2021\/12\/logo-afora-focus.png","width":662,"height":662,"caption":"Àfora Focus"},"image":{"@id":"https:\/\/www.aforafocus.cat\/es\/#\/schema\/logo\/image\/"},"sameAs":["https:\/\/x.com\/aforafocus","https:\/\/www.instagram.com\/aforafocus\/"]}]}</script>
<!-- / Yoast SEO plugin. -->

El Cerco de Leningrado - Àfora Focus

Una de las obras más representadas del autor. En ella, dos mujeres que conviven en un viejo teatro abandonado y amenazado miedo la ansia especulación inmobiliaria, y se emperran en encontrar una explicación a la muerte misteriosa, hace veintitrés años, del que fue su amante y marido, y director de la compañía de la que [&hellip;]

Àfora Focus

Àfora és l’àgora del Grup Focus, un àmbit de reflexió i d’activitats que té l’ànim d’incidir en la vida artística, cultural i social.
