{"id":256953,"date":"2024-05-13T15:19:19","date_gmt":"2024-05-13T14:19:19","guid":{"rendered":"https:\/\/www.aforafocus.cat\/acte\/el-camaleon-el-animal-y-sus-circunstancias\/"},"modified":"2024-05-14T14:32:21","modified_gmt":"2024-05-14T13:32:21","slug":"el-camaleon-el-animal-y-sus-circunstancias","status":"publish","type":"acte","link":"https:\/\/www.aforafocus.cat\/es\/acto\/el-camaleon-el-animal-y-sus-circunstancias\/","title":{"rendered":"El camale\u00f3n (el animal y sus circunstancias)"},"content":{"rendered":"\n<p>Por una voluntad de invisibilidad que no es sin\u00f3nimo de desaparici\u00f3n. Por una intenci\u00f3n de empat\u00eda casi incontenible que abogo ante la polarizaci\u00f3n dominante. Por una reivindicaci\u00f3n de conectar con los cambios del entorno, de las circunstancias. Por huir de las posiciones inamovibles, regidas por la arrogancia o la ignorancia. Para romper con unas din\u00e1micas que nos hacen inconmovibles frente a un planeta que agoniza. Por no convertirme en un avatar de mi narcisismo, y practicar la transformaci\u00f3n constante. Para completar mi ambici\u00f3n como autora: desaparecer debajo de la piel de los personajes.<\/p>\n\n<p>Por eso, me ir\u00e9. Voy a ser hojas y tronco, y me instruir\u00e9 de sus conversaciones sabias. Tambi\u00e9n de los silencios. Ver\u00e9 todo, con mis ojos de una amplitud visual de casi 360\u00ba. Aprender\u00e9 otra forma de escuchar, sin o\u00edr las palabras, pero captando hasta la m\u00ednima vibraci\u00f3n. Quiz\u00e1s vuelvo un d\u00eda. O quiz\u00e1s invitar\u00e9 a todos los que quieren huir de una farsa que le llaman realidad, de un control que llaman libertad. Viviremos enamorados de una piel que s\u00f3lo ser\u00e1 un reflejo de lo que nos rodea, emancipados de los pigmentos monocolores, tan aburridos y tan manchados de sangre. Nuestro escenario ser\u00e1 mutable, adaptable y compartido: La comunidad de los camaleones.<\/p>\n","protected":false},"featured_media":256913,"template":"","branca":[80],"idioma":[41],"class_list":["post-256953","acte","type-acte","status-publish","has-post-thumbnail","hentry","branca-fundacio-romea-es","idioma-catalan"],"yoast_head":"<!-- This site is optimized with the Yoast SEO plugin v27.5 - https:\/\/yoast.com\/product\/yoast-seo-wordpress\/ -->\n<title>El camale\u00f3n (el animal y sus circunstancias) - \u00c0fora Focus<\/title>\n<meta name=\"robots\" content=\"noindex, follow\" \/>\n<meta property=\"og:locale\" content=\"es_ES\" \/>\n<meta property=\"og:type\" content=\"article\" \/>\n<meta property=\"og:title\" content=\"El camale\u00f3n (el animal y sus circunstancias) - \u00c0fora Focus\" \/>\n<meta property=\"og:description\" content=\"Por una voluntad de invisibilidad que no es sin\u00f3nimo de desaparici\u00f3n. Por una intenci\u00f3n de empat\u00eda casi incontenible que abogo ante la polarizaci\u00f3n dominante. Por una reivindicaci\u00f3n de conectar con los cambios del entorno, de las circunstancias. Por huir de las posiciones inamovibles, regidas por la arrogancia o la ignorancia. Para romper con unas din\u00e1micas [&hellip;]\" \/>\n<meta property=\"og:url\" content=\"https:\/\/www.aforafocus.cat\/es\/acto\/el-camaleon-el-animal-y-sus-circunstancias\/\" \/>\n<meta property=\"og:site_name\" content=\"\u00c0fora Focus\" \/>\n<meta property=\"article:modified_time\" content=\"2024-05-14T13:32:21+00:00\" \/>\n<meta property=\"og:image\" content=\"https:\/\/www.aforafocus.cat\/wp-content\/uploads\/2024\/04\/FOTO.jpg\" \/>\n\t<meta property=\"og:image:width\" content=\"614\" \/>\n\t<meta property=\"og:image:height\" content=\"512\" \/>\n\t<meta property=\"og:image:type\" content=\"image\/jpeg\" \/>\n<meta name=\"twitter:card\" content=\"summary_large_image\" \/>\n<meta name=\"twitter:site\" content=\"@aforafocus\" \/>\n<script type=\"application\/ld+json\" class=\"yoast-schema-graph\">{\"@context\":\"https:\\\/\\\/schema.org\",\"@graph\":[{\"@type\":\"WebPage\",\"@id\":\"https:\\\/\\\/www.aforafocus.cat\\\/es\\\/acto\\\/el-camaleon-el-animal-y-sus-circunstancias\\\/\",\"url\":\"https:\\\/\\\/www.aforafocus.cat\\\/es\\\/acto\\\/el-camaleon-el-animal-y-sus-circunstancias\\\/\",\"name\":\"El camale\u00f3n (el animal y sus circunstancias) - \u00c0fora Focus\",\"isPartOf\":{\"@id\":\"https:\\\/\\\/www.aforafocus.cat\\\/es\\\/#website\"},\"primaryImageOfPage\":{\"@id\":\"https:\\\/\\\/www.aforafocus.cat\\\/es\\\/acto\\\/el-camaleon-el-animal-y-sus-circunstancias\\\/#primaryimage\"},\"image\":{\"@id\":\"https:\\\/\\\/www.aforafocus.cat\\\/es\\\/acto\\\/el-camaleon-el-animal-y-sus-circunstancias\\\/#primaryimage\"},\"thumbnailUrl\":\"https:\\\/\\\/www.aforafocus.cat\\\/wp-content\\\/uploads\\\/2024\\\/04\\\/FOTO.jpg\",\"datePublished\":\"2024-05-13T14:19:19+00:00\",\"dateModified\":\"2024-05-14T13:32:21+00:00\",\"breadcrumb\":{\"@id\":\"https:\\\/\\\/www.aforafocus.cat\\\/es\\\/acto\\\/el-camaleon-el-animal-y-sus-circunstancias\\\/#breadcrumb\"},\"inLanguage\":\"es\",\"potentialAction\":[{\"@type\":\"ReadAction\",\"target\":[\"https:\\\/\\\/www.aforafocus.cat\\\/es\\\/acto\\\/el-camaleon-el-animal-y-sus-circunstancias\\\/\"]}]},{\"@type\":\"ImageObject\",\"inLanguage\":\"es\",\"@id\":\"https:\\\/\\\/www.aforafocus.cat\\\/es\\\/acto\\\/el-camaleon-el-animal-y-sus-circunstancias\\\/#primaryimage\",\"url\":\"https:\\\/\\\/www.aforafocus.cat\\\/wp-content\\\/uploads\\\/2024\\\/04\\\/FOTO.jpg\",\"contentUrl\":\"https:\\\/\\\/www.aforafocus.cat\\\/wp-content\\\/uploads\\\/2024\\\/04\\\/FOTO.jpg\",\"width\":614,\"height\":512},{\"@type\":\"BreadcrumbList\",\"@id\":\"https:\\\/\\\/www.aforafocus.cat\\\/es\\\/acto\\\/el-camaleon-el-animal-y-sus-circunstancias\\\/#breadcrumb\",\"itemListElement\":[{\"@type\":\"ListItem\",\"position\":1,\"name\":\"Inici\",\"item\":\"https:\\\/\\\/www.aforafocus.cat\\\/es\\\/\"},{\"@type\":\"ListItem\",\"position\":2,\"name\":\"Actos\",\"item\":\"https:\\\/\\\/www.aforafocus.cat\\\/es\\\/acto\\\/\"},{\"@type\":\"ListItem\",\"position\":3,\"name\":\"El camale\u00f3n (el animal y sus circunstancias)\"}]},{\"@type\":\"WebSite\",\"@id\":\"https:\\\/\\\/www.aforafocus.cat\\\/es\\\/#website\",\"url\":\"https:\\\/\\\/www.aforafocus.cat\\\/es\\\/\",\"name\":\"\u00c0fora Focus\",\"description\":\"\u00c0fora \u00e9s l\u2019\u00e0gora del Grup Focus, un \u00e0mbit de reflexi\u00f3 i d\u2019activitats que t\u00e9 l\u2019\u00e0nim d\u2019incidir en la vida art\u00edstica, cultural i social.\",\"publisher\":{\"@id\":\"https:\\\/\\\/www.aforafocus.cat\\\/es\\\/#organization\"},\"potentialAction\":[{\"@type\":\"SearchAction\",\"target\":{\"@type\":\"EntryPoint\",\"urlTemplate\":\"https:\\\/\\\/www.aforafocus.cat\\\/es\\\/?s={search_term_string}\"},\"query-input\":{\"@type\":\"PropertyValueSpecification\",\"valueRequired\":true,\"valueName\":\"search_term_string\"}}],\"inLanguage\":\"es\"},{\"@type\":\"Organization\",\"@id\":\"https:\\\/\\\/www.aforafocus.cat\\\/es\\\/#organization\",\"name\":\"\u00c0fora Focus\",\"url\":\"https:\\\/\\\/www.aforafocus.cat\\\/es\\\/\",\"logo\":{\"@type\":\"ImageObject\",\"inLanguage\":\"es\",\"@id\":\"https:\\\/\\\/www.aforafocus.cat\\\/es\\\/#\\\/schema\\\/logo\\\/image\\\/\",\"url\":\"https:\\\/\\\/www.aforafocus.cat\\\/wp-content\\\/uploads\\\/2021\\\/12\\\/logo-afora-focus.png\",\"contentUrl\":\"https:\\\/\\\/www.aforafocus.cat\\\/wp-content\\\/uploads\\\/2021\\\/12\\\/logo-afora-focus.png\",\"width\":662,\"height\":662,\"caption\":\"\u00c0fora Focus\"},\"image\":{\"@id\":\"https:\\\/\\\/www.aforafocus.cat\\\/es\\\/#\\\/schema\\\/logo\\\/image\\\/\"},\"sameAs\":[\"https:\\\/\\\/x.com\\\/aforafocus\",\"https:\\\/\\\/www.instagram.com\\\/aforafocus\\\/\"]}]}<\/script>\n<!-- \/ Yoast SEO plugin. -->","yoast_head_json":{"title":"El camale\u00f3n (el animal y sus circunstancias) - \u00c0fora Focus","robots":{"index":"noindex","follow":"follow"},"og_locale":"es_ES","og_type":"article","og_title":"El camale\u00f3n (el animal y sus circunstancias) - \u00c0fora Focus","og_description":"Por una voluntad de invisibilidad que no es sin\u00f3nimo de desaparici\u00f3n. Por una intenci\u00f3n de empat\u00eda casi incontenible que abogo ante la polarizaci\u00f3n dominante. Por una reivindicaci\u00f3n de conectar con los cambios del entorno, de las circunstancias. Por huir de las posiciones inamovibles, regidas por la arrogancia o la ignorancia. Para romper con unas din\u00e1micas [&hellip;]","og_url":"https:\/\/www.aforafocus.cat\/es\/acto\/el-camaleon-el-animal-y-sus-circunstancias\/","og_site_name":"\u00c0fora Focus","article_modified_time":"2024-05-14T13:32:21+00:00","og_image":[{"width":614,"height":512,"url":"https:\/\/www.aforafocus.cat\/wp-content\/uploads\/2024\/04\/FOTO.jpg","type":"image\/jpeg"}],"twitter_card":"summary_large_image","twitter_site":"@aforafocus","schema":{"@context":"https:\/\/schema.org","@graph":[{"@type":"WebPage","@id":"https:\/\/www.aforafocus.cat\/es\/acto\/el-camaleon-el-animal-y-sus-circunstancias\/","url":"https:\/\/www.aforafocus.cat\/es\/acto\/el-camaleon-el-animal-y-sus-circunstancias\/","name":"El camale\u00f3n (el animal y sus circunstancias) - \u00c0fora Focus","isPartOf":{"@id":"https:\/\/www.aforafocus.cat\/es\/#website"},"primaryImageOfPage":{"@id":"https:\/\/www.aforafocus.cat\/es\/acto\/el-camaleon-el-animal-y-sus-circunstancias\/#primaryimage"},"image":{"@id":"https:\/\/www.aforafocus.cat\/es\/acto\/el-camaleon-el-animal-y-sus-circunstancias\/#primaryimage"},"thumbnailUrl":"https:\/\/www.aforafocus.cat\/wp-content\/uploads\/2024\/04\/FOTO.jpg","datePublished":"2024-05-13T14:19:19+00:00","dateModified":"2024-05-14T13:32:21+00:00","breadcrumb":{"@id":"https:\/\/www.aforafocus.cat\/es\/acto\/el-camaleon-el-animal-y-sus-circunstancias\/#breadcrumb"},"inLanguage":"es","potentialAction":[{"@type":"ReadAction","target":["https:\/\/www.aforafocus.cat\/es\/acto\/el-camaleon-el-animal-y-sus-circunstancias\/"]}]},{"@type":"ImageObject","inLanguage":"es","@id":"https:\/\/www.aforafocus.cat\/es\/acto\/el-camaleon-el-animal-y-sus-circunstancias\/#primaryimage","url":"https:\/\/www.aforafocus.cat\/wp-content\/uploads\/2024\/04\/FOTO.jpg","contentUrl":"https:\/\/www.aforafocus.cat\/wp-content\/uploads\/2024\/04\/FOTO.jpg","width":614,"height":512},{"@type":"BreadcrumbList","@id":"https:\/\/www.aforafocus.cat\/es\/acto\/el-camaleon-el-animal-y-sus-circunstancias\/#breadcrumb","itemListElement":[{"@type":"ListItem","position":1,"name":"Inici","item":"https:\/\/www.aforafocus.cat\/es\/"},{"@type":"ListItem","position":2,"name":"Actos","item":"https:\/\/www.aforafocus.cat\/es\/acto\/"},{"@type":"ListItem","position":3,"name":"El camale\u00f3n (el animal y sus circunstancias)"}]},{"@type":"WebSite","@id":"https:\/\/www.aforafocus.cat\/es\/#website","url":"https:\/\/www.aforafocus.cat\/es\/","name":"\u00c0fora Focus","description":"\u00c0fora \u00e9s l\u2019\u00e0gora del Grup Focus, un \u00e0mbit de reflexi\u00f3 i d\u2019activitats que t\u00e9 l\u2019\u00e0nim d\u2019incidir en la vida art\u00edstica, cultural i social.","publisher":{"@id":"https:\/\/www.aforafocus.cat\/es\/#organization"},"potentialAction":[{"@type":"SearchAction","target":{"@type":"EntryPoint","urlTemplate":"https:\/\/www.aforafocus.cat\/es\/?s={search_term_string}"},"query-input":{"@type":"PropertyValueSpecification","valueRequired":true,"valueName":"search_term_string"}}],"inLanguage":"es"},{"@type":"Organization","@id":"https:\/\/www.aforafocus.cat\/es\/#organization","name":"\u00c0fora Focus","url":"https:\/\/www.aforafocus.cat\/es\/","logo":{"@type":"ImageObject","inLanguage":"es","@id":"https:\/\/www.aforafocus.cat\/es\/#\/schema\/logo\/image\/","url":"https:\/\/www.aforafocus.cat\/wp-content\/uploads\/2021\/12\/logo-afora-focus.png","contentUrl":"https:\/\/www.aforafocus.cat\/wp-content\/uploads\/2021\/12\/logo-afora-focus.png","width":662,"height":662,"caption":"\u00c0fora Focus"},"image":{"@id":"https:\/\/www.aforafocus.cat\/es\/#\/schema\/logo\/image\/"},"sameAs":["https:\/\/x.com\/aforafocus","https:\/\/www.instagram.com\/aforafocus\/"]}]}},"_links":{"self":[{"href":"https:\/\/www.aforafocus.cat\/es\/wp-json\/wp\/v2\/acte\/256953","targetHints":{"allow":["GET"]}}],"collection":[{"href":"https:\/\/www.aforafocus.cat\/es\/wp-json\/wp\/v2\/acte"}],"about":[{"href":"https:\/\/www.aforafocus.cat\/es\/wp-json\/wp\/v2\/types\/acte"}],"wp:featuredmedia":[{"embeddable":true,"href":"https:\/\/www.aforafocus.cat\/es\/wp-json\/wp\/v2\/media\/256913"}],"wp:attachment":[{"href":"https:\/\/www.aforafocus.cat\/es\/wp-json\/wp\/v2\/media?parent=256953"}],"wp:term":[{"taxonomy":"branca","embeddable":true,"href":"https:\/\/www.aforafocus.cat\/es\/wp-json\/wp\/v2\/branca?post=256953"},{"taxonomy":"idioma","embeddable":true,"href":"https:\/\/www.aforafocus.cat\/es\/wp-json\/wp\/v2\/idioma?post=256953"}],"curies":[{"name":"wp","href":"https:\/\/api.w.org\/{rel}","templated":true}]}}

El camaleón (el animal y sus circunstancias)

<p>Por una voluntad de invisibilidad que no es sinónimo de desaparición. Por una intención de empatía casi incontenible que abogo ante la polarización dominante. Por una reivindicación de conectar con los cambios del entorno, de las circunstancias. Por huir de las posiciones inamovibles, regidas por la arrogancia o la ignorancia. Para romper con unas dinámicas que nos hacen inconmovibles frente a un planeta que agoniza. Por no convertirme en un avatar de mi narcisismo, y practicar la transformación constante. Para completar mi ambición como autora: desaparecer debajo de la piel de los personajes.</p>

<p>Por eso, me iré. Voy a ser hojas y tronco, y me instruiré de sus conversaciones sabias. También de los silencios. Veré todo, con mis ojos de una amplitud visual de casi 360º. Aprenderé otra forma de escuchar, sin oír las palabras, pero captando hasta la mínima vibración. Quizás vuelvo un día. O quizás invitaré a todos los que quieren huir de una farsa que le llaman realidad, de un control que llaman libertad. Viviremos enamorados de una piel que sólo será un reflejo de lo que nos rodea, emancipados de los pigmentos monocolores, tan aburridos y tan manchados de sangre. Nuestro escenario será mutable, adaptable y compartido: La comunidad de los camaleones.</p>

<!-- This site is optimized with the Yoast SEO plugin v27.5 - https://yoast.com/product/yoast-seo-wordpress/ -->
<title>El camaleón (el animal y sus circunstancias) - Àfora Focus</title>
<meta name="robots" content="noindex, follow" />
<meta property="og:locale" content="es_ES" />
<meta property="og:type" content="article" />
<meta property="og:title" content="El camaleón (el animal y sus circunstancias) - Àfora Focus" />
<meta property="og:description" content="Por una voluntad de invisibilidad que no es sinónimo de desaparición. Por una intención de empatía casi incontenible que abogo ante la polarización dominante. Por una reivindicación de conectar con los cambios del entorno, de las circunstancias. Por huir de las posiciones inamovibles, regidas por la arrogancia o la ignorancia. Para romper con unas dinámicas [&hellip;]" />
<meta property="og:url" content="https://www.aforafocus.cat/es/acto/el-camaleon-el-animal-y-sus-circunstancias/" />
<meta property="og:site_name" content="Àfora Focus" />
<meta property="article:modified_time" content="2024-05-14T13:32:21+00:00" />
<meta property="og:image" content="https://www.aforafocus.cat/wp-content/uploads/2024/04/FOTO.jpg" />
	<meta property="og:image:width" content="614" />
	<meta property="og:image:height" content="512" />
	<meta property="og:image:type" content="image/jpeg" />
<meta name="twitter:card" content="summary_large_image" />
<meta name="twitter:site" content="@aforafocus" />
<script type="application/ld+json" class="yoast-schema-graph">{"@context":"https:\/\/schema.org","@graph":[{"@type":"WebPage","@id":"https:\/\/www.aforafocus.cat\/es\/acto\/el-camaleon-el-animal-y-sus-circunstancias\/","url":"https:\/\/www.aforafocus.cat\/es\/acto\/el-camaleon-el-animal-y-sus-circunstancias\/","name":"El camaleón (el animal y sus circunstancias) - Àfora Focus","isPartOf":{"@id":"https:\/\/www.aforafocus.cat\/es\/#website"},"primaryImageOfPage":{"@id":"https:\/\/www.aforafocus.cat\/es\/acto\/el-camaleon-el-animal-y-sus-circunstancias\/#primaryimage"},"image":{"@id":"https:\/\/www.aforafocus.cat\/es\/acto\/el-camaleon-el-animal-y-sus-circunstancias\/#primaryimage"},"thumbnailUrl":"https:\/\/www.aforafocus.cat\/wp-content\/uploads\/2024\/04\/FOTO.jpg","datePublished":"2024-05-13T14:19:19+00:00","dateModified":"2024-05-14T13:32:21+00:00","breadcrumb":{"@id":"https:\/\/www.aforafocus.cat\/es\/acto\/el-camaleon-el-animal-y-sus-circunstancias\/#breadcrumb"},"inLanguage":"es","potentialAction":[{"@type":"ReadAction","target":["https:\/\/www.aforafocus.cat\/es\/acto\/el-camaleon-el-animal-y-sus-circunstancias\/"]}]},{"@type":"ImageObject","inLanguage":"es","@id":"https:\/\/www.aforafocus.cat\/es\/acto\/el-camaleon-el-animal-y-sus-circunstancias\/#primaryimage","url":"https:\/\/www.aforafocus.cat\/wp-content\/uploads\/2024\/04\/FOTO.jpg","contentUrl":"https:\/\/www.aforafocus.cat\/wp-content\/uploads\/2024\/04\/FOTO.jpg","width":614,"height":512},{"@type":"BreadcrumbList","@id":"https:\/\/www.aforafocus.cat\/es\/acto\/el-camaleon-el-animal-y-sus-circunstancias\/#breadcrumb","itemListElement":[{"@type":"ListItem","position":1,"name":"Inici","item":"https:\/\/www.aforafocus.cat\/es\/"},{"@type":"ListItem","position":2,"name":"Actos","item":"https:\/\/www.aforafocus.cat\/es\/acto\/"},{"@type":"ListItem","position":3,"name":"El camaleón (el animal y sus circunstancias)"}]},{"@type":"WebSite","@id":"https:\/\/www.aforafocus.cat\/es\/#website","url":"https:\/\/www.aforafocus.cat\/es\/","name":"Àfora Focus","description":"Àfora és l’àgora del Grup Focus, un àmbit de reflexió i d’activitats que té l’ànim d’incidir en la vida artística, cultural i social.","publisher":{"@id":"https:\/\/www.aforafocus.cat\/es\/#organization"},"potentialAction":[{"@type":"SearchAction","target":{"@type":"EntryPoint","urlTemplate":"https:\/\/www.aforafocus.cat\/es\/?s={search_term_string}"},"query-input":{"@type":"PropertyValueSpecification","valueRequired":true,"valueName":"search_term_string"}}],"inLanguage":"es"},{"@type":"Organization","@id":"https:\/\/www.aforafocus.cat\/es\/#organization","name":"Àfora Focus","url":"https:\/\/www.aforafocus.cat\/es\/","logo":{"@type":"ImageObject","inLanguage":"es","@id":"https:\/\/www.aforafocus.cat\/es\/#\/schema\/logo\/image\/","url":"https:\/\/www.aforafocus.cat\/wp-content\/uploads\/2021\/12\/logo-afora-focus.png","contentUrl":"https:\/\/www.aforafocus.cat\/wp-content\/uploads\/2021\/12\/logo-afora-focus.png","width":662,"height":662,"caption":"Àfora Focus"},"image":{"@id":"https:\/\/www.aforafocus.cat\/es\/#\/schema\/logo\/image\/"},"sameAs":["https:\/\/x.com\/aforafocus","https:\/\/www.instagram.com\/aforafocus\/"]}]}</script>
<!-- / Yoast SEO plugin. -->

El camaleón (el animal y sus circunstancias) - Àfora Focus

Por una voluntad de invisibilidad que no es sinónimo de desaparición. Por una intención de empatía casi incontenible que abogo ante la polarización dominante. Por una reivindicación de conectar con los cambios del entorno, de las circunstancias. Por huir de las posiciones inamovibles, regidas por la arrogancia o la ignorancia. Para romper con unas dinámicas [&hellip;]

Àfora Focus

Àfora és l’àgora del Grup Focus, un àmbit de reflexió i d’activitats que té l’ànim d’incidir en la vida artística, cultural i social.
