{"id":257015,"date":"2024-05-22T12:53:40","date_gmt":"2024-05-22T11:53:40","guid":{"rendered":"https:\/\/www.aforafocus.cat\/acte\/el-principio-de-la-certeza\/"},"modified":"2024-05-22T12:56:21","modified_gmt":"2024-05-22T11:56:21","slug":"el-principio-de-la-certeza","status":"publish","type":"acte","link":"https:\/\/www.aforafocus.cat\/es\/acto\/el-principio-de-la-certeza\/","title":{"rendered":"El principio de la certeza"},"content":{"rendered":"\n<p>\u00bfHacia d\u00f3nde vamos? \u00bfEn qu\u00e9 direcci\u00f3n pensamos? Vivimos en un mundo lleno de certezas e incertidumbres puestas unas sobre otras. Los fil\u00f3sofos Arash Arjomandi y Norbert Bilbeny nos hablar\u00e1n sobre el principio de incertidumbre y nos dar\u00e1n estrategias existenciales para la b\u00fasqueda del sentido. \u00bfCrees que las necesitas?<br\/>Nos resolver\u00e1n cuestiones como: \u00bfNos encontramos en un horizonte apocal\u00edptico? \u00bfC\u00f3mo debemos interpretar y manejar las incertidumbres que nos ofrece el mundo? \u00bfEs suficiente nuestra libertad de acci\u00f3n para gestionar las adversidades? \u00bfQu\u00e9 podemos saber? \u00bfQu\u00e9 debemos hacer? \u00bfQu\u00e9 podemos esperar del futuro?<\/p>\n\n<p>Durante el acto se leer\u00e1n fragmentos del libro \u00abLa l\u00f3gica de la libertad\u00bb, del escritor y fil\u00f3sofo Arash Arjomandi, de la mano de la actriz Rosa Galindo.<\/p>\n","protected":false},"featured_media":257014,"template":"","branca":[80],"idioma":[41],"class_list":["post-257015","acte","type-acte","status-publish","has-post-thumbnail","hentry","branca-fundacio-romea-es","idioma-catalan"],"yoast_head":"<!-- This site is optimized with the Yoast SEO plugin v27.5 - https:\/\/yoast.com\/product\/yoast-seo-wordpress\/ -->\n<title>El principio de la certeza - \u00c0fora Focus<\/title>\n<meta name=\"robots\" content=\"noindex, follow\" \/>\n<meta property=\"og:locale\" content=\"es_ES\" \/>\n<meta property=\"og:type\" content=\"article\" \/>\n<meta property=\"og:title\" content=\"El principio de la certeza - \u00c0fora Focus\" \/>\n<meta property=\"og:description\" content=\"\u00bfHacia d\u00f3nde vamos? \u00bfEn qu\u00e9 direcci\u00f3n pensamos? Vivimos en un mundo lleno de certezas e incertidumbres puestas unas sobre otras. Los fil\u00f3sofos Arash Arjomandi y Norbert Bilbeny nos hablar\u00e1n sobre el principio de incertidumbre y nos dar\u00e1n estrategias existenciales para la b\u00fasqueda del sentido. \u00bfCrees que las necesitas?Nos resolver\u00e1n cuestiones como: \u00bfNos encontramos en un [&hellip;]\" \/>\n<meta property=\"og:url\" content=\"https:\/\/www.aforafocus.cat\/es\/acto\/el-principio-de-la-certeza\/\" \/>\n<meta property=\"og:site_name\" content=\"\u00c0fora Focus\" \/>\n<meta property=\"article:modified_time\" content=\"2024-05-22T11:56:21+00:00\" \/>\n<meta property=\"og:image\" content=\"https:\/\/www.aforafocus.cat\/wp-content\/uploads\/2024\/05\/equilibrista.-3tibn-min-1-1124x792-1.jpg\" \/>\n\t<meta property=\"og:image:width\" content=\"1124\" \/>\n\t<meta property=\"og:image:height\" content=\"792\" \/>\n\t<meta property=\"og:image:type\" content=\"image\/jpeg\" \/>\n<meta name=\"twitter:card\" content=\"summary_large_image\" \/>\n<meta name=\"twitter:site\" content=\"@aforafocus\" \/>\n<script type=\"application\/ld+json\" class=\"yoast-schema-graph\">{\"@context\":\"https:\\\/\\\/schema.org\",\"@graph\":[{\"@type\":\"WebPage\",\"@id\":\"https:\\\/\\\/www.aforafocus.cat\\\/es\\\/acto\\\/el-principio-de-la-certeza\\\/\",\"url\":\"https:\\\/\\\/www.aforafocus.cat\\\/es\\\/acto\\\/el-principio-de-la-certeza\\\/\",\"name\":\"El principio de la certeza - \u00c0fora Focus\",\"isPartOf\":{\"@id\":\"https:\\\/\\\/www.aforafocus.cat\\\/es\\\/#website\"},\"primaryImageOfPage\":{\"@id\":\"https:\\\/\\\/www.aforafocus.cat\\\/es\\\/acto\\\/el-principio-de-la-certeza\\\/#primaryimage\"},\"image\":{\"@id\":\"https:\\\/\\\/www.aforafocus.cat\\\/es\\\/acto\\\/el-principio-de-la-certeza\\\/#primaryimage\"},\"thumbnailUrl\":\"https:\\\/\\\/www.aforafocus.cat\\\/wp-content\\\/uploads\\\/2024\\\/05\\\/equilibrista.-3tibn-min-1-1124x792-1.jpg\",\"datePublished\":\"2024-05-22T11:53:40+00:00\",\"dateModified\":\"2024-05-22T11:56:21+00:00\",\"breadcrumb\":{\"@id\":\"https:\\\/\\\/www.aforafocus.cat\\\/es\\\/acto\\\/el-principio-de-la-certeza\\\/#breadcrumb\"},\"inLanguage\":\"es\",\"potentialAction\":[{\"@type\":\"ReadAction\",\"target\":[\"https:\\\/\\\/www.aforafocus.cat\\\/es\\\/acto\\\/el-principio-de-la-certeza\\\/\"]}]},{\"@type\":\"ImageObject\",\"inLanguage\":\"es\",\"@id\":\"https:\\\/\\\/www.aforafocus.cat\\\/es\\\/acto\\\/el-principio-de-la-certeza\\\/#primaryimage\",\"url\":\"https:\\\/\\\/www.aforafocus.cat\\\/wp-content\\\/uploads\\\/2024\\\/05\\\/equilibrista.-3tibn-min-1-1124x792-1.jpg\",\"contentUrl\":\"https:\\\/\\\/www.aforafocus.cat\\\/wp-content\\\/uploads\\\/2024\\\/05\\\/equilibrista.-3tibn-min-1-1124x792-1.jpg\",\"width\":1124,\"height\":792},{\"@type\":\"BreadcrumbList\",\"@id\":\"https:\\\/\\\/www.aforafocus.cat\\\/es\\\/acto\\\/el-principio-de-la-certeza\\\/#breadcrumb\",\"itemListElement\":[{\"@type\":\"ListItem\",\"position\":1,\"name\":\"Inici\",\"item\":\"https:\\\/\\\/www.aforafocus.cat\\\/es\\\/\"},{\"@type\":\"ListItem\",\"position\":2,\"name\":\"Actos\",\"item\":\"https:\\\/\\\/www.aforafocus.cat\\\/es\\\/acto\\\/\"},{\"@type\":\"ListItem\",\"position\":3,\"name\":\"El principio de la certeza\"}]},{\"@type\":\"WebSite\",\"@id\":\"https:\\\/\\\/www.aforafocus.cat\\\/es\\\/#website\",\"url\":\"https:\\\/\\\/www.aforafocus.cat\\\/es\\\/\",\"name\":\"\u00c0fora Focus\",\"description\":\"\u00c0fora \u00e9s l\u2019\u00e0gora del Grup Focus, un \u00e0mbit de reflexi\u00f3 i d\u2019activitats que t\u00e9 l\u2019\u00e0nim d\u2019incidir en la vida art\u00edstica, cultural i social.\",\"publisher\":{\"@id\":\"https:\\\/\\\/www.aforafocus.cat\\\/es\\\/#organization\"},\"potentialAction\":[{\"@type\":\"SearchAction\",\"target\":{\"@type\":\"EntryPoint\",\"urlTemplate\":\"https:\\\/\\\/www.aforafocus.cat\\\/es\\\/?s={search_term_string}\"},\"query-input\":{\"@type\":\"PropertyValueSpecification\",\"valueRequired\":true,\"valueName\":\"search_term_string\"}}],\"inLanguage\":\"es\"},{\"@type\":\"Organization\",\"@id\":\"https:\\\/\\\/www.aforafocus.cat\\\/es\\\/#organization\",\"name\":\"\u00c0fora Focus\",\"url\":\"https:\\\/\\\/www.aforafocus.cat\\\/es\\\/\",\"logo\":{\"@type\":\"ImageObject\",\"inLanguage\":\"es\",\"@id\":\"https:\\\/\\\/www.aforafocus.cat\\\/es\\\/#\\\/schema\\\/logo\\\/image\\\/\",\"url\":\"https:\\\/\\\/www.aforafocus.cat\\\/wp-content\\\/uploads\\\/2021\\\/12\\\/logo-afora-focus.png\",\"contentUrl\":\"https:\\\/\\\/www.aforafocus.cat\\\/wp-content\\\/uploads\\\/2021\\\/12\\\/logo-afora-focus.png\",\"width\":662,\"height\":662,\"caption\":\"\u00c0fora Focus\"},\"image\":{\"@id\":\"https:\\\/\\\/www.aforafocus.cat\\\/es\\\/#\\\/schema\\\/logo\\\/image\\\/\"},\"sameAs\":[\"https:\\\/\\\/x.com\\\/aforafocus\",\"https:\\\/\\\/www.instagram.com\\\/aforafocus\\\/\"]}]}<\/script>\n<!-- \/ Yoast SEO plugin. -->","yoast_head_json":{"title":"El principio de la certeza - \u00c0fora Focus","robots":{"index":"noindex","follow":"follow"},"og_locale":"es_ES","og_type":"article","og_title":"El principio de la certeza - \u00c0fora Focus","og_description":"\u00bfHacia d\u00f3nde vamos? \u00bfEn qu\u00e9 direcci\u00f3n pensamos? Vivimos en un mundo lleno de certezas e incertidumbres puestas unas sobre otras. Los fil\u00f3sofos Arash Arjomandi y Norbert Bilbeny nos hablar\u00e1n sobre el principio de incertidumbre y nos dar\u00e1n estrategias existenciales para la b\u00fasqueda del sentido. \u00bfCrees que las necesitas?Nos resolver\u00e1n cuestiones como: \u00bfNos encontramos en un [&hellip;]","og_url":"https:\/\/www.aforafocus.cat\/es\/acto\/el-principio-de-la-certeza\/","og_site_name":"\u00c0fora Focus","article_modified_time":"2024-05-22T11:56:21+00:00","og_image":[{"width":1124,"height":792,"url":"https:\/\/www.aforafocus.cat\/wp-content\/uploads\/2024\/05\/equilibrista.-3tibn-min-1-1124x792-1.jpg","type":"image\/jpeg"}],"twitter_card":"summary_large_image","twitter_site":"@aforafocus","schema":{"@context":"https:\/\/schema.org","@graph":[{"@type":"WebPage","@id":"https:\/\/www.aforafocus.cat\/es\/acto\/el-principio-de-la-certeza\/","url":"https:\/\/www.aforafocus.cat\/es\/acto\/el-principio-de-la-certeza\/","name":"El principio de la certeza - \u00c0fora Focus","isPartOf":{"@id":"https:\/\/www.aforafocus.cat\/es\/#website"},"primaryImageOfPage":{"@id":"https:\/\/www.aforafocus.cat\/es\/acto\/el-principio-de-la-certeza\/#primaryimage"},"image":{"@id":"https:\/\/www.aforafocus.cat\/es\/acto\/el-principio-de-la-certeza\/#primaryimage"},"thumbnailUrl":"https:\/\/www.aforafocus.cat\/wp-content\/uploads\/2024\/05\/equilibrista.-3tibn-min-1-1124x792-1.jpg","datePublished":"2024-05-22T11:53:40+00:00","dateModified":"2024-05-22T11:56:21+00:00","breadcrumb":{"@id":"https:\/\/www.aforafocus.cat\/es\/acto\/el-principio-de-la-certeza\/#breadcrumb"},"inLanguage":"es","potentialAction":[{"@type":"ReadAction","target":["https:\/\/www.aforafocus.cat\/es\/acto\/el-principio-de-la-certeza\/"]}]},{"@type":"ImageObject","inLanguage":"es","@id":"https:\/\/www.aforafocus.cat\/es\/acto\/el-principio-de-la-certeza\/#primaryimage","url":"https:\/\/www.aforafocus.cat\/wp-content\/uploads\/2024\/05\/equilibrista.-3tibn-min-1-1124x792-1.jpg","contentUrl":"https:\/\/www.aforafocus.cat\/wp-content\/uploads\/2024\/05\/equilibrista.-3tibn-min-1-1124x792-1.jpg","width":1124,"height":792},{"@type":"BreadcrumbList","@id":"https:\/\/www.aforafocus.cat\/es\/acto\/el-principio-de-la-certeza\/#breadcrumb","itemListElement":[{"@type":"ListItem","position":1,"name":"Inici","item":"https:\/\/www.aforafocus.cat\/es\/"},{"@type":"ListItem","position":2,"name":"Actos","item":"https:\/\/www.aforafocus.cat\/es\/acto\/"},{"@type":"ListItem","position":3,"name":"El principio de la certeza"}]},{"@type":"WebSite","@id":"https:\/\/www.aforafocus.cat\/es\/#website","url":"https:\/\/www.aforafocus.cat\/es\/","name":"\u00c0fora Focus","description":"\u00c0fora \u00e9s l\u2019\u00e0gora del Grup Focus, un \u00e0mbit de reflexi\u00f3 i d\u2019activitats que t\u00e9 l\u2019\u00e0nim d\u2019incidir en la vida art\u00edstica, cultural i social.","publisher":{"@id":"https:\/\/www.aforafocus.cat\/es\/#organization"},"potentialAction":[{"@type":"SearchAction","target":{"@type":"EntryPoint","urlTemplate":"https:\/\/www.aforafocus.cat\/es\/?s={search_term_string}"},"query-input":{"@type":"PropertyValueSpecification","valueRequired":true,"valueName":"search_term_string"}}],"inLanguage":"es"},{"@type":"Organization","@id":"https:\/\/www.aforafocus.cat\/es\/#organization","name":"\u00c0fora Focus","url":"https:\/\/www.aforafocus.cat\/es\/","logo":{"@type":"ImageObject","inLanguage":"es","@id":"https:\/\/www.aforafocus.cat\/es\/#\/schema\/logo\/image\/","url":"https:\/\/www.aforafocus.cat\/wp-content\/uploads\/2021\/12\/logo-afora-focus.png","contentUrl":"https:\/\/www.aforafocus.cat\/wp-content\/uploads\/2021\/12\/logo-afora-focus.png","width":662,"height":662,"caption":"\u00c0fora Focus"},"image":{"@id":"https:\/\/www.aforafocus.cat\/es\/#\/schema\/logo\/image\/"},"sameAs":["https:\/\/x.com\/aforafocus","https:\/\/www.instagram.com\/aforafocus\/"]}]}},"_links":{"self":[{"href":"https:\/\/www.aforafocus.cat\/es\/wp-json\/wp\/v2\/acte\/257015","targetHints":{"allow":["GET"]}}],"collection":[{"href":"https:\/\/www.aforafocus.cat\/es\/wp-json\/wp\/v2\/acte"}],"about":[{"href":"https:\/\/www.aforafocus.cat\/es\/wp-json\/wp\/v2\/types\/acte"}],"wp:featuredmedia":[{"embeddable":true,"href":"https:\/\/www.aforafocus.cat\/es\/wp-json\/wp\/v2\/media\/257014"}],"wp:attachment":[{"href":"https:\/\/www.aforafocus.cat\/es\/wp-json\/wp\/v2\/media?parent=257015"}],"wp:term":[{"taxonomy":"branca","embeddable":true,"href":"https:\/\/www.aforafocus.cat\/es\/wp-json\/wp\/v2\/branca?post=257015"},{"taxonomy":"idioma","embeddable":true,"href":"https:\/\/www.aforafocus.cat\/es\/wp-json\/wp\/v2\/idioma?post=257015"}],"curies":[{"name":"wp","href":"https:\/\/api.w.org\/{rel}","templated":true}]}}

<p>¿Hacia dónde vamos? ¿En qué dirección pensamos? Vivimos en un mundo lleno de certezas e incertidumbres puestas unas sobre otras. Los filósofos Arash Arjomandi y Norbert Bilbeny nos hablarán sobre el principio de incertidumbre y nos darán estrategias existenciales para la búsqueda del sentido. ¿Crees que las necesitas?<br/>Nos resolverán cuestiones como: ¿Nos encontramos en un horizonte apocalíptico? ¿Cómo debemos interpretar y manejar las incertidumbres que nos ofrece el mundo? ¿Es suficiente nuestra libertad de acción para gestionar las adversidades? ¿Qué podemos saber? ¿Qué debemos hacer? ¿Qué podemos esperar del futuro?</p>

<p>Durante el acto se leerán fragmentos del libro «La lógica de la libertad», del escritor y filósofo Arash Arjomandi, de la mano de la actriz Rosa Galindo.</p>

<!-- This site is optimized with the Yoast SEO plugin v27.5 - https://yoast.com/product/yoast-seo-wordpress/ -->
<title>El principio de la certeza - Àfora Focus</title>
<meta name="robots" content="noindex, follow" />
<meta property="og:locale" content="es_ES" />
<meta property="og:type" content="article" />
<meta property="og:title" content="El principio de la certeza - Àfora Focus" />
<meta property="og:description" content="¿Hacia dónde vamos? ¿En qué dirección pensamos? Vivimos en un mundo lleno de certezas e incertidumbres puestas unas sobre otras. Los filósofos Arash Arjomandi y Norbert Bilbeny nos hablarán sobre el principio de incertidumbre y nos darán estrategias existenciales para la búsqueda del sentido. ¿Crees que las necesitas?Nos resolverán cuestiones como: ¿Nos encontramos en un [&hellip;]" />
<meta property="og:url" content="https://www.aforafocus.cat/es/acto/el-principio-de-la-certeza/" />
<meta property="og:site_name" content="Àfora Focus" />
<meta property="article:modified_time" content="2024-05-22T11:56:21+00:00" />
<meta property="og:image" content="https://www.aforafocus.cat/wp-content/uploads/2024/05/equilibrista.-3tibn-min-1-1124x792-1.jpg" />
	<meta property="og:image:width" content="1124" />
	<meta property="og:image:height" content="792" />
	<meta property="og:image:type" content="image/jpeg" />
<meta name="twitter:card" content="summary_large_image" />
<meta name="twitter:site" content="@aforafocus" />
<script type="application/ld+json" class="yoast-schema-graph">{"@context":"https:\/\/schema.org","@graph":[{"@type":"WebPage","@id":"https:\/\/www.aforafocus.cat\/es\/acto\/el-principio-de-la-certeza\/","url":"https:\/\/www.aforafocus.cat\/es\/acto\/el-principio-de-la-certeza\/","name":"El principio de la certeza - Àfora Focus","isPartOf":{"@id":"https:\/\/www.aforafocus.cat\/es\/#website"},"primaryImageOfPage":{"@id":"https:\/\/www.aforafocus.cat\/es\/acto\/el-principio-de-la-certeza\/#primaryimage"},"image":{"@id":"https:\/\/www.aforafocus.cat\/es\/acto\/el-principio-de-la-certeza\/#primaryimage"},"thumbnailUrl":"https:\/\/www.aforafocus.cat\/wp-content\/uploads\/2024\/05\/equilibrista.-3tibn-min-1-1124x792-1.jpg","datePublished":"2024-05-22T11:53:40+00:00","dateModified":"2024-05-22T11:56:21+00:00","breadcrumb":{"@id":"https:\/\/www.aforafocus.cat\/es\/acto\/el-principio-de-la-certeza\/#breadcrumb"},"inLanguage":"es","potentialAction":[{"@type":"ReadAction","target":["https:\/\/www.aforafocus.cat\/es\/acto\/el-principio-de-la-certeza\/"]}]},{"@type":"ImageObject","inLanguage":"es","@id":"https:\/\/www.aforafocus.cat\/es\/acto\/el-principio-de-la-certeza\/#primaryimage","url":"https:\/\/www.aforafocus.cat\/wp-content\/uploads\/2024\/05\/equilibrista.-3tibn-min-1-1124x792-1.jpg","contentUrl":"https:\/\/www.aforafocus.cat\/wp-content\/uploads\/2024\/05\/equilibrista.-3tibn-min-1-1124x792-1.jpg","width":1124,"height":792},{"@type":"BreadcrumbList","@id":"https:\/\/www.aforafocus.cat\/es\/acto\/el-principio-de-la-certeza\/#breadcrumb","itemListElement":[{"@type":"ListItem","position":1,"name":"Inici","item":"https:\/\/www.aforafocus.cat\/es\/"},{"@type":"ListItem","position":2,"name":"Actos","item":"https:\/\/www.aforafocus.cat\/es\/acto\/"},{"@type":"ListItem","position":3,"name":"El principio de la certeza"}]},{"@type":"WebSite","@id":"https:\/\/www.aforafocus.cat\/es\/#website","url":"https:\/\/www.aforafocus.cat\/es\/","name":"Àfora Focus","description":"Àfora és l’àgora del Grup Focus, un àmbit de reflexió i d’activitats que té l’ànim d’incidir en la vida artística, cultural i social.","publisher":{"@id":"https:\/\/www.aforafocus.cat\/es\/#organization"},"potentialAction":[{"@type":"SearchAction","target":{"@type":"EntryPoint","urlTemplate":"https:\/\/www.aforafocus.cat\/es\/?s={search_term_string}"},"query-input":{"@type":"PropertyValueSpecification","valueRequired":true,"valueName":"search_term_string"}}],"inLanguage":"es"},{"@type":"Organization","@id":"https:\/\/www.aforafocus.cat\/es\/#organization","name":"Àfora Focus","url":"https:\/\/www.aforafocus.cat\/es\/","logo":{"@type":"ImageObject","inLanguage":"es","@id":"https:\/\/www.aforafocus.cat\/es\/#\/schema\/logo\/image\/","url":"https:\/\/www.aforafocus.cat\/wp-content\/uploads\/2021\/12\/logo-afora-focus.png","contentUrl":"https:\/\/www.aforafocus.cat\/wp-content\/uploads\/2021\/12\/logo-afora-focus.png","width":662,"height":662,"caption":"Àfora Focus"},"image":{"@id":"https:\/\/www.aforafocus.cat\/es\/#\/schema\/logo\/image\/"},"sameAs":["https:\/\/x.com\/aforafocus","https:\/\/www.instagram.com\/aforafocus\/"]}]}</script>
<!-- / Yoast SEO plugin. -->

El principio de la certeza - Àfora Focus

¿Hacia dónde vamos? ¿En qué dirección pensamos? Vivimos en un mundo lleno de certezas e incertidumbres puestas unas sobre otras. Los filósofos Arash Arjomandi y Norbert Bilbeny nos hablarán sobre el principio de incertidumbre y nos darán estrategias existenciales para la búsqueda del sentido. ¿Crees que las necesitas?Nos resolverán cuestiones como: ¿Nos encontramos en un [&hellip;]

Àfora Focus

Àfora és l’àgora del Grup Focus, un àmbit de reflexió i d’activitats que té l’ànim d’incidir en la vida artística, cultural i social.
