{"id":257056,"date":"2024-07-08T11:32:20","date_gmt":"2024-07-08T10:32:20","guid":{"rendered":"https:\/\/www.aforafocus.cat\/acte\/xii-ciclo-de-lecturas-dramatizadas-con-mhe-casat-amb-tu-per-alegria\/"},"modified":"2024-07-08T11:38:35","modified_gmt":"2024-07-08T10:38:35","slug":"xii-ciclo-de-lecturas-dramatizadas-con-mhe-casat-amb-tu-per-alegria","status":"publish","type":"acte","link":"https:\/\/www.aforafocus.cat\/es\/acto\/xii-ciclo-de-lecturas-dramatizadas-con-mhe-casat-amb-tu-per-alegria\/","title":{"rendered":"XII Ciclo de lecturas dramatizadas con M\u2019he casat amb tu per alegria"},"content":{"rendered":"\n<p>Iniciamos el 12.\u00ba ciclo de lecturas dramatizadas con M\u2019he casat amb tu per alegria escrita por Natalia Ginzburg y dirigida por la socia Maria Casellas.<\/p>\n\n<p>El elenco de int\u00e9rpretes est\u00e1 compuesto por la actriz Assun Planas, las socias Andrea Portella, M\u00edriam Escurriola y Marc Pujol.<\/p>\n\n<p>Sinopsis:<\/p>\n\n<p>Hace una semana del casamiento del Pietro y la Giuliana, una pareja que hace poco m\u00e1s de un mes que se conocen. \u00c9l es un abogado de clase acomodada, cansado de una vida convencional donde reina la orden. Ella, una exc\u00e9ntrica chica de origen rural y humilde que, despu\u00e9s de marchar de casa a los diecisiete a\u00f1os, se ha espabilado por s\u00ed sola en una ciudad que no le ha estado amable. El Pietro ha invitado a su madre a comida, que no ve con buenos ojos este casamiento precipitado. Toda una prueba de fuego para la joven que dista mucho de los valores tradicionales de la madre y que busca nuevas f\u00f3rmulas para entender el amor y encontrar la felicidad.<\/p>\n\n<p>M\u2019he casat amb tu per alegria es la primera obra de teatro de Natalia Ginzburg, con unos personajes que tanto se cuestionan las bases de su existencia como hablan de las cosas m\u00e1s banales. Con di\u00e1logos vivos y delirantes, la pieza retrata una sociedad aferrada a sus tradiciones que entra en contradicci\u00f3n con las nuevas realidades sociales que van apareciendo. Una reflexi\u00f3n sobre los mecanismos de la felicidad; el amor y el enamoramiento; y el equilibrio entre esquivar el destino o someterse.<\/p>\n","protected":false},"featured_media":257055,"template":"","branca":[80],"idioma":[41],"class_list":["post-257056","acte","type-acte","status-publish","has-post-thumbnail","hentry","branca-fundacio-romea-es","idioma-catalan"],"yoast_head":"<!-- This site is optimized with the Yoast SEO plugin v27.5 - https:\/\/yoast.com\/product\/yoast-seo-wordpress\/ -->\n<title>XII Ciclo de lecturas dramatizadas con M\u2019he casat amb tu per alegria - \u00c0fora Focus<\/title>\n<meta name=\"robots\" content=\"noindex, follow\" \/>\n<meta property=\"og:locale\" content=\"es_ES\" \/>\n<meta property=\"og:type\" content=\"article\" \/>\n<meta property=\"og:title\" content=\"XII Ciclo de lecturas dramatizadas con M\u2019he casat amb tu per alegria - \u00c0fora Focus\" \/>\n<meta property=\"og:description\" content=\"Iniciamos el 12.\u00ba ciclo de lecturas dramatizadas con M\u2019he casat amb tu per alegria escrita por Natalia Ginzburg y dirigida por la socia Maria Casellas. El elenco de int\u00e9rpretes est\u00e1 compuesto por la actriz Assun Planas, las socias Andrea Portella, M\u00edriam Escurriola y Marc Pujol. Sinopsis: Hace una semana del casamiento del Pietro y la [&hellip;]\" \/>\n<meta property=\"og:url\" content=\"https:\/\/www.aforafocus.cat\/es\/acto\/xii-ciclo-de-lecturas-dramatizadas-con-mhe-casat-amb-tu-per-alegria\/\" \/>\n<meta property=\"og:site_name\" content=\"\u00c0fora Focus\" \/>\n<meta property=\"article:modified_time\" content=\"2024-07-08T10:38:35+00:00\" \/>\n<meta property=\"og:image\" content=\"https:\/\/www.aforafocus.cat\/wp-content\/uploads\/2024\/07\/Diseno-sin-titulo-3.png\" \/>\n\t<meta property=\"og:image:width\" content=\"940\" \/>\n\t<meta property=\"og:image:height\" content=\"788\" \/>\n\t<meta property=\"og:image:type\" content=\"image\/png\" \/>\n<meta name=\"twitter:card\" content=\"summary_large_image\" \/>\n<meta name=\"twitter:site\" content=\"@aforafocus\" \/>\n<script type=\"application\/ld+json\" class=\"yoast-schema-graph\">{\"@context\":\"https:\\\/\\\/schema.org\",\"@graph\":[{\"@type\":\"WebPage\",\"@id\":\"https:\\\/\\\/www.aforafocus.cat\\\/es\\\/acto\\\/xii-ciclo-de-lecturas-dramatizadas-con-mhe-casat-amb-tu-per-alegria\\\/\",\"url\":\"https:\\\/\\\/www.aforafocus.cat\\\/es\\\/acto\\\/xii-ciclo-de-lecturas-dramatizadas-con-mhe-casat-amb-tu-per-alegria\\\/\",\"name\":\"XII Ciclo de lecturas dramatizadas con M\u2019he casat amb tu per alegria - \u00c0fora Focus\",\"isPartOf\":{\"@id\":\"https:\\\/\\\/www.aforafocus.cat\\\/es\\\/#website\"},\"primaryImageOfPage\":{\"@id\":\"https:\\\/\\\/www.aforafocus.cat\\\/es\\\/acto\\\/xii-ciclo-de-lecturas-dramatizadas-con-mhe-casat-amb-tu-per-alegria\\\/#primaryimage\"},\"image\":{\"@id\":\"https:\\\/\\\/www.aforafocus.cat\\\/es\\\/acto\\\/xii-ciclo-de-lecturas-dramatizadas-con-mhe-casat-amb-tu-per-alegria\\\/#primaryimage\"},\"thumbnailUrl\":\"https:\\\/\\\/www.aforafocus.cat\\\/wp-content\\\/uploads\\\/2024\\\/07\\\/Diseno-sin-titulo-3.png\",\"datePublished\":\"2024-07-08T10:32:20+00:00\",\"dateModified\":\"2024-07-08T10:38:35+00:00\",\"breadcrumb\":{\"@id\":\"https:\\\/\\\/www.aforafocus.cat\\\/es\\\/acto\\\/xii-ciclo-de-lecturas-dramatizadas-con-mhe-casat-amb-tu-per-alegria\\\/#breadcrumb\"},\"inLanguage\":\"es\",\"potentialAction\":[{\"@type\":\"ReadAction\",\"target\":[\"https:\\\/\\\/www.aforafocus.cat\\\/es\\\/acto\\\/xii-ciclo-de-lecturas-dramatizadas-con-mhe-casat-amb-tu-per-alegria\\\/\"]}]},{\"@type\":\"ImageObject\",\"inLanguage\":\"es\",\"@id\":\"https:\\\/\\\/www.aforafocus.cat\\\/es\\\/acto\\\/xii-ciclo-de-lecturas-dramatizadas-con-mhe-casat-amb-tu-per-alegria\\\/#primaryimage\",\"url\":\"https:\\\/\\\/www.aforafocus.cat\\\/wp-content\\\/uploads\\\/2024\\\/07\\\/Diseno-sin-titulo-3.png\",\"contentUrl\":\"https:\\\/\\\/www.aforafocus.cat\\\/wp-content\\\/uploads\\\/2024\\\/07\\\/Diseno-sin-titulo-3.png\",\"width\":940,\"height\":788},{\"@type\":\"BreadcrumbList\",\"@id\":\"https:\\\/\\\/www.aforafocus.cat\\\/es\\\/acto\\\/xii-ciclo-de-lecturas-dramatizadas-con-mhe-casat-amb-tu-per-alegria\\\/#breadcrumb\",\"itemListElement\":[{\"@type\":\"ListItem\",\"position\":1,\"name\":\"Inici\",\"item\":\"https:\\\/\\\/www.aforafocus.cat\\\/es\\\/\"},{\"@type\":\"ListItem\",\"position\":2,\"name\":\"Actos\",\"item\":\"https:\\\/\\\/www.aforafocus.cat\\\/es\\\/acto\\\/\"},{\"@type\":\"ListItem\",\"position\":3,\"name\":\"XII Ciclo de lecturas dramatizadas con M\u2019he casat amb tu per alegria\"}]},{\"@type\":\"WebSite\",\"@id\":\"https:\\\/\\\/www.aforafocus.cat\\\/es\\\/#website\",\"url\":\"https:\\\/\\\/www.aforafocus.cat\\\/es\\\/\",\"name\":\"\u00c0fora Focus\",\"description\":\"\u00c0fora \u00e9s l\u2019\u00e0gora del Grup Focus, un \u00e0mbit de reflexi\u00f3 i d\u2019activitats que t\u00e9 l\u2019\u00e0nim d\u2019incidir en la vida art\u00edstica, cultural i social.\",\"publisher\":{\"@id\":\"https:\\\/\\\/www.aforafocus.cat\\\/es\\\/#organization\"},\"potentialAction\":[{\"@type\":\"SearchAction\",\"target\":{\"@type\":\"EntryPoint\",\"urlTemplate\":\"https:\\\/\\\/www.aforafocus.cat\\\/es\\\/?s={search_term_string}\"},\"query-input\":{\"@type\":\"PropertyValueSpecification\",\"valueRequired\":true,\"valueName\":\"search_term_string\"}}],\"inLanguage\":\"es\"},{\"@type\":\"Organization\",\"@id\":\"https:\\\/\\\/www.aforafocus.cat\\\/es\\\/#organization\",\"name\":\"\u00c0fora Focus\",\"url\":\"https:\\\/\\\/www.aforafocus.cat\\\/es\\\/\",\"logo\":{\"@type\":\"ImageObject\",\"inLanguage\":\"es\",\"@id\":\"https:\\\/\\\/www.aforafocus.cat\\\/es\\\/#\\\/schema\\\/logo\\\/image\\\/\",\"url\":\"https:\\\/\\\/www.aforafocus.cat\\\/wp-content\\\/uploads\\\/2021\\\/12\\\/logo-afora-focus.png\",\"contentUrl\":\"https:\\\/\\\/www.aforafocus.cat\\\/wp-content\\\/uploads\\\/2021\\\/12\\\/logo-afora-focus.png\",\"width\":662,\"height\":662,\"caption\":\"\u00c0fora Focus\"},\"image\":{\"@id\":\"https:\\\/\\\/www.aforafocus.cat\\\/es\\\/#\\\/schema\\\/logo\\\/image\\\/\"},\"sameAs\":[\"https:\\\/\\\/x.com\\\/aforafocus\",\"https:\\\/\\\/www.instagram.com\\\/aforafocus\\\/\"]}]}<\/script>\n<!-- \/ Yoast SEO plugin. -->","yoast_head_json":{"title":"XII Ciclo de lecturas dramatizadas con M\u2019he casat amb tu per alegria - \u00c0fora Focus","robots":{"index":"noindex","follow":"follow"},"og_locale":"es_ES","og_type":"article","og_title":"XII Ciclo de lecturas dramatizadas con M\u2019he casat amb tu per alegria - \u00c0fora Focus","og_description":"Iniciamos el 12.\u00ba ciclo de lecturas dramatizadas con M\u2019he casat amb tu per alegria escrita por Natalia Ginzburg y dirigida por la socia Maria Casellas. El elenco de int\u00e9rpretes est\u00e1 compuesto por la actriz Assun Planas, las socias Andrea Portella, M\u00edriam Escurriola y Marc Pujol. Sinopsis: Hace una semana del casamiento del Pietro y la [&hellip;]","og_url":"https:\/\/www.aforafocus.cat\/es\/acto\/xii-ciclo-de-lecturas-dramatizadas-con-mhe-casat-amb-tu-per-alegria\/","og_site_name":"\u00c0fora Focus","article_modified_time":"2024-07-08T10:38:35+00:00","og_image":[{"width":940,"height":788,"url":"https:\/\/www.aforafocus.cat\/wp-content\/uploads\/2024\/07\/Diseno-sin-titulo-3.png","type":"image\/png"}],"twitter_card":"summary_large_image","twitter_site":"@aforafocus","schema":{"@context":"https:\/\/schema.org","@graph":[{"@type":"WebPage","@id":"https:\/\/www.aforafocus.cat\/es\/acto\/xii-ciclo-de-lecturas-dramatizadas-con-mhe-casat-amb-tu-per-alegria\/","url":"https:\/\/www.aforafocus.cat\/es\/acto\/xii-ciclo-de-lecturas-dramatizadas-con-mhe-casat-amb-tu-per-alegria\/","name":"XII Ciclo de lecturas dramatizadas con M\u2019he casat amb tu per alegria - \u00c0fora Focus","isPartOf":{"@id":"https:\/\/www.aforafocus.cat\/es\/#website"},"primaryImageOfPage":{"@id":"https:\/\/www.aforafocus.cat\/es\/acto\/xii-ciclo-de-lecturas-dramatizadas-con-mhe-casat-amb-tu-per-alegria\/#primaryimage"},"image":{"@id":"https:\/\/www.aforafocus.cat\/es\/acto\/xii-ciclo-de-lecturas-dramatizadas-con-mhe-casat-amb-tu-per-alegria\/#primaryimage"},"thumbnailUrl":"https:\/\/www.aforafocus.cat\/wp-content\/uploads\/2024\/07\/Diseno-sin-titulo-3.png","datePublished":"2024-07-08T10:32:20+00:00","dateModified":"2024-07-08T10:38:35+00:00","breadcrumb":{"@id":"https:\/\/www.aforafocus.cat\/es\/acto\/xii-ciclo-de-lecturas-dramatizadas-con-mhe-casat-amb-tu-per-alegria\/#breadcrumb"},"inLanguage":"es","potentialAction":[{"@type":"ReadAction","target":["https:\/\/www.aforafocus.cat\/es\/acto\/xii-ciclo-de-lecturas-dramatizadas-con-mhe-casat-amb-tu-per-alegria\/"]}]},{"@type":"ImageObject","inLanguage":"es","@id":"https:\/\/www.aforafocus.cat\/es\/acto\/xii-ciclo-de-lecturas-dramatizadas-con-mhe-casat-amb-tu-per-alegria\/#primaryimage","url":"https:\/\/www.aforafocus.cat\/wp-content\/uploads\/2024\/07\/Diseno-sin-titulo-3.png","contentUrl":"https:\/\/www.aforafocus.cat\/wp-content\/uploads\/2024\/07\/Diseno-sin-titulo-3.png","width":940,"height":788},{"@type":"BreadcrumbList","@id":"https:\/\/www.aforafocus.cat\/es\/acto\/xii-ciclo-de-lecturas-dramatizadas-con-mhe-casat-amb-tu-per-alegria\/#breadcrumb","itemListElement":[{"@type":"ListItem","position":1,"name":"Inici","item":"https:\/\/www.aforafocus.cat\/es\/"},{"@type":"ListItem","position":2,"name":"Actos","item":"https:\/\/www.aforafocus.cat\/es\/acto\/"},{"@type":"ListItem","position":3,"name":"XII Ciclo de lecturas dramatizadas con M\u2019he casat amb tu per alegria"}]},{"@type":"WebSite","@id":"https:\/\/www.aforafocus.cat\/es\/#website","url":"https:\/\/www.aforafocus.cat\/es\/","name":"\u00c0fora Focus","description":"\u00c0fora \u00e9s l\u2019\u00e0gora del Grup Focus, un \u00e0mbit de reflexi\u00f3 i d\u2019activitats que t\u00e9 l\u2019\u00e0nim d\u2019incidir en la vida art\u00edstica, cultural i social.","publisher":{"@id":"https:\/\/www.aforafocus.cat\/es\/#organization"},"potentialAction":[{"@type":"SearchAction","target":{"@type":"EntryPoint","urlTemplate":"https:\/\/www.aforafocus.cat\/es\/?s={search_term_string}"},"query-input":{"@type":"PropertyValueSpecification","valueRequired":true,"valueName":"search_term_string"}}],"inLanguage":"es"},{"@type":"Organization","@id":"https:\/\/www.aforafocus.cat\/es\/#organization","name":"\u00c0fora Focus","url":"https:\/\/www.aforafocus.cat\/es\/","logo":{"@type":"ImageObject","inLanguage":"es","@id":"https:\/\/www.aforafocus.cat\/es\/#\/schema\/logo\/image\/","url":"https:\/\/www.aforafocus.cat\/wp-content\/uploads\/2021\/12\/logo-afora-focus.png","contentUrl":"https:\/\/www.aforafocus.cat\/wp-content\/uploads\/2021\/12\/logo-afora-focus.png","width":662,"height":662,"caption":"\u00c0fora Focus"},"image":{"@id":"https:\/\/www.aforafocus.cat\/es\/#\/schema\/logo\/image\/"},"sameAs":["https:\/\/x.com\/aforafocus","https:\/\/www.instagram.com\/aforafocus\/"]}]}},"_links":{"self":[{"href":"https:\/\/www.aforafocus.cat\/es\/wp-json\/wp\/v2\/acte\/257056","targetHints":{"allow":["GET"]}}],"collection":[{"href":"https:\/\/www.aforafocus.cat\/es\/wp-json\/wp\/v2\/acte"}],"about":[{"href":"https:\/\/www.aforafocus.cat\/es\/wp-json\/wp\/v2\/types\/acte"}],"wp:featuredmedia":[{"embeddable":true,"href":"https:\/\/www.aforafocus.cat\/es\/wp-json\/wp\/v2\/media\/257055"}],"wp:attachment":[{"href":"https:\/\/www.aforafocus.cat\/es\/wp-json\/wp\/v2\/media?parent=257056"}],"wp:term":[{"taxonomy":"branca","embeddable":true,"href":"https:\/\/www.aforafocus.cat\/es\/wp-json\/wp\/v2\/branca?post=257056"},{"taxonomy":"idioma","embeddable":true,"href":"https:\/\/www.aforafocus.cat\/es\/wp-json\/wp\/v2\/idioma?post=257056"}],"curies":[{"name":"wp","href":"https:\/\/api.w.org\/{rel}","templated":true}]}}

<p>Iniciamos el 12.º ciclo de lecturas dramatizadas con M’he casat amb tu per alegria escrita por Natalia Ginzburg y dirigida por la socia Maria Casellas.</p>

<p>El elenco de intérpretes está compuesto por la actriz Assun Planas, las socias Andrea Portella, Míriam Escurriola y Marc Pujol.</p>

<p>Sinopsis:</p>

<p>Hace una semana del casamiento del Pietro y la Giuliana, una pareja que hace poco más de un mes que se conocen. Él es un abogado de clase acomodada, cansado de una vida convencional donde reina la orden. Ella, una excéntrica chica de origen rural y humilde que, después de marchar de casa a los diecisiete años, se ha espabilado por sí sola en una ciudad que no le ha estado amable. El Pietro ha invitado a su madre a comida, que no ve con buenos ojos este casamiento precipitado. Toda una prueba de fuego para la joven que dista mucho de los valores tradicionales de la madre y que busca nuevas fórmulas para entender el amor y encontrar la felicidad.</p>

<p>M’he casat amb tu per alegria es la primera obra de teatro de Natalia Ginzburg, con unos personajes que tanto se cuestionan las bases de su existencia como hablan de las cosas más banales. Con diálogos vivos y delirantes, la pieza retrata una sociedad aferrada a sus tradiciones que entra en contradicción con las nuevas realidades sociales que van apareciendo. Una reflexión sobre los mecanismos de la felicidad; el amor y el enamoramiento; y el equilibrio entre esquivar el destino o someterse.</p>

<!-- This site is optimized with the Yoast SEO plugin v27.5 - https://yoast.com/product/yoast-seo-wordpress/ -->
<title>XII Ciclo de lecturas dramatizadas con M’he casat amb tu per alegria - Àfora Focus</title>
<meta name="robots" content="noindex, follow" />
<meta property="og:locale" content="es_ES" />
<meta property="og:type" content="article" />
<meta property="og:title" content="XII Ciclo de lecturas dramatizadas con M’he casat amb tu per alegria - Àfora Focus" />
<meta property="og:description" content="Iniciamos el 12.º ciclo de lecturas dramatizadas con M’he casat amb tu per alegria escrita por Natalia Ginzburg y dirigida por la socia Maria Casellas. El elenco de intérpretes está compuesto por la actriz Assun Planas, las socias Andrea Portella, Míriam Escurriola y Marc Pujol. Sinopsis: Hace una semana del casamiento del Pietro y la [&hellip;]" />
<meta property="og:url" content="https://www.aforafocus.cat/es/acto/xii-ciclo-de-lecturas-dramatizadas-con-mhe-casat-amb-tu-per-alegria/" />
<meta property="og:site_name" content="Àfora Focus" />
<meta property="article:modified_time" content="2024-07-08T10:38:35+00:00" />
<meta property="og:image" content="https://www.aforafocus.cat/wp-content/uploads/2024/07/Diseno-sin-titulo-3.png" />
	<meta property="og:image:width" content="940" />
	<meta property="og:image:height" content="788" />
	<meta property="og:image:type" content="image/png" />
<meta name="twitter:card" content="summary_large_image" />
<meta name="twitter:site" content="@aforafocus" />
<script type="application/ld+json" class="yoast-schema-graph">{"@context":"https:\/\/schema.org","@graph":[{"@type":"WebPage","@id":"https:\/\/www.aforafocus.cat\/es\/acto\/xii-ciclo-de-lecturas-dramatizadas-con-mhe-casat-amb-tu-per-alegria\/","url":"https:\/\/www.aforafocus.cat\/es\/acto\/xii-ciclo-de-lecturas-dramatizadas-con-mhe-casat-amb-tu-per-alegria\/","name":"XII Ciclo de lecturas dramatizadas con M’he casat amb tu per alegria - Àfora Focus","isPartOf":{"@id":"https:\/\/www.aforafocus.cat\/es\/#website"},"primaryImageOfPage":{"@id":"https:\/\/www.aforafocus.cat\/es\/acto\/xii-ciclo-de-lecturas-dramatizadas-con-mhe-casat-amb-tu-per-alegria\/#primaryimage"},"image":{"@id":"https:\/\/www.aforafocus.cat\/es\/acto\/xii-ciclo-de-lecturas-dramatizadas-con-mhe-casat-amb-tu-per-alegria\/#primaryimage"},"thumbnailUrl":"https:\/\/www.aforafocus.cat\/wp-content\/uploads\/2024\/07\/Diseno-sin-titulo-3.png","datePublished":"2024-07-08T10:32:20+00:00","dateModified":"2024-07-08T10:38:35+00:00","breadcrumb":{"@id":"https:\/\/www.aforafocus.cat\/es\/acto\/xii-ciclo-de-lecturas-dramatizadas-con-mhe-casat-amb-tu-per-alegria\/#breadcrumb"},"inLanguage":"es","potentialAction":[{"@type":"ReadAction","target":["https:\/\/www.aforafocus.cat\/es\/acto\/xii-ciclo-de-lecturas-dramatizadas-con-mhe-casat-amb-tu-per-alegria\/"]}]},{"@type":"ImageObject","inLanguage":"es","@id":"https:\/\/www.aforafocus.cat\/es\/acto\/xii-ciclo-de-lecturas-dramatizadas-con-mhe-casat-amb-tu-per-alegria\/#primaryimage","url":"https:\/\/www.aforafocus.cat\/wp-content\/uploads\/2024\/07\/Diseno-sin-titulo-3.png","contentUrl":"https:\/\/www.aforafocus.cat\/wp-content\/uploads\/2024\/07\/Diseno-sin-titulo-3.png","width":940,"height":788},{"@type":"BreadcrumbList","@id":"https:\/\/www.aforafocus.cat\/es\/acto\/xii-ciclo-de-lecturas-dramatizadas-con-mhe-casat-amb-tu-per-alegria\/#breadcrumb","itemListElement":[{"@type":"ListItem","position":1,"name":"Inici","item":"https:\/\/www.aforafocus.cat\/es\/"},{"@type":"ListItem","position":2,"name":"Actos","item":"https:\/\/www.aforafocus.cat\/es\/acto\/"},{"@type":"ListItem","position":3,"name":"XII Ciclo de lecturas dramatizadas con M’he casat amb tu per alegria"}]},{"@type":"WebSite","@id":"https:\/\/www.aforafocus.cat\/es\/#website","url":"https:\/\/www.aforafocus.cat\/es\/","name":"Àfora Focus","description":"Àfora és l’àgora del Grup Focus, un àmbit de reflexió i d’activitats que té l’ànim d’incidir en la vida artística, cultural i social.","publisher":{"@id":"https:\/\/www.aforafocus.cat\/es\/#organization"},"potentialAction":[{"@type":"SearchAction","target":{"@type":"EntryPoint","urlTemplate":"https:\/\/www.aforafocus.cat\/es\/?s={search_term_string}"},"query-input":{"@type":"PropertyValueSpecification","valueRequired":true,"valueName":"search_term_string"}}],"inLanguage":"es"},{"@type":"Organization","@id":"https:\/\/www.aforafocus.cat\/es\/#organization","name":"Àfora Focus","url":"https:\/\/www.aforafocus.cat\/es\/","logo":{"@type":"ImageObject","inLanguage":"es","@id":"https:\/\/www.aforafocus.cat\/es\/#\/schema\/logo\/image\/","url":"https:\/\/www.aforafocus.cat\/wp-content\/uploads\/2021\/12\/logo-afora-focus.png","contentUrl":"https:\/\/www.aforafocus.cat\/wp-content\/uploads\/2021\/12\/logo-afora-focus.png","width":662,"height":662,"caption":"Àfora Focus"},"image":{"@id":"https:\/\/www.aforafocus.cat\/es\/#\/schema\/logo\/image\/"},"sameAs":["https:\/\/x.com\/aforafocus","https:\/\/www.instagram.com\/aforafocus\/"]}]}</script>
<!-- / Yoast SEO plugin. -->

XII Ciclo de lecturas dramatizadas con M’he casat amb tu per alegria - Àfora Focus

Iniciamos el 12.º ciclo de lecturas dramatizadas con M’he casat amb tu per alegria escrita por Natalia Ginzburg y dirigida por la socia Maria Casellas. El elenco de intérpretes está compuesto por la actriz Assun Planas, las socias Andrea Portella, Míriam Escurriola y Marc Pujol. Sinopsis: Hace una semana del casamiento del Pietro y la [&hellip;]

Àfora Focus

Àfora és l’àgora del Grup Focus, un àmbit de reflexió i d’activitats que té l’ànim d’incidir en la vida artística, cultural i social.
