{"id":257255,"date":"2024-10-09T10:12:30","date_gmt":"2024-10-09T09:12:30","guid":{"rendered":"https:\/\/www.aforafocus.cat\/acte\/6o-cenaculo-con-maria-goiricelaya\/"},"modified":"2024-10-09T10:31:51","modified_gmt":"2024-10-09T09:31:51","slug":"6o-cenaculo-con-maria-goiricelaya","status":"publish","type":"acte","link":"https:\/\/www.aforafocus.cat\/es\/acto\/6o-cenaculo-con-maria-goiricelaya\/","title":{"rendered":"6\u00ba Cen\u00e1culo con Mar\u00eda Goiricelaya"},"content":{"rendered":"\n<p>\u00c0fora celebra el sexto cen\u00e1culo con Mar\u00eda Goiricelaya<\/p>\n\n<p>El 7 de octubre de 2024, tuvo lugar el sexto cen\u00e1culo de \u00c0fora Focus en el Restaurante Rac\u00f3 d&#8217;en Cesc, una de las actividades del programa Platea 618 que quiere conectar y favorecer la relaci\u00f3n entre los profesionales del sector de Barcelona y Madrid . En esta ocasi\u00f3n el invitado principal fue el autora y directora Mar\u00eda Goiricelaya quien, aprovechando su estancia en el Teatro Romea de Barcelona con Altsasu, comparti\u00f3 una larga conversaci\u00f3n \u2013moderada por Daniel Mart\u00ednez, presidente de Focus- con Marc Artigau, Dafnis Balduz, Tania Brenlle, Pau Carri\u00f3, Jordi Casanovas, Claudia Ced\u00f3, Daniela Freixas, Alicia Gorina, Daniel L\u00f3pez-Or\u00f3s, Carmen Marf\u00e1, Leticia Mart\u00edn, Pau Mir\u00f3, Josep Maria Pou, Laia Ricart, Marc Rosich y la direcci\u00f3n del Grup Focus.<\/p>\n","protected":false},"featured_media":257190,"template":"","branca":[79],"idioma":[41],"class_list":["post-257255","acte","type-acte","status-publish","has-post-thumbnail","hentry","branca-platea-618-es","idioma-catalan"],"yoast_head":"<!-- This site is optimized with the Yoast SEO plugin v27.5 - https:\/\/yoast.com\/product\/yoast-seo-wordpress\/ -->\n<title>6\u00ba Cen\u00e1culo con Mar\u00eda Goiricelaya - \u00c0fora Focus<\/title>\n<meta name=\"robots\" content=\"noindex, follow\" \/>\n<meta property=\"og:locale\" content=\"es_ES\" \/>\n<meta property=\"og:type\" content=\"article\" \/>\n<meta property=\"og:title\" content=\"6\u00ba Cen\u00e1culo con Mar\u00eda Goiricelaya - \u00c0fora Focus\" \/>\n<meta property=\"og:description\" content=\"\u00c0fora celebra el sexto cen\u00e1culo con Mar\u00eda Goiricelaya El 7 de octubre de 2024, tuvo lugar el sexto cen\u00e1culo de \u00c0fora Focus en el Restaurante Rac\u00f3 d&#8217;en Cesc, una de las actividades del programa Platea 618 que quiere conectar y favorecer la relaci\u00f3n entre los profesionales del sector de Barcelona y Madrid . En esta [&hellip;]\" \/>\n<meta property=\"og:url\" content=\"https:\/\/www.aforafocus.cat\/es\/acto\/6o-cenaculo-con-maria-goiricelaya\/\" \/>\n<meta property=\"og:site_name\" content=\"\u00c0fora Focus\" \/>\n<meta property=\"article:modified_time\" content=\"2024-10-09T09:31:51+00:00\" \/>\n<meta property=\"og:image\" content=\"https:\/\/www.aforafocus.cat\/wp-content\/uploads\/2024\/10\/Imagen-de-WhatsApp-2024-10-08-a-las-10.27.00_f7b5b265.jpg\" \/>\n\t<meta property=\"og:image:width\" content=\"2048\" \/>\n\t<meta property=\"og:image:height\" content=\"1536\" \/>\n\t<meta property=\"og:image:type\" content=\"image\/jpeg\" \/>\n<meta name=\"twitter:card\" content=\"summary_large_image\" \/>\n<meta name=\"twitter:site\" content=\"@aforafocus\" \/>\n<script type=\"application\/ld+json\" class=\"yoast-schema-graph\">{\"@context\":\"https:\\\/\\\/schema.org\",\"@graph\":[{\"@type\":\"WebPage\",\"@id\":\"https:\\\/\\\/www.aforafocus.cat\\\/es\\\/acto\\\/6o-cenaculo-con-maria-goiricelaya\\\/\",\"url\":\"https:\\\/\\\/www.aforafocus.cat\\\/es\\\/acto\\\/6o-cenaculo-con-maria-goiricelaya\\\/\",\"name\":\"6\u00ba Cen\u00e1culo con Mar\u00eda Goiricelaya - \u00c0fora Focus\",\"isPartOf\":{\"@id\":\"https:\\\/\\\/www.aforafocus.cat\\\/es\\\/#website\"},\"primaryImageOfPage\":{\"@id\":\"https:\\\/\\\/www.aforafocus.cat\\\/es\\\/acto\\\/6o-cenaculo-con-maria-goiricelaya\\\/#primaryimage\"},\"image\":{\"@id\":\"https:\\\/\\\/www.aforafocus.cat\\\/es\\\/acto\\\/6o-cenaculo-con-maria-goiricelaya\\\/#primaryimage\"},\"thumbnailUrl\":\"https:\\\/\\\/www.aforafocus.cat\\\/wp-content\\\/uploads\\\/2024\\\/10\\\/Imagen-de-WhatsApp-2024-10-08-a-las-10.27.00_f7b5b265.jpg\",\"datePublished\":\"2024-10-09T09:12:30+00:00\",\"dateModified\":\"2024-10-09T09:31:51+00:00\",\"breadcrumb\":{\"@id\":\"https:\\\/\\\/www.aforafocus.cat\\\/es\\\/acto\\\/6o-cenaculo-con-maria-goiricelaya\\\/#breadcrumb\"},\"inLanguage\":\"es\",\"potentialAction\":[{\"@type\":\"ReadAction\",\"target\":[\"https:\\\/\\\/www.aforafocus.cat\\\/es\\\/acto\\\/6o-cenaculo-con-maria-goiricelaya\\\/\"]}]},{\"@type\":\"ImageObject\",\"inLanguage\":\"es\",\"@id\":\"https:\\\/\\\/www.aforafocus.cat\\\/es\\\/acto\\\/6o-cenaculo-con-maria-goiricelaya\\\/#primaryimage\",\"url\":\"https:\\\/\\\/www.aforafocus.cat\\\/wp-content\\\/uploads\\\/2024\\\/10\\\/Imagen-de-WhatsApp-2024-10-08-a-las-10.27.00_f7b5b265.jpg\",\"contentUrl\":\"https:\\\/\\\/www.aforafocus.cat\\\/wp-content\\\/uploads\\\/2024\\\/10\\\/Imagen-de-WhatsApp-2024-10-08-a-las-10.27.00_f7b5b265.jpg\",\"width\":2048,\"height\":1536},{\"@type\":\"BreadcrumbList\",\"@id\":\"https:\\\/\\\/www.aforafocus.cat\\\/es\\\/acto\\\/6o-cenaculo-con-maria-goiricelaya\\\/#breadcrumb\",\"itemListElement\":[{\"@type\":\"ListItem\",\"position\":1,\"name\":\"Inici\",\"item\":\"https:\\\/\\\/www.aforafocus.cat\\\/es\\\/\"},{\"@type\":\"ListItem\",\"position\":2,\"name\":\"Actos\",\"item\":\"https:\\\/\\\/www.aforafocus.cat\\\/es\\\/acto\\\/\"},{\"@type\":\"ListItem\",\"position\":3,\"name\":\"6\u00ba Cen\u00e1culo con Mar\u00eda Goiricelaya\"}]},{\"@type\":\"WebSite\",\"@id\":\"https:\\\/\\\/www.aforafocus.cat\\\/es\\\/#website\",\"url\":\"https:\\\/\\\/www.aforafocus.cat\\\/es\\\/\",\"name\":\"\u00c0fora Focus\",\"description\":\"\u00c0fora \u00e9s l\u2019\u00e0gora del Grup Focus, un \u00e0mbit de reflexi\u00f3 i d\u2019activitats que t\u00e9 l\u2019\u00e0nim d\u2019incidir en la vida art\u00edstica, cultural i social.\",\"publisher\":{\"@id\":\"https:\\\/\\\/www.aforafocus.cat\\\/es\\\/#organization\"},\"potentialAction\":[{\"@type\":\"SearchAction\",\"target\":{\"@type\":\"EntryPoint\",\"urlTemplate\":\"https:\\\/\\\/www.aforafocus.cat\\\/es\\\/?s={search_term_string}\"},\"query-input\":{\"@type\":\"PropertyValueSpecification\",\"valueRequired\":true,\"valueName\":\"search_term_string\"}}],\"inLanguage\":\"es\"},{\"@type\":\"Organization\",\"@id\":\"https:\\\/\\\/www.aforafocus.cat\\\/es\\\/#organization\",\"name\":\"\u00c0fora Focus\",\"url\":\"https:\\\/\\\/www.aforafocus.cat\\\/es\\\/\",\"logo\":{\"@type\":\"ImageObject\",\"inLanguage\":\"es\",\"@id\":\"https:\\\/\\\/www.aforafocus.cat\\\/es\\\/#\\\/schema\\\/logo\\\/image\\\/\",\"url\":\"https:\\\/\\\/www.aforafocus.cat\\\/wp-content\\\/uploads\\\/2021\\\/12\\\/logo-afora-focus.png\",\"contentUrl\":\"https:\\\/\\\/www.aforafocus.cat\\\/wp-content\\\/uploads\\\/2021\\\/12\\\/logo-afora-focus.png\",\"width\":662,\"height\":662,\"caption\":\"\u00c0fora Focus\"},\"image\":{\"@id\":\"https:\\\/\\\/www.aforafocus.cat\\\/es\\\/#\\\/schema\\\/logo\\\/image\\\/\"},\"sameAs\":[\"https:\\\/\\\/x.com\\\/aforafocus\",\"https:\\\/\\\/www.instagram.com\\\/aforafocus\\\/\"]}]}<\/script>\n<!-- \/ Yoast SEO plugin. -->","yoast_head_json":{"title":"6\u00ba Cen\u00e1culo con Mar\u00eda Goiricelaya - \u00c0fora Focus","robots":{"index":"noindex","follow":"follow"},"og_locale":"es_ES","og_type":"article","og_title":"6\u00ba Cen\u00e1culo con Mar\u00eda Goiricelaya - \u00c0fora Focus","og_description":"\u00c0fora celebra el sexto cen\u00e1culo con Mar\u00eda Goiricelaya El 7 de octubre de 2024, tuvo lugar el sexto cen\u00e1culo de \u00c0fora Focus en el Restaurante Rac\u00f3 d&#8217;en Cesc, una de las actividades del programa Platea 618 que quiere conectar y favorecer la relaci\u00f3n entre los profesionales del sector de Barcelona y Madrid . En esta [&hellip;]","og_url":"https:\/\/www.aforafocus.cat\/es\/acto\/6o-cenaculo-con-maria-goiricelaya\/","og_site_name":"\u00c0fora Focus","article_modified_time":"2024-10-09T09:31:51+00:00","og_image":[{"width":2048,"height":1536,"url":"https:\/\/www.aforafocus.cat\/wp-content\/uploads\/2024\/10\/Imagen-de-WhatsApp-2024-10-08-a-las-10.27.00_f7b5b265.jpg","type":"image\/jpeg"}],"twitter_card":"summary_large_image","twitter_site":"@aforafocus","schema":{"@context":"https:\/\/schema.org","@graph":[{"@type":"WebPage","@id":"https:\/\/www.aforafocus.cat\/es\/acto\/6o-cenaculo-con-maria-goiricelaya\/","url":"https:\/\/www.aforafocus.cat\/es\/acto\/6o-cenaculo-con-maria-goiricelaya\/","name":"6\u00ba Cen\u00e1culo con Mar\u00eda Goiricelaya - \u00c0fora Focus","isPartOf":{"@id":"https:\/\/www.aforafocus.cat\/es\/#website"},"primaryImageOfPage":{"@id":"https:\/\/www.aforafocus.cat\/es\/acto\/6o-cenaculo-con-maria-goiricelaya\/#primaryimage"},"image":{"@id":"https:\/\/www.aforafocus.cat\/es\/acto\/6o-cenaculo-con-maria-goiricelaya\/#primaryimage"},"thumbnailUrl":"https:\/\/www.aforafocus.cat\/wp-content\/uploads\/2024\/10\/Imagen-de-WhatsApp-2024-10-08-a-las-10.27.00_f7b5b265.jpg","datePublished":"2024-10-09T09:12:30+00:00","dateModified":"2024-10-09T09:31:51+00:00","breadcrumb":{"@id":"https:\/\/www.aforafocus.cat\/es\/acto\/6o-cenaculo-con-maria-goiricelaya\/#breadcrumb"},"inLanguage":"es","potentialAction":[{"@type":"ReadAction","target":["https:\/\/www.aforafocus.cat\/es\/acto\/6o-cenaculo-con-maria-goiricelaya\/"]}]},{"@type":"ImageObject","inLanguage":"es","@id":"https:\/\/www.aforafocus.cat\/es\/acto\/6o-cenaculo-con-maria-goiricelaya\/#primaryimage","url":"https:\/\/www.aforafocus.cat\/wp-content\/uploads\/2024\/10\/Imagen-de-WhatsApp-2024-10-08-a-las-10.27.00_f7b5b265.jpg","contentUrl":"https:\/\/www.aforafocus.cat\/wp-content\/uploads\/2024\/10\/Imagen-de-WhatsApp-2024-10-08-a-las-10.27.00_f7b5b265.jpg","width":2048,"height":1536},{"@type":"BreadcrumbList","@id":"https:\/\/www.aforafocus.cat\/es\/acto\/6o-cenaculo-con-maria-goiricelaya\/#breadcrumb","itemListElement":[{"@type":"ListItem","position":1,"name":"Inici","item":"https:\/\/www.aforafocus.cat\/es\/"},{"@type":"ListItem","position":2,"name":"Actos","item":"https:\/\/www.aforafocus.cat\/es\/acto\/"},{"@type":"ListItem","position":3,"name":"6\u00ba Cen\u00e1culo con Mar\u00eda Goiricelaya"}]},{"@type":"WebSite","@id":"https:\/\/www.aforafocus.cat\/es\/#website","url":"https:\/\/www.aforafocus.cat\/es\/","name":"\u00c0fora Focus","description":"\u00c0fora \u00e9s l\u2019\u00e0gora del Grup Focus, un \u00e0mbit de reflexi\u00f3 i d\u2019activitats que t\u00e9 l\u2019\u00e0nim d\u2019incidir en la vida art\u00edstica, cultural i social.","publisher":{"@id":"https:\/\/www.aforafocus.cat\/es\/#organization"},"potentialAction":[{"@type":"SearchAction","target":{"@type":"EntryPoint","urlTemplate":"https:\/\/www.aforafocus.cat\/es\/?s={search_term_string}"},"query-input":{"@type":"PropertyValueSpecification","valueRequired":true,"valueName":"search_term_string"}}],"inLanguage":"es"},{"@type":"Organization","@id":"https:\/\/www.aforafocus.cat\/es\/#organization","name":"\u00c0fora Focus","url":"https:\/\/www.aforafocus.cat\/es\/","logo":{"@type":"ImageObject","inLanguage":"es","@id":"https:\/\/www.aforafocus.cat\/es\/#\/schema\/logo\/image\/","url":"https:\/\/www.aforafocus.cat\/wp-content\/uploads\/2021\/12\/logo-afora-focus.png","contentUrl":"https:\/\/www.aforafocus.cat\/wp-content\/uploads\/2021\/12\/logo-afora-focus.png","width":662,"height":662,"caption":"\u00c0fora Focus"},"image":{"@id":"https:\/\/www.aforafocus.cat\/es\/#\/schema\/logo\/image\/"},"sameAs":["https:\/\/x.com\/aforafocus","https:\/\/www.instagram.com\/aforafocus\/"]}]}},"_links":{"self":[{"href":"https:\/\/www.aforafocus.cat\/es\/wp-json\/wp\/v2\/acte\/257255","targetHints":{"allow":["GET"]}}],"collection":[{"href":"https:\/\/www.aforafocus.cat\/es\/wp-json\/wp\/v2\/acte"}],"about":[{"href":"https:\/\/www.aforafocus.cat\/es\/wp-json\/wp\/v2\/types\/acte"}],"wp:featuredmedia":[{"embeddable":true,"href":"https:\/\/www.aforafocus.cat\/es\/wp-json\/wp\/v2\/media\/257190"}],"wp:attachment":[{"href":"https:\/\/www.aforafocus.cat\/es\/wp-json\/wp\/v2\/media?parent=257255"}],"wp:term":[{"taxonomy":"branca","embeddable":true,"href":"https:\/\/www.aforafocus.cat\/es\/wp-json\/wp\/v2\/branca?post=257255"},{"taxonomy":"idioma","embeddable":true,"href":"https:\/\/www.aforafocus.cat\/es\/wp-json\/wp\/v2\/idioma?post=257255"}],"curies":[{"name":"wp","href":"https:\/\/api.w.org\/{rel}","templated":true}]}}

6º Cenáculo con María Goiricelaya

<p>Àfora celebra el sexto cenáculo con María Goiricelaya</p>

<p>El 7 de octubre de 2024, tuvo lugar el sexto cenáculo de Àfora Focus en el Restaurante Racó d&#8217;en Cesc, una de las actividades del programa Platea 618 que quiere conectar y favorecer la relación entre los profesionales del sector de Barcelona y Madrid . En esta ocasión el invitado principal fue el autora y directora María Goiricelaya quien, aprovechando su estancia en el Teatro Romea de Barcelona con Altsasu, compartió una larga conversación –moderada por Daniel Martínez, presidente de Focus- con Marc Artigau, Dafnis Balduz, Tania Brenlle, Pau Carrió, Jordi Casanovas, Claudia Cedó, Daniela Freixas, Alicia Gorina, Daniel López-Orós, Carmen Marfá, Leticia Martín, Pau Miró, Josep Maria Pou, Laia Ricart, Marc Rosich y la dirección del Grup Focus.</p>

<!-- This site is optimized with the Yoast SEO plugin v27.5 - https://yoast.com/product/yoast-seo-wordpress/ -->
<title>6º Cenáculo con María Goiricelaya - Àfora Focus</title>
<meta name="robots" content="noindex, follow" />
<meta property="og:locale" content="es_ES" />
<meta property="og:type" content="article" />
<meta property="og:title" content="6º Cenáculo con María Goiricelaya - Àfora Focus" />
<meta property="og:description" content="Àfora celebra el sexto cenáculo con María Goiricelaya El 7 de octubre de 2024, tuvo lugar el sexto cenáculo de Àfora Focus en el Restaurante Racó d&#8217;en Cesc, una de las actividades del programa Platea 618 que quiere conectar y favorecer la relación entre los profesionales del sector de Barcelona y Madrid . En esta [&hellip;]" />
<meta property="og:url" content="https://www.aforafocus.cat/es/acto/6o-cenaculo-con-maria-goiricelaya/" />
<meta property="og:site_name" content="Àfora Focus" />
<meta property="article:modified_time" content="2024-10-09T09:31:51+00:00" />
<meta property="og:image" content="https://www.aforafocus.cat/wp-content/uploads/2024/10/Imagen-de-WhatsApp-2024-10-08-a-las-10.27.00_f7b5b265.jpg" />
	<meta property="og:image:width" content="2048" />
	<meta property="og:image:height" content="1536" />
	<meta property="og:image:type" content="image/jpeg" />
<meta name="twitter:card" content="summary_large_image" />
<meta name="twitter:site" content="@aforafocus" />
<script type="application/ld+json" class="yoast-schema-graph">{"@context":"https:\/\/schema.org","@graph":[{"@type":"WebPage","@id":"https:\/\/www.aforafocus.cat\/es\/acto\/6o-cenaculo-con-maria-goiricelaya\/","url":"https:\/\/www.aforafocus.cat\/es\/acto\/6o-cenaculo-con-maria-goiricelaya\/","name":"6º Cenáculo con María Goiricelaya - Àfora Focus","isPartOf":{"@id":"https:\/\/www.aforafocus.cat\/es\/#website"},"primaryImageOfPage":{"@id":"https:\/\/www.aforafocus.cat\/es\/acto\/6o-cenaculo-con-maria-goiricelaya\/#primaryimage"},"image":{"@id":"https:\/\/www.aforafocus.cat\/es\/acto\/6o-cenaculo-con-maria-goiricelaya\/#primaryimage"},"thumbnailUrl":"https:\/\/www.aforafocus.cat\/wp-content\/uploads\/2024\/10\/Imagen-de-WhatsApp-2024-10-08-a-las-10.27.00_f7b5b265.jpg","datePublished":"2024-10-09T09:12:30+00:00","dateModified":"2024-10-09T09:31:51+00:00","breadcrumb":{"@id":"https:\/\/www.aforafocus.cat\/es\/acto\/6o-cenaculo-con-maria-goiricelaya\/#breadcrumb"},"inLanguage":"es","potentialAction":[{"@type":"ReadAction","target":["https:\/\/www.aforafocus.cat\/es\/acto\/6o-cenaculo-con-maria-goiricelaya\/"]}]},{"@type":"ImageObject","inLanguage":"es","@id":"https:\/\/www.aforafocus.cat\/es\/acto\/6o-cenaculo-con-maria-goiricelaya\/#primaryimage","url":"https:\/\/www.aforafocus.cat\/wp-content\/uploads\/2024\/10\/Imagen-de-WhatsApp-2024-10-08-a-las-10.27.00_f7b5b265.jpg","contentUrl":"https:\/\/www.aforafocus.cat\/wp-content\/uploads\/2024\/10\/Imagen-de-WhatsApp-2024-10-08-a-las-10.27.00_f7b5b265.jpg","width":2048,"height":1536},{"@type":"BreadcrumbList","@id":"https:\/\/www.aforafocus.cat\/es\/acto\/6o-cenaculo-con-maria-goiricelaya\/#breadcrumb","itemListElement":[{"@type":"ListItem","position":1,"name":"Inici","item":"https:\/\/www.aforafocus.cat\/es\/"},{"@type":"ListItem","position":2,"name":"Actos","item":"https:\/\/www.aforafocus.cat\/es\/acto\/"},{"@type":"ListItem","position":3,"name":"6º Cenáculo con María Goiricelaya"}]},{"@type":"WebSite","@id":"https:\/\/www.aforafocus.cat\/es\/#website","url":"https:\/\/www.aforafocus.cat\/es\/","name":"Àfora Focus","description":"Àfora és l’àgora del Grup Focus, un àmbit de reflexió i d’activitats que té l’ànim d’incidir en la vida artística, cultural i social.","publisher":{"@id":"https:\/\/www.aforafocus.cat\/es\/#organization"},"potentialAction":[{"@type":"SearchAction","target":{"@type":"EntryPoint","urlTemplate":"https:\/\/www.aforafocus.cat\/es\/?s={search_term_string}"},"query-input":{"@type":"PropertyValueSpecification","valueRequired":true,"valueName":"search_term_string"}}],"inLanguage":"es"},{"@type":"Organization","@id":"https:\/\/www.aforafocus.cat\/es\/#organization","name":"Àfora Focus","url":"https:\/\/www.aforafocus.cat\/es\/","logo":{"@type":"ImageObject","inLanguage":"es","@id":"https:\/\/www.aforafocus.cat\/es\/#\/schema\/logo\/image\/","url":"https:\/\/www.aforafocus.cat\/wp-content\/uploads\/2021\/12\/logo-afora-focus.png","contentUrl":"https:\/\/www.aforafocus.cat\/wp-content\/uploads\/2021\/12\/logo-afora-focus.png","width":662,"height":662,"caption":"Àfora Focus"},"image":{"@id":"https:\/\/www.aforafocus.cat\/es\/#\/schema\/logo\/image\/"},"sameAs":["https:\/\/x.com\/aforafocus","https:\/\/www.instagram.com\/aforafocus\/"]}]}</script>
<!-- / Yoast SEO plugin. -->

6º Cenáculo con María Goiricelaya - Àfora Focus

Àfora celebra el sexto cenáculo con María Goiricelaya El 7 de octubre de 2024, tuvo lugar el sexto cenáculo de Àfora Focus en el Restaurante Racó d&#8217;en Cesc, una de las actividades del programa Platea 618 que quiere conectar y favorecer la relación entre los profesionales del sector de Barcelona y Madrid . En esta [&hellip;]

Àfora Focus

Àfora és l’àgora del Grup Focus, un àmbit de reflexió i d’activitats que té l’ànim d’incidir en la vida artística, cultural i social.
