{"id":257257,"date":"2024-10-09T10:20:17","date_gmt":"2024-10-09T09:20:17","guid":{"rendered":"https:\/\/www.aforafocus.cat\/acte\/rostros\/"},"modified":"2024-10-09T10:34:14","modified_gmt":"2024-10-09T09:34:14","slug":"rostros","status":"publish","type":"acte","link":"https:\/\/www.aforafocus.cat\/es\/acto\/rostros\/","title":{"rendered":"Rostros"},"content":{"rendered":"\n<p>Boceto de la escena: dos pianistas se encuentran en el escenario del Romea afinando su piano. El sonido de las teclas favorece la representaci\u00f3n de la soledad. El pianista y la pianista van vestidos de negro como el piano, al igual que el fondo del escenario del teatro Romea. En el escenario, el espectador observar\u00e1 a un operador de c\u00e1mara que est\u00e1 parado junto a una silla y, al fondo, en un lateral, el pianista y la pianista. Despu\u00e9s de unos minutos escuchando y viendo a los pianistas afinando sus pianos, vemos salir a Pere Arquillu\u00e9 que, en silencio, se sienta en la silla. El operador de c\u00e1mara comienza a grabar la cara de Arquillu\u00e9, s\u00f3lo la cara, y las im\u00e1genes pueden verse en dos grandes monitores colocados en los laterales del escenario. Pedro Arquillu\u00e9 comienza a afinar el rostro, a mostrar los rostros. Minutos despu\u00e9s, el pianista comienza a interpretar una serie de piezas de Romeo y Julieta de Sergei Prokofiev y Pere Arquillu\u00e9, a trav\u00e9s de la cara y en silencio, nos transmite la historia de la pieza interpretada. El rostro se reflejan las notas musicales, con los movimientos de la boca, la sonrisa, la expresi\u00f3n de los ojos, la mano que se acaricia los labios. El campo de acci\u00f3n son las emociones capturadas en la cara de Pere Arquillu\u00e9 y la m\u00fasica es el detonante para que la cara act\u00fae. El rostro, entendido como un fabulador de historias, como narrador, pero tambi\u00e9n como espacio libre para dar rienda suelta a las emociones.&#13;\n&#13;\n<\/p>\n\n<p>Fotograf\u00eda del cartel: David Ruano<\/p>\n","protected":false},"featured_media":257199,"template":"","branca":[80],"idioma":[41],"class_list":["post-257257","acte","type-acte","status-publish","has-post-thumbnail","hentry","branca-fundacio-romea-es","idioma-catalan"],"yoast_head":"<!-- This site is optimized with the Yoast SEO plugin v27.5 - https:\/\/yoast.com\/product\/yoast-seo-wordpress\/ -->\n<title>Rostros - \u00c0fora Focus<\/title>\n<meta name=\"robots\" content=\"noindex, follow\" \/>\n<meta property=\"og:locale\" content=\"es_ES\" \/>\n<meta property=\"og:type\" content=\"article\" \/>\n<meta property=\"og:title\" content=\"Rostros - \u00c0fora Focus\" \/>\n<meta property=\"og:description\" content=\"Boceto de la escena: dos pianistas se encuentran en el escenario del Romea afinando su piano. El sonido de las teclas favorece la representaci\u00f3n de la soledad. El pianista y la pianista van vestidos de negro como el piano, al igual que el fondo del escenario del teatro Romea. En el escenario, el espectador observar\u00e1 [&hellip;]\" \/>\n<meta property=\"og:url\" content=\"https:\/\/www.aforafocus.cat\/es\/acto\/rostros\/\" \/>\n<meta property=\"og:site_name\" content=\"\u00c0fora Focus\" \/>\n<meta property=\"article:modified_time\" content=\"2024-10-09T09:34:14+00:00\" \/>\n<meta property=\"og:image\" content=\"https:\/\/www.aforafocus.cat\/wp-content\/uploads\/2024\/10\/Captura.jpg\" \/>\n\t<meta property=\"og:image:width\" content=\"600\" \/>\n\t<meta property=\"og:image:height\" content=\"374\" \/>\n\t<meta property=\"og:image:type\" content=\"image\/jpeg\" \/>\n<meta name=\"twitter:card\" content=\"summary_large_image\" \/>\n<meta name=\"twitter:site\" content=\"@aforafocus\" \/>\n<script type=\"application\/ld+json\" class=\"yoast-schema-graph\">{\"@context\":\"https:\\\/\\\/schema.org\",\"@graph\":[{\"@type\":\"WebPage\",\"@id\":\"https:\\\/\\\/www.aforafocus.cat\\\/es\\\/acto\\\/rostros\\\/\",\"url\":\"https:\\\/\\\/www.aforafocus.cat\\\/es\\\/acto\\\/rostros\\\/\",\"name\":\"Rostros - \u00c0fora Focus\",\"isPartOf\":{\"@id\":\"https:\\\/\\\/www.aforafocus.cat\\\/es\\\/#website\"},\"primaryImageOfPage\":{\"@id\":\"https:\\\/\\\/www.aforafocus.cat\\\/es\\\/acto\\\/rostros\\\/#primaryimage\"},\"image\":{\"@id\":\"https:\\\/\\\/www.aforafocus.cat\\\/es\\\/acto\\\/rostros\\\/#primaryimage\"},\"thumbnailUrl\":\"https:\\\/\\\/www.aforafocus.cat\\\/wp-content\\\/uploads\\\/2024\\\/10\\\/Captura.jpg\",\"datePublished\":\"2024-10-09T09:20:17+00:00\",\"dateModified\":\"2024-10-09T09:34:14+00:00\",\"breadcrumb\":{\"@id\":\"https:\\\/\\\/www.aforafocus.cat\\\/es\\\/acto\\\/rostros\\\/#breadcrumb\"},\"inLanguage\":\"es\",\"potentialAction\":[{\"@type\":\"ReadAction\",\"target\":[\"https:\\\/\\\/www.aforafocus.cat\\\/es\\\/acto\\\/rostros\\\/\"]}]},{\"@type\":\"ImageObject\",\"inLanguage\":\"es\",\"@id\":\"https:\\\/\\\/www.aforafocus.cat\\\/es\\\/acto\\\/rostros\\\/#primaryimage\",\"url\":\"https:\\\/\\\/www.aforafocus.cat\\\/wp-content\\\/uploads\\\/2024\\\/10\\\/Captura.jpg\",\"contentUrl\":\"https:\\\/\\\/www.aforafocus.cat\\\/wp-content\\\/uploads\\\/2024\\\/10\\\/Captura.jpg\",\"width\":600,\"height\":374},{\"@type\":\"BreadcrumbList\",\"@id\":\"https:\\\/\\\/www.aforafocus.cat\\\/es\\\/acto\\\/rostros\\\/#breadcrumb\",\"itemListElement\":[{\"@type\":\"ListItem\",\"position\":1,\"name\":\"Inici\",\"item\":\"https:\\\/\\\/www.aforafocus.cat\\\/es\\\/\"},{\"@type\":\"ListItem\",\"position\":2,\"name\":\"Actos\",\"item\":\"https:\\\/\\\/www.aforafocus.cat\\\/es\\\/acto\\\/\"},{\"@type\":\"ListItem\",\"position\":3,\"name\":\"Rostros\"}]},{\"@type\":\"WebSite\",\"@id\":\"https:\\\/\\\/www.aforafocus.cat\\\/es\\\/#website\",\"url\":\"https:\\\/\\\/www.aforafocus.cat\\\/es\\\/\",\"name\":\"\u00c0fora Focus\",\"description\":\"\u00c0fora \u00e9s l\u2019\u00e0gora del Grup Focus, un \u00e0mbit de reflexi\u00f3 i d\u2019activitats que t\u00e9 l\u2019\u00e0nim d\u2019incidir en la vida art\u00edstica, cultural i social.\",\"publisher\":{\"@id\":\"https:\\\/\\\/www.aforafocus.cat\\\/es\\\/#organization\"},\"potentialAction\":[{\"@type\":\"SearchAction\",\"target\":{\"@type\":\"EntryPoint\",\"urlTemplate\":\"https:\\\/\\\/www.aforafocus.cat\\\/es\\\/?s={search_term_string}\"},\"query-input\":{\"@type\":\"PropertyValueSpecification\",\"valueRequired\":true,\"valueName\":\"search_term_string\"}}],\"inLanguage\":\"es\"},{\"@type\":\"Organization\",\"@id\":\"https:\\\/\\\/www.aforafocus.cat\\\/es\\\/#organization\",\"name\":\"\u00c0fora Focus\",\"url\":\"https:\\\/\\\/www.aforafocus.cat\\\/es\\\/\",\"logo\":{\"@type\":\"ImageObject\",\"inLanguage\":\"es\",\"@id\":\"https:\\\/\\\/www.aforafocus.cat\\\/es\\\/#\\\/schema\\\/logo\\\/image\\\/\",\"url\":\"https:\\\/\\\/www.aforafocus.cat\\\/wp-content\\\/uploads\\\/2021\\\/12\\\/logo-afora-focus.png\",\"contentUrl\":\"https:\\\/\\\/www.aforafocus.cat\\\/wp-content\\\/uploads\\\/2021\\\/12\\\/logo-afora-focus.png\",\"width\":662,\"height\":662,\"caption\":\"\u00c0fora Focus\"},\"image\":{\"@id\":\"https:\\\/\\\/www.aforafocus.cat\\\/es\\\/#\\\/schema\\\/logo\\\/image\\\/\"},\"sameAs\":[\"https:\\\/\\\/x.com\\\/aforafocus\",\"https:\\\/\\\/www.instagram.com\\\/aforafocus\\\/\"]}]}<\/script>\n<!-- \/ Yoast SEO plugin. -->","yoast_head_json":{"title":"Rostros - \u00c0fora Focus","robots":{"index":"noindex","follow":"follow"},"og_locale":"es_ES","og_type":"article","og_title":"Rostros - \u00c0fora Focus","og_description":"Boceto de la escena: dos pianistas se encuentran en el escenario del Romea afinando su piano. El sonido de las teclas favorece la representaci\u00f3n de la soledad. El pianista y la pianista van vestidos de negro como el piano, al igual que el fondo del escenario del teatro Romea. En el escenario, el espectador observar\u00e1 [&hellip;]","og_url":"https:\/\/www.aforafocus.cat\/es\/acto\/rostros\/","og_site_name":"\u00c0fora Focus","article_modified_time":"2024-10-09T09:34:14+00:00","og_image":[{"width":600,"height":374,"url":"https:\/\/www.aforafocus.cat\/wp-content\/uploads\/2024\/10\/Captura.jpg","type":"image\/jpeg"}],"twitter_card":"summary_large_image","twitter_site":"@aforafocus","schema":{"@context":"https:\/\/schema.org","@graph":[{"@type":"WebPage","@id":"https:\/\/www.aforafocus.cat\/es\/acto\/rostros\/","url":"https:\/\/www.aforafocus.cat\/es\/acto\/rostros\/","name":"Rostros - \u00c0fora Focus","isPartOf":{"@id":"https:\/\/www.aforafocus.cat\/es\/#website"},"primaryImageOfPage":{"@id":"https:\/\/www.aforafocus.cat\/es\/acto\/rostros\/#primaryimage"},"image":{"@id":"https:\/\/www.aforafocus.cat\/es\/acto\/rostros\/#primaryimage"},"thumbnailUrl":"https:\/\/www.aforafocus.cat\/wp-content\/uploads\/2024\/10\/Captura.jpg","datePublished":"2024-10-09T09:20:17+00:00","dateModified":"2024-10-09T09:34:14+00:00","breadcrumb":{"@id":"https:\/\/www.aforafocus.cat\/es\/acto\/rostros\/#breadcrumb"},"inLanguage":"es","potentialAction":[{"@type":"ReadAction","target":["https:\/\/www.aforafocus.cat\/es\/acto\/rostros\/"]}]},{"@type":"ImageObject","inLanguage":"es","@id":"https:\/\/www.aforafocus.cat\/es\/acto\/rostros\/#primaryimage","url":"https:\/\/www.aforafocus.cat\/wp-content\/uploads\/2024\/10\/Captura.jpg","contentUrl":"https:\/\/www.aforafocus.cat\/wp-content\/uploads\/2024\/10\/Captura.jpg","width":600,"height":374},{"@type":"BreadcrumbList","@id":"https:\/\/www.aforafocus.cat\/es\/acto\/rostros\/#breadcrumb","itemListElement":[{"@type":"ListItem","position":1,"name":"Inici","item":"https:\/\/www.aforafocus.cat\/es\/"},{"@type":"ListItem","position":2,"name":"Actos","item":"https:\/\/www.aforafocus.cat\/es\/acto\/"},{"@type":"ListItem","position":3,"name":"Rostros"}]},{"@type":"WebSite","@id":"https:\/\/www.aforafocus.cat\/es\/#website","url":"https:\/\/www.aforafocus.cat\/es\/","name":"\u00c0fora Focus","description":"\u00c0fora \u00e9s l\u2019\u00e0gora del Grup Focus, un \u00e0mbit de reflexi\u00f3 i d\u2019activitats que t\u00e9 l\u2019\u00e0nim d\u2019incidir en la vida art\u00edstica, cultural i social.","publisher":{"@id":"https:\/\/www.aforafocus.cat\/es\/#organization"},"potentialAction":[{"@type":"SearchAction","target":{"@type":"EntryPoint","urlTemplate":"https:\/\/www.aforafocus.cat\/es\/?s={search_term_string}"},"query-input":{"@type":"PropertyValueSpecification","valueRequired":true,"valueName":"search_term_string"}}],"inLanguage":"es"},{"@type":"Organization","@id":"https:\/\/www.aforafocus.cat\/es\/#organization","name":"\u00c0fora Focus","url":"https:\/\/www.aforafocus.cat\/es\/","logo":{"@type":"ImageObject","inLanguage":"es","@id":"https:\/\/www.aforafocus.cat\/es\/#\/schema\/logo\/image\/","url":"https:\/\/www.aforafocus.cat\/wp-content\/uploads\/2021\/12\/logo-afora-focus.png","contentUrl":"https:\/\/www.aforafocus.cat\/wp-content\/uploads\/2021\/12\/logo-afora-focus.png","width":662,"height":662,"caption":"\u00c0fora Focus"},"image":{"@id":"https:\/\/www.aforafocus.cat\/es\/#\/schema\/logo\/image\/"},"sameAs":["https:\/\/x.com\/aforafocus","https:\/\/www.instagram.com\/aforafocus\/"]}]}},"_links":{"self":[{"href":"https:\/\/www.aforafocus.cat\/es\/wp-json\/wp\/v2\/acte\/257257","targetHints":{"allow":["GET"]}}],"collection":[{"href":"https:\/\/www.aforafocus.cat\/es\/wp-json\/wp\/v2\/acte"}],"about":[{"href":"https:\/\/www.aforafocus.cat\/es\/wp-json\/wp\/v2\/types\/acte"}],"wp:featuredmedia":[{"embeddable":true,"href":"https:\/\/www.aforafocus.cat\/es\/wp-json\/wp\/v2\/media\/257199"}],"wp:attachment":[{"href":"https:\/\/www.aforafocus.cat\/es\/wp-json\/wp\/v2\/media?parent=257257"}],"wp:term":[{"taxonomy":"branca","embeddable":true,"href":"https:\/\/www.aforafocus.cat\/es\/wp-json\/wp\/v2\/branca?post=257257"},{"taxonomy":"idioma","embeddable":true,"href":"https:\/\/www.aforafocus.cat\/es\/wp-json\/wp\/v2\/idioma?post=257257"}],"curies":[{"name":"wp","href":"https:\/\/api.w.org\/{rel}","templated":true}]}}

<p>Boceto de la escena: dos pianistas se encuentran en el escenario del Romea afinando su piano. El sonido de las teclas favorece la representación de la soledad. El pianista y la pianista van vestidos de negro como el piano, al igual que el fondo del escenario del teatro Romea. En el escenario, el espectador observará a un operador de cámara que está parado junto a una silla y, al fondo, en un lateral, el pianista y la pianista. Después de unos minutos escuchando y viendo a los pianistas afinando sus pianos, vemos salir a Pere Arquillué que, en silencio, se sienta en la silla. El operador de cámara comienza a grabar la cara de Arquillué, sólo la cara, y las imágenes pueden verse en dos grandes monitores colocados en los laterales del escenario. Pedro Arquillué comienza a afinar el rostro, a mostrar los rostros. Minutos después, el pianista comienza a interpretar una serie de piezas de Romeo y Julieta de Sergei Prokofiev y Pere Arquillué, a través de la cara y en silencio, nos transmite la historia de la pieza interpretada. El rostro se reflejan las notas musicales, con los movimientos de la boca, la sonrisa, la expresión de los ojos, la mano que se acaricia los labios. El campo de acción son las emociones capturadas en la cara de Pere Arquillué y la música es el detonante para que la cara actúe. El rostro, entendido como un fabulador de historias, como narrador, pero también como espacio libre para dar rienda suelta a las emociones.&#13;
&#13;
</p>

<p>Fotografía del cartel: David Ruano</p>

<!-- This site is optimized with the Yoast SEO plugin v27.5 - https://yoast.com/product/yoast-seo-wordpress/ -->
<title>Rostros - Àfora Focus</title>
<meta name="robots" content="noindex, follow" />
<meta property="og:locale" content="es_ES" />
<meta property="og:type" content="article" />
<meta property="og:title" content="Rostros - Àfora Focus" />
<meta property="og:description" content="Boceto de la escena: dos pianistas se encuentran en el escenario del Romea afinando su piano. El sonido de las teclas favorece la representación de la soledad. El pianista y la pianista van vestidos de negro como el piano, al igual que el fondo del escenario del teatro Romea. En el escenario, el espectador observará [&hellip;]" />
<meta property="og:url" content="https://www.aforafocus.cat/es/acto/rostros/" />
<meta property="og:site_name" content="Àfora Focus" />
<meta property="article:modified_time" content="2024-10-09T09:34:14+00:00" />
<meta property="og:image" content="https://www.aforafocus.cat/wp-content/uploads/2024/10/Captura.jpg" />
	<meta property="og:image:width" content="600" />
	<meta property="og:image:height" content="374" />
	<meta property="og:image:type" content="image/jpeg" />
<meta name="twitter:card" content="summary_large_image" />
<meta name="twitter:site" content="@aforafocus" />
<script type="application/ld+json" class="yoast-schema-graph">{"@context":"https:\/\/schema.org","@graph":[{"@type":"WebPage","@id":"https:\/\/www.aforafocus.cat\/es\/acto\/rostros\/","url":"https:\/\/www.aforafocus.cat\/es\/acto\/rostros\/","name":"Rostros - Àfora Focus","isPartOf":{"@id":"https:\/\/www.aforafocus.cat\/es\/#website"},"primaryImageOfPage":{"@id":"https:\/\/www.aforafocus.cat\/es\/acto\/rostros\/#primaryimage"},"image":{"@id":"https:\/\/www.aforafocus.cat\/es\/acto\/rostros\/#primaryimage"},"thumbnailUrl":"https:\/\/www.aforafocus.cat\/wp-content\/uploads\/2024\/10\/Captura.jpg","datePublished":"2024-10-09T09:20:17+00:00","dateModified":"2024-10-09T09:34:14+00:00","breadcrumb":{"@id":"https:\/\/www.aforafocus.cat\/es\/acto\/rostros\/#breadcrumb"},"inLanguage":"es","potentialAction":[{"@type":"ReadAction","target":["https:\/\/www.aforafocus.cat\/es\/acto\/rostros\/"]}]},{"@type":"ImageObject","inLanguage":"es","@id":"https:\/\/www.aforafocus.cat\/es\/acto\/rostros\/#primaryimage","url":"https:\/\/www.aforafocus.cat\/wp-content\/uploads\/2024\/10\/Captura.jpg","contentUrl":"https:\/\/www.aforafocus.cat\/wp-content\/uploads\/2024\/10\/Captura.jpg","width":600,"height":374},{"@type":"BreadcrumbList","@id":"https:\/\/www.aforafocus.cat\/es\/acto\/rostros\/#breadcrumb","itemListElement":[{"@type":"ListItem","position":1,"name":"Inici","item":"https:\/\/www.aforafocus.cat\/es\/"},{"@type":"ListItem","position":2,"name":"Actos","item":"https:\/\/www.aforafocus.cat\/es\/acto\/"},{"@type":"ListItem","position":3,"name":"Rostros"}]},{"@type":"WebSite","@id":"https:\/\/www.aforafocus.cat\/es\/#website","url":"https:\/\/www.aforafocus.cat\/es\/","name":"Àfora Focus","description":"Àfora és l’àgora del Grup Focus, un àmbit de reflexió i d’activitats que té l’ànim d’incidir en la vida artística, cultural i social.","publisher":{"@id":"https:\/\/www.aforafocus.cat\/es\/#organization"},"potentialAction":[{"@type":"SearchAction","target":{"@type":"EntryPoint","urlTemplate":"https:\/\/www.aforafocus.cat\/es\/?s={search_term_string}"},"query-input":{"@type":"PropertyValueSpecification","valueRequired":true,"valueName":"search_term_string"}}],"inLanguage":"es"},{"@type":"Organization","@id":"https:\/\/www.aforafocus.cat\/es\/#organization","name":"Àfora Focus","url":"https:\/\/www.aforafocus.cat\/es\/","logo":{"@type":"ImageObject","inLanguage":"es","@id":"https:\/\/www.aforafocus.cat\/es\/#\/schema\/logo\/image\/","url":"https:\/\/www.aforafocus.cat\/wp-content\/uploads\/2021\/12\/logo-afora-focus.png","contentUrl":"https:\/\/www.aforafocus.cat\/wp-content\/uploads\/2021\/12\/logo-afora-focus.png","width":662,"height":662,"caption":"Àfora Focus"},"image":{"@id":"https:\/\/www.aforafocus.cat\/es\/#\/schema\/logo\/image\/"},"sameAs":["https:\/\/x.com\/aforafocus","https:\/\/www.instagram.com\/aforafocus\/"]}]}</script>
<!-- / Yoast SEO plugin. -->

Rostros - Àfora Focus

Boceto de la escena: dos pianistas se encuentran en el escenario del Romea afinando su piano. El sonido de las teclas favorece la representación de la soledad. El pianista y la pianista van vestidos de negro como el piano, al igual que el fondo del escenario del teatro Romea. En el escenario, el espectador observará [&hellip;]

Àfora Focus

Àfora és l’àgora del Grup Focus, un àmbit de reflexió i d’activitats que té l’ànim d’incidir en la vida artística, cultural i social.
