{"id":2000,"date":"2022-01-24T09:32:32","date_gmt":"2022-01-24T08:32:32","guid":{"rendered":"https:\/\/www.aforafocus.cat\/comunicacio\/1er-encuentro-consejo-asesores-del-1er-congreso-internacional-de-teatro\/"},"modified":"2022-03-06T10:08:04","modified_gmt":"2022-03-06T09:08:04","slug":"1er-encuentro-consejo-asesores-del-1er-congreso-internacional-de-teatro","status":"publish","type":"comunicacio","link":"https:\/\/www.aforafocus.cat\/es\/comunicacion\/1er-encuentro-consejo-asesores-del-1er-congreso-internacional-de-teatro\/","title":{"rendered":"NdP &#8211; 1r Encuentro Consejo Asesor del I Congreso Internacional de Teatro"},"content":{"rendered":"\n<h2 class=\"wp-block-heading\" id=\"constituit-el-consell-assessor-del-i-congres-internacional-d-espectadors-de-teatre\"><strong>Constituido el Consejo Asesor del I Congreso Internacional de Espectadores de Teatro<\/strong><\/h2>\n","protected":false},"featured_media":190,"template":"","branca":[33],"idioma":[41],"class_list":["post-2000","comunicacio","type-comunicacio","status-publish","has-post-thumbnail","hentry","branca-espectadores","idioma-catalan"],"yoast_head":"<!-- This site is optimized with the Yoast SEO plugin v27.5 - https:\/\/yoast.com\/product\/yoast-seo-wordpress\/ -->\n<title>NdP - 1r Encuentro Consejo Asesor del I Congreso Internacional de Teatro - \u00c0fora Focus<\/title>\n<meta name=\"robots\" content=\"noindex, follow\" \/>\n<meta property=\"og:locale\" content=\"es_ES\" \/>\n<meta property=\"og:type\" content=\"article\" \/>\n<meta property=\"og:title\" content=\"NdP - 1r Encuentro Consejo Asesor del I Congreso Internacional de Teatro - \u00c0fora Focus\" \/>\n<meta property=\"og:description\" content=\"Constituido el Consejo Asesor del I Congreso Internacional de Espectadores de Teatro\" \/>\n<meta property=\"og:url\" content=\"https:\/\/www.aforafocus.cat\/es\/comunicacion\/1er-encuentro-consejo-asesores-del-1er-congreso-internacional-de-teatro\/\" \/>\n<meta property=\"og:site_name\" content=\"\u00c0fora Focus\" \/>\n<meta property=\"article:modified_time\" content=\"2022-03-06T09:08:04+00:00\" \/>\n<meta property=\"og:image\" content=\"https:\/\/www.aforafocus.cat\/wp-content\/uploads\/2022\/01\/ad3b3133-f827-695c-baaf-580476fda375.jpeg\" \/>\n\t<meta property=\"og:image:width\" content=\"1596\" \/>\n\t<meta property=\"og:image:height\" content=\"854\" \/>\n\t<meta property=\"og:image:type\" content=\"image\/jpeg\" \/>\n<meta name=\"twitter:card\" content=\"summary_large_image\" \/>\n<meta name=\"twitter:site\" content=\"@aforafocus\" \/>\n<script type=\"application\/ld+json\" class=\"yoast-schema-graph\">{\"@context\":\"https:\\\/\\\/schema.org\",\"@graph\":[{\"@type\":\"WebPage\",\"@id\":\"https:\\\/\\\/www.aforafocus.cat\\\/es\\\/comunicacion\\\/1er-encuentro-consejo-asesores-del-1er-congreso-internacional-de-teatro\\\/\",\"url\":\"https:\\\/\\\/www.aforafocus.cat\\\/es\\\/comunicacion\\\/1er-encuentro-consejo-asesores-del-1er-congreso-internacional-de-teatro\\\/\",\"name\":\"NdP - 1r Encuentro Consejo Asesor del I Congreso Internacional de Teatro - \u00c0fora Focus\",\"isPartOf\":{\"@id\":\"https:\\\/\\\/www.aforafocus.cat\\\/es\\\/#website\"},\"primaryImageOfPage\":{\"@id\":\"https:\\\/\\\/www.aforafocus.cat\\\/es\\\/comunicacion\\\/1er-encuentro-consejo-asesores-del-1er-congreso-internacional-de-teatro\\\/#primaryimage\"},\"image\":{\"@id\":\"https:\\\/\\\/www.aforafocus.cat\\\/es\\\/comunicacion\\\/1er-encuentro-consejo-asesores-del-1er-congreso-internacional-de-teatro\\\/#primaryimage\"},\"thumbnailUrl\":\"https:\\\/\\\/www.aforafocus.cat\\\/wp-content\\\/uploads\\\/2022\\\/01\\\/ad3b3133-f827-695c-baaf-580476fda375.jpeg\",\"datePublished\":\"2022-01-24T08:32:32+00:00\",\"dateModified\":\"2022-03-06T09:08:04+00:00\",\"breadcrumb\":{\"@id\":\"https:\\\/\\\/www.aforafocus.cat\\\/es\\\/comunicacion\\\/1er-encuentro-consejo-asesores-del-1er-congreso-internacional-de-teatro\\\/#breadcrumb\"},\"inLanguage\":\"es\",\"potentialAction\":[{\"@type\":\"ReadAction\",\"target\":[\"https:\\\/\\\/www.aforafocus.cat\\\/es\\\/comunicacion\\\/1er-encuentro-consejo-asesores-del-1er-congreso-internacional-de-teatro\\\/\"]}]},{\"@type\":\"ImageObject\",\"inLanguage\":\"es\",\"@id\":\"https:\\\/\\\/www.aforafocus.cat\\\/es\\\/comunicacion\\\/1er-encuentro-consejo-asesores-del-1er-congreso-internacional-de-teatro\\\/#primaryimage\",\"url\":\"https:\\\/\\\/www.aforafocus.cat\\\/wp-content\\\/uploads\\\/2022\\\/01\\\/ad3b3133-f827-695c-baaf-580476fda375.jpeg\",\"contentUrl\":\"https:\\\/\\\/www.aforafocus.cat\\\/wp-content\\\/uploads\\\/2022\\\/01\\\/ad3b3133-f827-695c-baaf-580476fda375.jpeg\",\"width\":1596,\"height\":854},{\"@type\":\"BreadcrumbList\",\"@id\":\"https:\\\/\\\/www.aforafocus.cat\\\/es\\\/comunicacion\\\/1er-encuentro-consejo-asesores-del-1er-congreso-internacional-de-teatro\\\/#breadcrumb\",\"itemListElement\":[{\"@type\":\"ListItem\",\"position\":1,\"name\":\"Inici\",\"item\":\"https:\\\/\\\/www.aforafocus.cat\\\/es\\\/\"},{\"@type\":\"ListItem\",\"position\":2,\"name\":\"Comunicaciones\",\"item\":\"https:\\\/\\\/www.aforafocus.cat\\\/es\\\/comunicacion\\\/\"},{\"@type\":\"ListItem\",\"position\":3,\"name\":\"NdP &#8211; 1r Encuentro Consejo Asesor del I Congreso Internacional de Teatro\"}]},{\"@type\":\"WebSite\",\"@id\":\"https:\\\/\\\/www.aforafocus.cat\\\/es\\\/#website\",\"url\":\"https:\\\/\\\/www.aforafocus.cat\\\/es\\\/\",\"name\":\"\u00c0fora Focus\",\"description\":\"\u00c0fora \u00e9s l\u2019\u00e0gora del Grup Focus, un \u00e0mbit de reflexi\u00f3 i d\u2019activitats que t\u00e9 l\u2019\u00e0nim d\u2019incidir en la vida art\u00edstica, cultural i social.\",\"publisher\":{\"@id\":\"https:\\\/\\\/www.aforafocus.cat\\\/es\\\/#organization\"},\"potentialAction\":[{\"@type\":\"SearchAction\",\"target\":{\"@type\":\"EntryPoint\",\"urlTemplate\":\"https:\\\/\\\/www.aforafocus.cat\\\/es\\\/?s={search_term_string}\"},\"query-input\":{\"@type\":\"PropertyValueSpecification\",\"valueRequired\":true,\"valueName\":\"search_term_string\"}}],\"inLanguage\":\"es\"},{\"@type\":\"Organization\",\"@id\":\"https:\\\/\\\/www.aforafocus.cat\\\/es\\\/#organization\",\"name\":\"\u00c0fora Focus\",\"url\":\"https:\\\/\\\/www.aforafocus.cat\\\/es\\\/\",\"logo\":{\"@type\":\"ImageObject\",\"inLanguage\":\"es\",\"@id\":\"https:\\\/\\\/www.aforafocus.cat\\\/es\\\/#\\\/schema\\\/logo\\\/image\\\/\",\"url\":\"https:\\\/\\\/www.aforafocus.cat\\\/wp-content\\\/uploads\\\/2021\\\/12\\\/logo-afora-focus.png\",\"contentUrl\":\"https:\\\/\\\/www.aforafocus.cat\\\/wp-content\\\/uploads\\\/2021\\\/12\\\/logo-afora-focus.png\",\"width\":662,\"height\":662,\"caption\":\"\u00c0fora Focus\"},\"image\":{\"@id\":\"https:\\\/\\\/www.aforafocus.cat\\\/es\\\/#\\\/schema\\\/logo\\\/image\\\/\"},\"sameAs\":[\"https:\\\/\\\/x.com\\\/aforafocus\",\"https:\\\/\\\/www.instagram.com\\\/aforafocus\\\/\"]}]}<\/script>\n<!-- \/ Yoast SEO plugin. -->","yoast_head_json":{"title":"NdP - 1r Encuentro Consejo Asesor del I Congreso Internacional de Teatro - \u00c0fora Focus","robots":{"index":"noindex","follow":"follow"},"og_locale":"es_ES","og_type":"article","og_title":"NdP - 1r Encuentro Consejo Asesor del I Congreso Internacional de Teatro - \u00c0fora Focus","og_description":"Constituido el Consejo Asesor del I Congreso Internacional de Espectadores de Teatro","og_url":"https:\/\/www.aforafocus.cat\/es\/comunicacion\/1er-encuentro-consejo-asesores-del-1er-congreso-internacional-de-teatro\/","og_site_name":"\u00c0fora Focus","article_modified_time":"2022-03-06T09:08:04+00:00","og_image":[{"width":1596,"height":854,"url":"https:\/\/www.aforafocus.cat\/wp-content\/uploads\/2022\/01\/ad3b3133-f827-695c-baaf-580476fda375.jpeg","type":"image\/jpeg"}],"twitter_card":"summary_large_image","twitter_site":"@aforafocus","schema":{"@context":"https:\/\/schema.org","@graph":[{"@type":"WebPage","@id":"https:\/\/www.aforafocus.cat\/es\/comunicacion\/1er-encuentro-consejo-asesores-del-1er-congreso-internacional-de-teatro\/","url":"https:\/\/www.aforafocus.cat\/es\/comunicacion\/1er-encuentro-consejo-asesores-del-1er-congreso-internacional-de-teatro\/","name":"NdP - 1r Encuentro Consejo Asesor del I Congreso Internacional de Teatro - \u00c0fora Focus","isPartOf":{"@id":"https:\/\/www.aforafocus.cat\/es\/#website"},"primaryImageOfPage":{"@id":"https:\/\/www.aforafocus.cat\/es\/comunicacion\/1er-encuentro-consejo-asesores-del-1er-congreso-internacional-de-teatro\/#primaryimage"},"image":{"@id":"https:\/\/www.aforafocus.cat\/es\/comunicacion\/1er-encuentro-consejo-asesores-del-1er-congreso-internacional-de-teatro\/#primaryimage"},"thumbnailUrl":"https:\/\/www.aforafocus.cat\/wp-content\/uploads\/2022\/01\/ad3b3133-f827-695c-baaf-580476fda375.jpeg","datePublished":"2022-01-24T08:32:32+00:00","dateModified":"2022-03-06T09:08:04+00:00","breadcrumb":{"@id":"https:\/\/www.aforafocus.cat\/es\/comunicacion\/1er-encuentro-consejo-asesores-del-1er-congreso-internacional-de-teatro\/#breadcrumb"},"inLanguage":"es","potentialAction":[{"@type":"ReadAction","target":["https:\/\/www.aforafocus.cat\/es\/comunicacion\/1er-encuentro-consejo-asesores-del-1er-congreso-internacional-de-teatro\/"]}]},{"@type":"ImageObject","inLanguage":"es","@id":"https:\/\/www.aforafocus.cat\/es\/comunicacion\/1er-encuentro-consejo-asesores-del-1er-congreso-internacional-de-teatro\/#primaryimage","url":"https:\/\/www.aforafocus.cat\/wp-content\/uploads\/2022\/01\/ad3b3133-f827-695c-baaf-580476fda375.jpeg","contentUrl":"https:\/\/www.aforafocus.cat\/wp-content\/uploads\/2022\/01\/ad3b3133-f827-695c-baaf-580476fda375.jpeg","width":1596,"height":854},{"@type":"BreadcrumbList","@id":"https:\/\/www.aforafocus.cat\/es\/comunicacion\/1er-encuentro-consejo-asesores-del-1er-congreso-internacional-de-teatro\/#breadcrumb","itemListElement":[{"@type":"ListItem","position":1,"name":"Inici","item":"https:\/\/www.aforafocus.cat\/es\/"},{"@type":"ListItem","position":2,"name":"Comunicaciones","item":"https:\/\/www.aforafocus.cat\/es\/comunicacion\/"},{"@type":"ListItem","position":3,"name":"NdP &#8211; 1r Encuentro Consejo Asesor del I Congreso Internacional de Teatro"}]},{"@type":"WebSite","@id":"https:\/\/www.aforafocus.cat\/es\/#website","url":"https:\/\/www.aforafocus.cat\/es\/","name":"\u00c0fora Focus","description":"\u00c0fora \u00e9s l\u2019\u00e0gora del Grup Focus, un \u00e0mbit de reflexi\u00f3 i d\u2019activitats que t\u00e9 l\u2019\u00e0nim d\u2019incidir en la vida art\u00edstica, cultural i social.","publisher":{"@id":"https:\/\/www.aforafocus.cat\/es\/#organization"},"potentialAction":[{"@type":"SearchAction","target":{"@type":"EntryPoint","urlTemplate":"https:\/\/www.aforafocus.cat\/es\/?s={search_term_string}"},"query-input":{"@type":"PropertyValueSpecification","valueRequired":true,"valueName":"search_term_string"}}],"inLanguage":"es"},{"@type":"Organization","@id":"https:\/\/www.aforafocus.cat\/es\/#organization","name":"\u00c0fora Focus","url":"https:\/\/www.aforafocus.cat\/es\/","logo":{"@type":"ImageObject","inLanguage":"es","@id":"https:\/\/www.aforafocus.cat\/es\/#\/schema\/logo\/image\/","url":"https:\/\/www.aforafocus.cat\/wp-content\/uploads\/2021\/12\/logo-afora-focus.png","contentUrl":"https:\/\/www.aforafocus.cat\/wp-content\/uploads\/2021\/12\/logo-afora-focus.png","width":662,"height":662,"caption":"\u00c0fora Focus"},"image":{"@id":"https:\/\/www.aforafocus.cat\/es\/#\/schema\/logo\/image\/"},"sameAs":["https:\/\/x.com\/aforafocus","https:\/\/www.instagram.com\/aforafocus\/"]}]}},"_links":{"self":[{"href":"https:\/\/www.aforafocus.cat\/es\/wp-json\/wp\/v2\/comunicacio\/2000","targetHints":{"allow":["GET"]}}],"collection":[{"href":"https:\/\/www.aforafocus.cat\/es\/wp-json\/wp\/v2\/comunicacio"}],"about":[{"href":"https:\/\/www.aforafocus.cat\/es\/wp-json\/wp\/v2\/types\/comunicacio"}],"wp:featuredmedia":[{"embeddable":true,"href":"https:\/\/www.aforafocus.cat\/es\/wp-json\/wp\/v2\/media\/190"}],"wp:attachment":[{"href":"https:\/\/www.aforafocus.cat\/es\/wp-json\/wp\/v2\/media?parent=2000"}],"wp:term":[{"taxonomy":"branca","embeddable":true,"href":"https:\/\/www.aforafocus.cat\/es\/wp-json\/wp\/v2\/branca?post=2000"},{"taxonomy":"idioma","embeddable":true,"href":"https:\/\/www.aforafocus.cat\/es\/wp-json\/wp\/v2\/idioma?post=2000"}],"curies":[{"name":"wp","href":"https:\/\/api.w.org\/{rel}","templated":true}]}}

<!-- This site is optimized with the Yoast SEO plugin v27.5 - https://yoast.com/product/yoast-seo-wordpress/ -->
<title>NdP - 1r Encuentro Consejo Asesor del I Congreso Internacional de Teatro - Àfora Focus</title>
<meta name="robots" content="noindex, follow" />
<meta property="og:locale" content="es_ES" />
<meta property="og:type" content="article" />
<meta property="og:title" content="NdP - 1r Encuentro Consejo Asesor del I Congreso Internacional de Teatro - Àfora Focus" />
<meta property="og:description" content="Constituido el Consejo Asesor del I Congreso Internacional de Espectadores de Teatro" />
<meta property="og:url" content="https://www.aforafocus.cat/es/comunicacion/1er-encuentro-consejo-asesores-del-1er-congreso-internacional-de-teatro/" />
<meta property="og:site_name" content="Àfora Focus" />
<meta property="article:modified_time" content="2022-03-06T09:08:04+00:00" />
<meta property="og:image" content="https://www.aforafocus.cat/wp-content/uploads/2022/01/ad3b3133-f827-695c-baaf-580476fda375.jpeg" />
	<meta property="og:image:width" content="1596" />
	<meta property="og:image:height" content="854" />
	<meta property="og:image:type" content="image/jpeg" />
<meta name="twitter:card" content="summary_large_image" />
<meta name="twitter:site" content="@aforafocus" />
<script type="application/ld+json" class="yoast-schema-graph">{"@context":"https:\/\/schema.org","@graph":[{"@type":"WebPage","@id":"https:\/\/www.aforafocus.cat\/es\/comunicacion\/1er-encuentro-consejo-asesores-del-1er-congreso-internacional-de-teatro\/","url":"https:\/\/www.aforafocus.cat\/es\/comunicacion\/1er-encuentro-consejo-asesores-del-1er-congreso-internacional-de-teatro\/","name":"NdP - 1r Encuentro Consejo Asesor del I Congreso Internacional de Teatro - Àfora Focus","isPartOf":{"@id":"https:\/\/www.aforafocus.cat\/es\/#website"},"primaryImageOfPage":{"@id":"https:\/\/www.aforafocus.cat\/es\/comunicacion\/1er-encuentro-consejo-asesores-del-1er-congreso-internacional-de-teatro\/#primaryimage"},"image":{"@id":"https:\/\/www.aforafocus.cat\/es\/comunicacion\/1er-encuentro-consejo-asesores-del-1er-congreso-internacional-de-teatro\/#primaryimage"},"thumbnailUrl":"https:\/\/www.aforafocus.cat\/wp-content\/uploads\/2022\/01\/ad3b3133-f827-695c-baaf-580476fda375.jpeg","datePublished":"2022-01-24T08:32:32+00:00","dateModified":"2022-03-06T09:08:04+00:00","breadcrumb":{"@id":"https:\/\/www.aforafocus.cat\/es\/comunicacion\/1er-encuentro-consejo-asesores-del-1er-congreso-internacional-de-teatro\/#breadcrumb"},"inLanguage":"es","potentialAction":[{"@type":"ReadAction","target":["https:\/\/www.aforafocus.cat\/es\/comunicacion\/1er-encuentro-consejo-asesores-del-1er-congreso-internacional-de-teatro\/"]}]},{"@type":"ImageObject","inLanguage":"es","@id":"https:\/\/www.aforafocus.cat\/es\/comunicacion\/1er-encuentro-consejo-asesores-del-1er-congreso-internacional-de-teatro\/#primaryimage","url":"https:\/\/www.aforafocus.cat\/wp-content\/uploads\/2022\/01\/ad3b3133-f827-695c-baaf-580476fda375.jpeg","contentUrl":"https:\/\/www.aforafocus.cat\/wp-content\/uploads\/2022\/01\/ad3b3133-f827-695c-baaf-580476fda375.jpeg","width":1596,"height":854},{"@type":"BreadcrumbList","@id":"https:\/\/www.aforafocus.cat\/es\/comunicacion\/1er-encuentro-consejo-asesores-del-1er-congreso-internacional-de-teatro\/#breadcrumb","itemListElement":[{"@type":"ListItem","position":1,"name":"Inici","item":"https:\/\/www.aforafocus.cat\/es\/"},{"@type":"ListItem","position":2,"name":"Comunicaciones","item":"https:\/\/www.aforafocus.cat\/es\/comunicacion\/"},{"@type":"ListItem","position":3,"name":"NdP &#8211; 1r Encuentro Consejo Asesor del I Congreso Internacional de Teatro"}]},{"@type":"WebSite","@id":"https:\/\/www.aforafocus.cat\/es\/#website","url":"https:\/\/www.aforafocus.cat\/es\/","name":"Àfora Focus","description":"Àfora és l’àgora del Grup Focus, un àmbit de reflexió i d’activitats que té l’ànim d’incidir en la vida artística, cultural i social.","publisher":{"@id":"https:\/\/www.aforafocus.cat\/es\/#organization"},"potentialAction":[{"@type":"SearchAction","target":{"@type":"EntryPoint","urlTemplate":"https:\/\/www.aforafocus.cat\/es\/?s={search_term_string}"},"query-input":{"@type":"PropertyValueSpecification","valueRequired":true,"valueName":"search_term_string"}}],"inLanguage":"es"},{"@type":"Organization","@id":"https:\/\/www.aforafocus.cat\/es\/#organization","name":"Àfora Focus","url":"https:\/\/www.aforafocus.cat\/es\/","logo":{"@type":"ImageObject","inLanguage":"es","@id":"https:\/\/www.aforafocus.cat\/es\/#\/schema\/logo\/image\/","url":"https:\/\/www.aforafocus.cat\/wp-content\/uploads\/2021\/12\/logo-afora-focus.png","contentUrl":"https:\/\/www.aforafocus.cat\/wp-content\/uploads\/2021\/12\/logo-afora-focus.png","width":662,"height":662,"caption":"Àfora Focus"},"image":{"@id":"https:\/\/www.aforafocus.cat\/es\/#\/schema\/logo\/image\/"},"sameAs":["https:\/\/x.com\/aforafocus","https:\/\/www.instagram.com\/aforafocus\/"]}]}</script>
<!-- / Yoast SEO plugin. -->

NdP - 1r Encuentro Consejo Asesor del I Congreso Internacional de Teatro - Àfora Focus

Àfora Focus

Àfora és l’àgora del Grup Focus, un àmbit de reflexió i d’activitats que té l’ànim d’incidir en la vida artística, cultural i social.
